{"id":91197,"date":"2023-08-30T05:20:08","date_gmt":"2023-08-30T05:20:08","guid":{"rendered":"https:\/\/bobimarket.pl\/index.php\/produkt\/krzeslo-turystyczne-wedkarskie-skladane-lezak\/"},"modified":"2025-02-27T15:41:29","modified_gmt":"2025-02-27T15:41:29","slug":"krzeslo-turystyczne-wedkarskie-skladane-lezak","status":"publish","type":"product","link":"https:\/\/bobimarket.pl\/index.php\/produkt\/krzeslo-turystyczne-wedkarskie-skladane-lezak\/","title":{"rendered":"KRZES\u0141O TURYSTYCZNE W\u0118DKARSKIE SK\u0141ADANE LE\u017bAK"},"content":{"rendered":"<section class=\"section\">\n<div class=\"item item-6\">\n<section class=\"image-item\">\n            <img decoding=\"async\" src=\"https:\/\/upload.cdn.baselinker.com\/products\/14476\/dd77e9933c35e9923c9cd41df94cfd16.jpg\" \/><br \/>\n        <\/section>\n<\/p><\/div>\n<div class=\"item item-6\">\n<section class=\"text-item\">\n<h2>KRZES\u0141O TURYSTYCZNE W\u0118DKARSKIE SK\u0141ADANE LE\u017bAK<\/h2>\n<p><b>Informacje og\u00f3lne:<\/b><\/p>\n<ul>\n<li>Wymiary po roz\u0142o\u017ceniu:\u00a0 80 cm x 45 cm<\/li>\n<li>Wymiary po spakowaniu do pokrowca: 83 cm\u00a0 x 15 cm<\/li>\n<li>Wymiary podstawy: 45 cm\u00a0 x 45 cm<\/li>\n<li>Maksymalna waga u\u017cytkownika: do 120 kg<\/li>\n<li>Konstrukcja: stal<\/li>\n<\/ul>\n<\/section><\/div>\n<\/section>\n<section class=\"section\">\n<div class=\"item item-6\">\n<section class=\"image-item\">\n            <img decoding=\"async\" src=\"https:\/\/upload.cdn.baselinker.com\/products\/14476\/dd77e9933c35e9923c9cd41df94cfd16.jpg\" \/><br \/>\n        <\/section>\n<\/p><\/div>\n<div class=\"item item-6\">\n<section class=\"text-item\">\n<h2>Funkcjonalne sk\u0142adane krzes\u0142o turystyczne!<\/h2>\n<p>Klasyczne wyjazdowy niezb\u0119dnik czyli turystyczne krzes\u0142o sk\u0142adane. Krzese\u0142ko sprawdzi si\u0119 w ogrodzie podczas ciep\u0142ych letnich dni. Przyda si\u0119 na kempingu czy innych wycieczkach poza miasto. Idealnie sprawdzi si\u0119 r\u00f3wnie\u017c na rybach &#8211; pokocha go ka\u017cdy w\u0119dkarz.<\/p>\n<\/section><\/div>\n<\/section>\n<section class=\"section\">\n<div class=\"item item-6\">\n<section class=\"image-item\">\n            <img decoding=\"async\" src=\"https:\/\/upload.cdn.baselinker.com\/products\/14476\/dd77e9933c35e9923c9cd41df94cfd16.jpg\" \/><br \/>\n        <\/section>\n<\/p><\/div>\n<div class=\"item item-6\">\n<section class=\"text-item\">\n<p><b>\u2705 Krzese\u0142ko jest sk\u0142adane<\/b> &#8211; transport nie sprawi, wi\u0119c problemu. Krzese\u0142ko wyposa\u017cono w wygodny pokrowiec. Pokrowiec posiada uchwyt do przenoszenia, kt\u00f3ry zamienia fotel w kompaktowy baga\u017c. Wymiary po spakowaniu do pokrowca wynosz\u0105 83 cm\u00a0 x 15 cm.<\/p>\n<p><b>\u2705 Specjalna kieszonka na napoje<\/b> &#8211; w prawym pod\u0142okietniku znajduj\u0119 si\u0119 otw\u00f3r z siateczk\u0105. Mo\u017cna go przeznaczy\u0107 do przechowywania napoi w puszcze lub telefonu kom\u00f3rkowego.<\/p>\n<p><b>\u2705<\/b> <b>Wygodny w u\u017cytkowaniu <\/b>&#8211; stabilna konstrukcja sprawia, \u017ce krzese\u0142ko jest wygodne. \u0141atwo si\u0119 sk\u0142ada i rozk\u0142ada.<\/p>\n<\/section><\/div>\n<\/section>\n","protected":false},"excerpt":{"rendered":"<p>KRZES\u0141O TURYSTYCZNE W\u0118DKARSKIE SK\u0141ADANE LE\u017bAK Informacje og\u00f3lne: Wymiary po roz\u0142o\u017ceniu:\u00a0 80 cm x 45 cm Wymiary po spakowaniu do pokrowca: 83 cm\u00a0 x 15 cm Wymiary podstawy: 45 cm\u00a0 x 45 cm Maksymalna waga u\u017cytkownika: do 120 kg Konstrukcja: stal Funkcjonalne sk\u0142adane krzes\u0142o turystyczne! Klasyczne wyjazdowy niezb\u0119dnik czyli turystyczne krzes\u0142o sk\u0142adane. Krzese\u0142ko sprawdzi si\u0119 w<br \/><a class=\"more-link\" href=\"https:\/\/bobimarket.pl\/index.php\/produkt\/krzeslo-turystyczne-wedkarskie-skladane-lezak\/\"><br \/>\n        Czytaj wi\u0119cej<span class=\"screen-reader-text\"> &#8222;KRZES\u0141O TURYSTYCZNE W\u0118DKARSKIE SK\u0141ADANE LE\u017bAK&#8221;<\/span><\/a><\/p>\n","protected":false},"featured_media":91196,"template":"","meta":[],"product_cat":[8096],"product_tag":[],"yoast_head":"<!-- This site is optimized with the Yoast SEO plugin v21.0 - https:\/\/yoast.com\/wordpress\/plugins\/seo\/ -->\n<title>KRZES\u0141O TURYSTYCZNE W\u0118DKARSKIE SK\u0141ADANE LE\u017bAK - BOBIMARKET.pl - Remontuj i urz\u0105dzaj z nami<\/title>\n<meta name=\"robots\" content=\"index, follow, max-snippet:-1, max-image-preview:large, max-video-preview:-1\" \/>\n<link rel=\"canonical\" href=\"https:\/\/bobimarket.pl\/index.php\/produkt\/krzeslo-turystyczne-wedkarskie-skladane-lezak\/\" \/>\n<meta property=\"og:locale\" content=\"pl_PL\" \/>\n<meta property=\"og:type\" content=\"article\" \/>\n<meta property=\"og:title\" content=\"KRZES\u0141O TURYSTYCZNE W\u0118DKARSKIE SK\u0141ADANE LE\u017bAK - BOBIMARKET.pl - Remontuj i urz\u0105dzaj z nami\" \/>\n<meta property=\"og:description\" content=\"KRZES\u0141O TURYSTYCZNE W\u0118DKARSKIE SK\u0141ADANE LE\u017bAK Informacje og\u00f3lne: Wymiary po roz\u0142o\u017ceniu:\u00a0 80 cm x 45 cm Wymiary po spakowaniu do pokrowca: 83 cm\u00a0 x 15 cm Wymiary podstawy: 45 cm\u00a0 x 45 cm Maksymalna waga u\u017cytkownika: do 120 kg Konstrukcja: stal Funkcjonalne sk\u0142adane krzes\u0142o turystyczne! Klasyczne wyjazdowy niezb\u0119dnik czyli turystyczne krzes\u0142o sk\u0142adane. Krzese\u0142ko sprawdzi si\u0119 w     Czytaj wi\u0119cej &quot;KRZES\u0141O TURYSTYCZNE W\u0118DKARSKIE SK\u0141ADANE LE\u017bAK&quot;\" \/>\n<meta property=\"og:url\" content=\"https:\/\/bobimarket.pl\/index.php\/produkt\/krzeslo-turystyczne-wedkarskie-skladane-lezak\/\" \/>\n<meta property=\"og:site_name\" content=\"BOBIMARKET.pl - Remontuj i urz\u0105dzaj z nami\" \/>\n<meta property=\"article:modified_time\" content=\"2025-02-27T15:41:29+00:00\" \/>\n<meta property=\"og:image\" content=\"https:\/\/upload.cdn.baselinker.com\/products\/14476\/dd77e9933c35e9923c9cd41df94cfd16.jpg\" \/>\n<meta name=\"twitter:card\" content=\"summary_large_image\" \/>\n<meta name=\"twitter:label1\" content=\"Szacowany czas czytania\" \/>\n\t<meta name=\"twitter:data1\" content=\"1 minuta\" \/>\n<script type=\"application\/ld+json\" class=\"yoast-schema-graph\">{\"@context\":\"https:\/\/schema.org\",\"@graph\":[{\"@type\":\"WebPage\",\"@id\":\"https:\/\/bobimarket.pl\/index.php\/produkt\/krzeslo-turystyczne-wedkarskie-skladane-lezak\/\",\"url\":\"https:\/\/bobimarket.pl\/index.php\/produkt\/krzeslo-turystyczne-wedkarskie-skladane-lezak\/\",\"name\":\"KRZES\u0141O TURYSTYCZNE W\u0118DKARSKIE SK\u0141ADANE LE\u017bAK - BOBIMARKET.pl - Remontuj i urz\u0105dzaj z nami\",\"isPartOf\":{\"@id\":\"https:\/\/bobimarket.pl\/#website\"},\"datePublished\":\"2023-08-30T05:20:08+00:00\",\"dateModified\":\"2025-02-27T15:41:29+00:00\",\"breadcrumb\":{\"@id\":\"https:\/\/bobimarket.pl\/index.php\/produkt\/krzeslo-turystyczne-wedkarskie-skladane-lezak\/#breadcrumb\"},\"inLanguage\":\"pl-PL\",\"potentialAction\":[{\"@type\":\"ReadAction\",\"target\":[\"https:\/\/bobimarket.pl\/index.php\/produkt\/krzeslo-turystyczne-wedkarskie-skladane-lezak\/\"]}]},{\"@type\":\"BreadcrumbList\",\"@id\":\"https:\/\/bobimarket.pl\/index.php\/produkt\/krzeslo-turystyczne-wedkarskie-skladane-lezak\/#breadcrumb\",\"itemListElement\":[{\"@type\":\"ListItem\",\"position\":1,\"name\":\"Strona g\u0142\u00f3wna\",\"item\":\"https:\/\/bobimarket.pl\/\"},{\"@type\":\"ListItem\",\"position\":2,\"name\":\"Sklep\",\"item\":\"https:\/\/bobimarket.pl\/index.php\/shop\/\"},{\"@type\":\"ListItem\",\"position\":3,\"name\":\"KRZES\u0141O TURYSTYCZNE W\u0118DKARSKIE SK\u0141ADANE LE\u017bAK\"}]},{\"@type\":\"WebSite\",\"@id\":\"https:\/\/bobimarket.pl\/#website\",\"url\":\"https:\/\/bobimarket.pl\/\",\"name\":\"BOBIMARKET.pl - Remontuj i urz\u0105dzaj z nami\",\"description\":\"Remontuj i urz\u0105dzaj z nami\",\"publisher\":{\"@id\":\"https:\/\/bobimarket.pl\/#organization\"},\"potentialAction\":[{\"@type\":\"SearchAction\",\"target\":{\"@type\":\"EntryPoint\",\"urlTemplate\":\"https:\/\/bobimarket.pl\/?s={search_term_string}\"},\"query-input\":\"required name=search_term_string\"}],\"inLanguage\":\"pl-PL\"},{\"@type\":\"Organization\",\"@id\":\"https:\/\/bobimarket.pl\/#organization\",\"name\":\"BOBIMARKET.pl\",\"url\":\"https:\/\/bobimarket.pl\/\",\"logo\":{\"@type\":\"ImageObject\",\"inLanguage\":\"pl-PL\",\"@id\":\"https:\/\/bobimarket.pl\/#\/schema\/logo\/image\/\",\"url\":\"https:\/\/bobimarket.pl\/wp-content\/uploads\/2021\/11\/slogan.png\",\"contentUrl\":\"https:\/\/bobimarket.pl\/wp-content\/uploads\/2021\/11\/slogan.png\",\"width\":2000,\"height\":384,\"caption\":\"BOBIMARKET.pl\"},\"image\":{\"@id\":\"https:\/\/bobimarket.pl\/#\/schema\/logo\/image\/\"}}]}<\/script>\n<!-- \/ Yoast SEO plugin. -->","yoast_head_json":{"title":"KRZES\u0141O TURYSTYCZNE W\u0118DKARSKIE SK\u0141ADANE LE\u017bAK - BOBIMARKET.pl - Remontuj i urz\u0105dzaj z nami","robots":{"index":"index","follow":"follow","max-snippet":"max-snippet:-1","max-image-preview":"max-image-preview:large","max-video-preview":"max-video-preview:-1"},"canonical":"https:\/\/bobimarket.pl\/index.php\/produkt\/krzeslo-turystyczne-wedkarskie-skladane-lezak\/","og_locale":"pl_PL","og_type":"article","og_title":"KRZES\u0141O TURYSTYCZNE W\u0118DKARSKIE SK\u0141ADANE LE\u017bAK - BOBIMARKET.pl - Remontuj i urz\u0105dzaj z nami","og_description":"KRZES\u0141O TURYSTYCZNE W\u0118DKARSKIE SK\u0141ADANE LE\u017bAK Informacje og\u00f3lne: Wymiary po roz\u0142o\u017ceniu:\u00a0 80 cm x 45 cm Wymiary po spakowaniu do pokrowca: 83 cm\u00a0 x 15 cm Wymiary podstawy: 45 cm\u00a0 x 45 cm Maksymalna waga u\u017cytkownika: do 120 kg Konstrukcja: stal Funkcjonalne sk\u0142adane krzes\u0142o turystyczne! Klasyczne wyjazdowy niezb\u0119dnik czyli turystyczne krzes\u0142o sk\u0142adane. Krzese\u0142ko sprawdzi si\u0119 w     Czytaj wi\u0119cej \"KRZES\u0141O TURYSTYCZNE W\u0118DKARSKIE SK\u0141ADANE LE\u017bAK\"","og_url":"https:\/\/bobimarket.pl\/index.php\/produkt\/krzeslo-turystyczne-wedkarskie-skladane-lezak\/","og_site_name":"BOBIMARKET.pl - Remontuj i urz\u0105dzaj z nami","article_modified_time":"2025-02-27T15:41:29+00:00","og_image":[{"url":"https:\/\/upload.cdn.baselinker.com\/products\/14476\/dd77e9933c35e9923c9cd41df94cfd16.jpg"}],"twitter_card":"summary_large_image","twitter_misc":{"Szacowany czas czytania":"1 minuta"},"schema":{"@context":"https:\/\/schema.org","@graph":[{"@type":"WebPage","@id":"https:\/\/bobimarket.pl\/index.php\/produkt\/krzeslo-turystyczne-wedkarskie-skladane-lezak\/","url":"https:\/\/bobimarket.pl\/index.php\/produkt\/krzeslo-turystyczne-wedkarskie-skladane-lezak\/","name":"KRZES\u0141O TURYSTYCZNE W\u0118DKARSKIE SK\u0141ADANE LE\u017bAK - BOBIMARKET.pl - Remontuj i urz\u0105dzaj z nami","isPartOf":{"@id":"https:\/\/bobimarket.pl\/#website"},"datePublished":"2023-08-30T05:20:08+00:00","dateModified":"2025-02-27T15:41:29+00:00","breadcrumb":{"@id":"https:\/\/bobimarket.pl\/index.php\/produkt\/krzeslo-turystyczne-wedkarskie-skladane-lezak\/#breadcrumb"},"inLanguage":"pl-PL","potentialAction":[{"@type":"ReadAction","target":["https:\/\/bobimarket.pl\/index.php\/produkt\/krzeslo-turystyczne-wedkarskie-skladane-lezak\/"]}]},{"@type":"BreadcrumbList","@id":"https:\/\/bobimarket.pl\/index.php\/produkt\/krzeslo-turystyczne-wedkarskie-skladane-lezak\/#breadcrumb","itemListElement":[{"@type":"ListItem","position":1,"name":"Strona g\u0142\u00f3wna","item":"https:\/\/bobimarket.pl\/"},{"@type":"ListItem","position":2,"name":"Sklep","item":"https:\/\/bobimarket.pl\/index.php\/shop\/"},{"@type":"ListItem","position":3,"name":"KRZES\u0141O TURYSTYCZNE W\u0118DKARSKIE SK\u0141ADANE LE\u017bAK"}]},{"@type":"WebSite","@id":"https:\/\/bobimarket.pl\/#website","url":"https:\/\/bobimarket.pl\/","name":"BOBIMARKET.pl - Remontuj i urz\u0105dzaj z nami","description":"Remontuj i urz\u0105dzaj z nami","publisher":{"@id":"https:\/\/bobimarket.pl\/#organization"},"potentialAction":[{"@type":"SearchAction","target":{"@type":"EntryPoint","urlTemplate":"https:\/\/bobimarket.pl\/?s={search_term_string}"},"query-input":"required name=search_term_string"}],"inLanguage":"pl-PL"},{"@type":"Organization","@id":"https:\/\/bobimarket.pl\/#organization","name":"BOBIMARKET.pl","url":"https:\/\/bobimarket.pl\/","logo":{"@type":"ImageObject","inLanguage":"pl-PL","@id":"https:\/\/bobimarket.pl\/#\/schema\/logo\/image\/","url":"https:\/\/bobimarket.pl\/wp-content\/uploads\/2021\/11\/slogan.png","contentUrl":"https:\/\/bobimarket.pl\/wp-content\/uploads\/2021\/11\/slogan.png","width":2000,"height":384,"caption":"BOBIMARKET.pl"},"image":{"@id":"https:\/\/bobimarket.pl\/#\/schema\/logo\/image\/"}}]}},"_links":{"self":[{"href":"https:\/\/bobimarket.pl\/index.php\/wp-json\/wp\/v2\/product\/91197"}],"collection":[{"href":"https:\/\/bobimarket.pl\/index.php\/wp-json\/wp\/v2\/product"}],"about":[{"href":"https:\/\/bobimarket.pl\/index.php\/wp-json\/wp\/v2\/types\/product"}],"wp:featuredmedia":[{"embeddable":true,"href":"https:\/\/bobimarket.pl\/index.php\/wp-json\/wp\/v2\/media\/91196"}],"wp:attachment":[{"href":"https:\/\/bobimarket.pl\/index.php\/wp-json\/wp\/v2\/media?parent=91197"}],"wp:term":[{"taxonomy":"product_cat","embeddable":true,"href":"https:\/\/bobimarket.pl\/index.php\/wp-json\/wp\/v2\/product_cat?post=91197"},{"taxonomy":"product_tag","embeddable":true,"href":"https:\/\/bobimarket.pl\/index.php\/wp-json\/wp\/v2\/product_tag?post=91197"}],"curies":[{"name":"wp","href":"https:\/\/api.w.org\/{rel}","templated":true}]}}