{"id":91779,"date":"2023-08-30T06:03:25","date_gmt":"2023-08-30T06:03:25","guid":{"rendered":"https:\/\/bobimarket.pl\/index.php\/produkt\/kabel-lightning-do-iphone-7-x-11-12-pro-1m\/"},"modified":"2025-02-27T15:44:54","modified_gmt":"2025-02-27T15:44:54","slug":"kabel-lightning-do-iphone-7-x-11-12-pro-1m","status":"publish","type":"product","link":"https:\/\/bobimarket.pl\/index.php\/produkt\/kabel-lightning-do-iphone-7-x-11-12-pro-1m\/","title":{"rendered":"KABEL LIGHTNING DO IPHONE 7 X 11 12 PRO 1m"},"content":{"rendered":"<section class=\"section\">\n<div class=\"item item-12\">\n<section class=\"text-item\">\n<h2>KABEL LIGHTNING DO IPHONE 7 X 11 12 PRO 1m<\/h2>\n<p><b>Informacje og\u00f3lne:<\/b><\/p>\n<ul>\n<li>Z\u0142\u0105cza:\u00a0<b>USB-C,<\/b> <b>Lightning<\/b><\/li>\n<li>D\u0142ugo\u015b\u0107: <b>1 m<\/b><\/li>\n<li>Kolor: <b>czarny<\/b><\/li>\n<li>Kompatybilno\u015b\u0107:<b> urz\u0105dzenia Apple ze z\u0142\u0105czem Lightning <\/b><\/li>\n<\/ul>\n<\/section><\/div>\n<\/section>\n<section class=\"section\">\n<div class=\"item item-12\">\n<section class=\"image-item\">\n            <img decoding=\"async\" src=\"https:\/\/upload.cdn.baselinker.com\/products\/14476\/11b8cf55c284533c247ca378436a8197.jpg\" \/><br \/>\n        <\/section>\n<\/p><\/div>\n<\/section>\n<section class=\"section\">\n<div class=\"item item-12\">\n<section class=\"text-item\">\n<h1>KABEL LIGHTNING 1M USB-C<\/h1>\n<p>Klasyczny kabel Lightning o d\u0142ugo\u015bci 1m. Kabel pasuje do ka\u017cdego urz\u0105dzenia Apple, kt\u00f3re wyposa\u017cone jest w z\u0142\u0105cze lightning 8 pin.<\/p>\n<ul>\n<li>Kabel umo\u017cliwia szybkie \u0142adowanie oraz synchronizacj\u0119 danych wszystkich. Kompatybilny z\u00a0 urz\u0105dzeniami firmy Apple ( nie tylko iPhone, ale r\u00f3wnie\u017c iPad lub iPod.\u00a0<\/li>\n<li>Kabel mo\u017ce by\u0107 u\u017cywany w po\u0142\u0105czeniu z \u0142adowarkami lub bezpo\u015brednio z portem USB-C.<\/li>\n<\/ul>\n<\/section><\/div>\n<\/section>\n<section class=\"section\">\n<div class=\"item item-12\">\n<section class=\"image-item\">\n            <img decoding=\"async\" src=\"https:\/\/upload.cdn.baselinker.com\/products\/14476\/11b8cf55c284533c247ca378436a8197.jpg\" \/><br \/>\n        <\/section>\n<\/p><\/div>\n<\/section>\n<section class=\"section\">\n<div class=\"item item-12\">\n<section class=\"text-item\">\n<h1>Kabel jest kompatybilny z urz\u0105dzeniami APPLE!<\/h1>\n<p>Kabel b\u0119dzie odpowiedni do urz\u0105dze\u0144 marki Apple wyposa\u017conych w z\u0142\u0105cze lightning 8 pin.\u00a0 Przyda si\u0119 posiadaczom:<\/p>\n<p><b>\u2705 iPhone:<\/b><\/p>\n<ul>\n<li>iPhone 5 \/ 5c \/ 5s \/ SE<\/li>\n<li>iPhone 6 \/ 6s \/ 6 Plus \/ 6s Plus<\/li>\n<li>iPhone 7 \/ 7 Plus<\/li>\n<li>iPhone 8 \/ 8 Plus<\/li>\n<li>iPhone X \/ Xr<\/li>\n<li>iPhone Xs \/ Xs Max<\/li>\n<li>iPhone 11 \/ Pro \/ Max<\/li>\n<li>iPhone SE 2020 \/ SE 2022<\/li>\n<li>iPhone 12 \/ Mini \/ Pro \/ Max<\/li>\n<li>iPhone 13 \/ Mini \/ Pro \/ Max<\/li>\n<li>iPhone 14 \/ Plus \/ Pro \/ Max<\/li>\n<\/ul>\n<p><b>\u2705 iPod:<\/b><\/p>\n<ul>\n<li>Touch 6tej Generacji<\/li>\n<\/ul>\n<p><b>\u2705 iPad:<\/b><\/p>\n<ul>\n<li>Z wy\u015bwietlaczem Retina<\/li>\n<li>Mini 2 \/ Mini 3 \/ Mini 4<\/li>\n<li>Air \/ Air 2<\/li>\n<li>Pro 9.7&#8243; \/ Pro 12.9&#8243;<\/li>\n<\/ul>\n<\/section><\/div>\n<\/section>\n","protected":false},"excerpt":{"rendered":"<p>KABEL LIGHTNING DO IPHONE 7 X 11 12 PRO 1m Informacje og\u00f3lne: Z\u0142\u0105cza:\u00a0USB-C, Lightning D\u0142ugo\u015b\u0107: 1 m Kolor: czarny Kompatybilno\u015b\u0107: urz\u0105dzenia Apple ze z\u0142\u0105czem Lightning KABEL LIGHTNING 1M USB-C Klasyczny kabel Lightning o d\u0142ugo\u015bci 1m. Kabel pasuje do ka\u017cdego urz\u0105dzenia Apple, kt\u00f3re wyposa\u017cone jest w z\u0142\u0105cze lightning 8 pin. Kabel umo\u017cliwia szybkie \u0142adowanie oraz synchronizacj\u0119<br \/><a class=\"more-link\" href=\"https:\/\/bobimarket.pl\/index.php\/produkt\/kabel-lightning-do-iphone-7-x-11-12-pro-1m\/\"><br \/>\n        Czytaj wi\u0119cej<span class=\"screen-reader-text\"> &#8222;KABEL LIGHTNING DO IPHONE 7 X 11 12 PRO 1m&#8221;<\/span><\/a><\/p>\n","protected":false},"featured_media":91777,"template":"","meta":[],"product_cat":[8096],"product_tag":[],"yoast_head":"<!-- This site is optimized with the Yoast SEO plugin v21.0 - https:\/\/yoast.com\/wordpress\/plugins\/seo\/ -->\n<title>KABEL LIGHTNING DO IPHONE 7 X 11 12 PRO 1m - BOBIMARKET.pl - Remontuj i urz\u0105dzaj z nami<\/title>\n<meta name=\"robots\" content=\"index, follow, max-snippet:-1, max-image-preview:large, max-video-preview:-1\" \/>\n<link rel=\"canonical\" href=\"https:\/\/bobimarket.pl\/index.php\/produkt\/kabel-lightning-do-iphone-7-x-11-12-pro-1m\/\" \/>\n<meta property=\"og:locale\" content=\"pl_PL\" \/>\n<meta property=\"og:type\" content=\"article\" \/>\n<meta property=\"og:title\" content=\"KABEL LIGHTNING DO IPHONE 7 X 11 12 PRO 1m - BOBIMARKET.pl - Remontuj i urz\u0105dzaj z nami\" \/>\n<meta property=\"og:description\" content=\"KABEL LIGHTNING DO IPHONE 7 X 11 12 PRO 1m Informacje og\u00f3lne: Z\u0142\u0105cza:\u00a0USB-C, Lightning D\u0142ugo\u015b\u0107: 1 m Kolor: czarny Kompatybilno\u015b\u0107: urz\u0105dzenia Apple ze z\u0142\u0105czem Lightning KABEL LIGHTNING 1M USB-C Klasyczny kabel Lightning o d\u0142ugo\u015bci 1m. Kabel pasuje do ka\u017cdego urz\u0105dzenia Apple, kt\u00f3re wyposa\u017cone jest w z\u0142\u0105cze lightning 8 pin. Kabel umo\u017cliwia szybkie \u0142adowanie oraz synchronizacj\u0119     Czytaj wi\u0119cej &quot;KABEL LIGHTNING DO IPHONE 7 X 11 12 PRO 1m&quot;\" \/>\n<meta property=\"og:url\" content=\"https:\/\/bobimarket.pl\/index.php\/produkt\/kabel-lightning-do-iphone-7-x-11-12-pro-1m\/\" \/>\n<meta property=\"og:site_name\" content=\"BOBIMARKET.pl - Remontuj i urz\u0105dzaj z nami\" \/>\n<meta property=\"article:modified_time\" content=\"2025-02-27T15:44:54+00:00\" \/>\n<meta property=\"og:image\" content=\"https:\/\/upload.cdn.baselinker.com\/products\/14476\/11b8cf55c284533c247ca378436a8197.jpg\" \/>\n<meta name=\"twitter:card\" content=\"summary_large_image\" \/>\n<meta name=\"twitter:label1\" content=\"Szacowany czas czytania\" \/>\n\t<meta name=\"twitter:data1\" content=\"1 minuta\" \/>\n<script type=\"application\/ld+json\" class=\"yoast-schema-graph\">{\"@context\":\"https:\/\/schema.org\",\"@graph\":[{\"@type\":\"WebPage\",\"@id\":\"https:\/\/bobimarket.pl\/index.php\/produkt\/kabel-lightning-do-iphone-7-x-11-12-pro-1m\/\",\"url\":\"https:\/\/bobimarket.pl\/index.php\/produkt\/kabel-lightning-do-iphone-7-x-11-12-pro-1m\/\",\"name\":\"KABEL LIGHTNING DO IPHONE 7 X 11 12 PRO 1m - BOBIMARKET.pl - Remontuj i urz\u0105dzaj z nami\",\"isPartOf\":{\"@id\":\"https:\/\/bobimarket.pl\/#website\"},\"datePublished\":\"2023-08-30T06:03:25+00:00\",\"dateModified\":\"2025-02-27T15:44:54+00:00\",\"breadcrumb\":{\"@id\":\"https:\/\/bobimarket.pl\/index.php\/produkt\/kabel-lightning-do-iphone-7-x-11-12-pro-1m\/#breadcrumb\"},\"inLanguage\":\"pl-PL\",\"potentialAction\":[{\"@type\":\"ReadAction\",\"target\":[\"https:\/\/bobimarket.pl\/index.php\/produkt\/kabel-lightning-do-iphone-7-x-11-12-pro-1m\/\"]}]},{\"@type\":\"BreadcrumbList\",\"@id\":\"https:\/\/bobimarket.pl\/index.php\/produkt\/kabel-lightning-do-iphone-7-x-11-12-pro-1m\/#breadcrumb\",\"itemListElement\":[{\"@type\":\"ListItem\",\"position\":1,\"name\":\"Strona g\u0142\u00f3wna\",\"item\":\"https:\/\/bobimarket.pl\/\"},{\"@type\":\"ListItem\",\"position\":2,\"name\":\"Sklep\",\"item\":\"https:\/\/bobimarket.pl\/index.php\/shop\/\"},{\"@type\":\"ListItem\",\"position\":3,\"name\":\"KABEL LIGHTNING DO IPHONE 7 X 11 12 PRO 1m\"}]},{\"@type\":\"WebSite\",\"@id\":\"https:\/\/bobimarket.pl\/#website\",\"url\":\"https:\/\/bobimarket.pl\/\",\"name\":\"BOBIMARKET.pl - Remontuj i urz\u0105dzaj z nami\",\"description\":\"Remontuj i urz\u0105dzaj z nami\",\"publisher\":{\"@id\":\"https:\/\/bobimarket.pl\/#organization\"},\"potentialAction\":[{\"@type\":\"SearchAction\",\"target\":{\"@type\":\"EntryPoint\",\"urlTemplate\":\"https:\/\/bobimarket.pl\/?s={search_term_string}\"},\"query-input\":\"required name=search_term_string\"}],\"inLanguage\":\"pl-PL\"},{\"@type\":\"Organization\",\"@id\":\"https:\/\/bobimarket.pl\/#organization\",\"name\":\"BOBIMARKET.pl\",\"url\":\"https:\/\/bobimarket.pl\/\",\"logo\":{\"@type\":\"ImageObject\",\"inLanguage\":\"pl-PL\",\"@id\":\"https:\/\/bobimarket.pl\/#\/schema\/logo\/image\/\",\"url\":\"https:\/\/bobimarket.pl\/wp-content\/uploads\/2021\/11\/slogan.png\",\"contentUrl\":\"https:\/\/bobimarket.pl\/wp-content\/uploads\/2021\/11\/slogan.png\",\"width\":2000,\"height\":384,\"caption\":\"BOBIMARKET.pl\"},\"image\":{\"@id\":\"https:\/\/bobimarket.pl\/#\/schema\/logo\/image\/\"}}]}<\/script>\n<!-- \/ Yoast SEO plugin. -->","yoast_head_json":{"title":"KABEL LIGHTNING DO IPHONE 7 X 11 12 PRO 1m - BOBIMARKET.pl - Remontuj i urz\u0105dzaj z nami","robots":{"index":"index","follow":"follow","max-snippet":"max-snippet:-1","max-image-preview":"max-image-preview:large","max-video-preview":"max-video-preview:-1"},"canonical":"https:\/\/bobimarket.pl\/index.php\/produkt\/kabel-lightning-do-iphone-7-x-11-12-pro-1m\/","og_locale":"pl_PL","og_type":"article","og_title":"KABEL LIGHTNING DO IPHONE 7 X 11 12 PRO 1m - BOBIMARKET.pl - Remontuj i urz\u0105dzaj z nami","og_description":"KABEL LIGHTNING DO IPHONE 7 X 11 12 PRO 1m Informacje og\u00f3lne: Z\u0142\u0105cza:\u00a0USB-C, Lightning D\u0142ugo\u015b\u0107: 1 m Kolor: czarny Kompatybilno\u015b\u0107: urz\u0105dzenia Apple ze z\u0142\u0105czem Lightning KABEL LIGHTNING 1M USB-C Klasyczny kabel Lightning o d\u0142ugo\u015bci 1m. Kabel pasuje do ka\u017cdego urz\u0105dzenia Apple, kt\u00f3re wyposa\u017cone jest w z\u0142\u0105cze lightning 8 pin. Kabel umo\u017cliwia szybkie \u0142adowanie oraz synchronizacj\u0119     Czytaj wi\u0119cej \"KABEL LIGHTNING DO IPHONE 7 X 11 12 PRO 1m\"","og_url":"https:\/\/bobimarket.pl\/index.php\/produkt\/kabel-lightning-do-iphone-7-x-11-12-pro-1m\/","og_site_name":"BOBIMARKET.pl - Remontuj i urz\u0105dzaj z nami","article_modified_time":"2025-02-27T15:44:54+00:00","og_image":[{"url":"https:\/\/upload.cdn.baselinker.com\/products\/14476\/11b8cf55c284533c247ca378436a8197.jpg"}],"twitter_card":"summary_large_image","twitter_misc":{"Szacowany czas czytania":"1 minuta"},"schema":{"@context":"https:\/\/schema.org","@graph":[{"@type":"WebPage","@id":"https:\/\/bobimarket.pl\/index.php\/produkt\/kabel-lightning-do-iphone-7-x-11-12-pro-1m\/","url":"https:\/\/bobimarket.pl\/index.php\/produkt\/kabel-lightning-do-iphone-7-x-11-12-pro-1m\/","name":"KABEL LIGHTNING DO IPHONE 7 X 11 12 PRO 1m - BOBIMARKET.pl - Remontuj i urz\u0105dzaj z nami","isPartOf":{"@id":"https:\/\/bobimarket.pl\/#website"},"datePublished":"2023-08-30T06:03:25+00:00","dateModified":"2025-02-27T15:44:54+00:00","breadcrumb":{"@id":"https:\/\/bobimarket.pl\/index.php\/produkt\/kabel-lightning-do-iphone-7-x-11-12-pro-1m\/#breadcrumb"},"inLanguage":"pl-PL","potentialAction":[{"@type":"ReadAction","target":["https:\/\/bobimarket.pl\/index.php\/produkt\/kabel-lightning-do-iphone-7-x-11-12-pro-1m\/"]}]},{"@type":"BreadcrumbList","@id":"https:\/\/bobimarket.pl\/index.php\/produkt\/kabel-lightning-do-iphone-7-x-11-12-pro-1m\/#breadcrumb","itemListElement":[{"@type":"ListItem","position":1,"name":"Strona g\u0142\u00f3wna","item":"https:\/\/bobimarket.pl\/"},{"@type":"ListItem","position":2,"name":"Sklep","item":"https:\/\/bobimarket.pl\/index.php\/shop\/"},{"@type":"ListItem","position":3,"name":"KABEL LIGHTNING DO IPHONE 7 X 11 12 PRO 1m"}]},{"@type":"WebSite","@id":"https:\/\/bobimarket.pl\/#website","url":"https:\/\/bobimarket.pl\/","name":"BOBIMARKET.pl - Remontuj i urz\u0105dzaj z nami","description":"Remontuj i urz\u0105dzaj z nami","publisher":{"@id":"https:\/\/bobimarket.pl\/#organization"},"potentialAction":[{"@type":"SearchAction","target":{"@type":"EntryPoint","urlTemplate":"https:\/\/bobimarket.pl\/?s={search_term_string}"},"query-input":"required name=search_term_string"}],"inLanguage":"pl-PL"},{"@type":"Organization","@id":"https:\/\/bobimarket.pl\/#organization","name":"BOBIMARKET.pl","url":"https:\/\/bobimarket.pl\/","logo":{"@type":"ImageObject","inLanguage":"pl-PL","@id":"https:\/\/bobimarket.pl\/#\/schema\/logo\/image\/","url":"https:\/\/bobimarket.pl\/wp-content\/uploads\/2021\/11\/slogan.png","contentUrl":"https:\/\/bobimarket.pl\/wp-content\/uploads\/2021\/11\/slogan.png","width":2000,"height":384,"caption":"BOBIMARKET.pl"},"image":{"@id":"https:\/\/bobimarket.pl\/#\/schema\/logo\/image\/"}}]}},"_links":{"self":[{"href":"https:\/\/bobimarket.pl\/index.php\/wp-json\/wp\/v2\/product\/91779"}],"collection":[{"href":"https:\/\/bobimarket.pl\/index.php\/wp-json\/wp\/v2\/product"}],"about":[{"href":"https:\/\/bobimarket.pl\/index.php\/wp-json\/wp\/v2\/types\/product"}],"wp:featuredmedia":[{"embeddable":true,"href":"https:\/\/bobimarket.pl\/index.php\/wp-json\/wp\/v2\/media\/91777"}],"wp:attachment":[{"href":"https:\/\/bobimarket.pl\/index.php\/wp-json\/wp\/v2\/media?parent=91779"}],"wp:term":[{"taxonomy":"product_cat","embeddable":true,"href":"https:\/\/bobimarket.pl\/index.php\/wp-json\/wp\/v2\/product_cat?post=91779"},{"taxonomy":"product_tag","embeddable":true,"href":"https:\/\/bobimarket.pl\/index.php\/wp-json\/wp\/v2\/product_tag?post=91779"}],"curies":[{"name":"wp","href":"https:\/\/api.w.org\/{rel}","templated":true}]}}