{"id":92565,"date":"2023-08-30T06:45:01","date_gmt":"2023-08-30T06:45:01","guid":{"rendered":"https:\/\/bobimarket.pl\/index.php\/produkt\/ograniczniki-do-wiertel-6-10-mm-zestaw-3szt\/"},"modified":"2025-02-27T15:56:26","modified_gmt":"2025-02-27T15:56:26","slug":"ograniczniki-do-wiertel-6-10-mm-zestaw-3szt","status":"publish","type":"product","link":"https:\/\/bobimarket.pl\/index.php\/produkt\/ograniczniki-do-wiertel-6-10-mm-zestaw-3szt\/","title":{"rendered":"OGRANICZNIKI DO WIERTE\u0141 6-10 MM ZESTAW 3SZT"},"content":{"rendered":"<section class=\"section\">\n<div class=\"item item-12\">\n<section class=\"text-item\">\n<h2>OGRANICZNIKI DO WIERTE\u0141 6-10 MM ZESTAW 3SZT<\/h2>\n<p><b>Informacje og\u00f3lne: <\/b><\/p>\n<ul>\n<li>Rodzaj: <b>ograniczniki do wierte\u0142<\/b><\/li>\n<li>Rozmiar: <b>6-10 mm<\/b><\/li>\n<li>Ilo\u015b\u0107 element\u00f3w w zestawie: <b>3 szt. ogranicznik\u00f3w + klucz imbusowy <\/b><\/li>\n<\/ul>\n<p><b>\u2705 <\/b><b>Zestaw sk\u0142ada si\u0119 z nast\u0119puj\u0105cych ogranicznik\u00f3w: <\/b><\/p>\n<ul>\n<li>6 mm<\/li>\n<li>8 mm<\/li>\n<li>10 mm<\/li>\n<\/ul>\n<\/section><\/div>\n<\/section>\n<section class=\"section\">\n<div class=\"item item-12\">\n<section class=\"image-item\">\n            <img decoding=\"async\" src=\"https:\/\/upload.cdn.baselinker.com\/products\/14476\/3165e3f5a5016cfc61a62788e732a121.jpg\" \/><br \/>\n        <\/section>\n<\/p><\/div>\n<\/section>\n<section class=\"section\">\n<div class=\"item item-12\">\n<section class=\"text-item\">\n<h2>Element, w kt\u00f3ry warto wyposa\u017cy\u0107 sw\u00f3j przydomowy warsztat!<\/h2>\n<p>Komplet ogranicznik\u00f3w g\u0142\u0119boko\u015bci wiercenia. Zestaw zawiera 3 sztuki ogranicznik\u00f3w w r\u00f3\u017cnych rozmiarach oraz klucz imbusowy. Ograniczniki pozwol\u0105 wywierci\u0107 otw\u00f3r na wybran\u0105 g\u0142\u0119boko\u015b\u0107. Nale\u017cy je zamocowa\u0107 wybranej odleg\u0142o\u015bci od wierzcho\u0142ka wiert\u0142a, aby wiercenia otwor\u00f3w o ustalonej g\u0142\u0119boko\u015bci.<\/p>\n<p><b>\u2705 \u0141ATWE I PROSTE W MONTA\u017bU!<\/b><\/p>\n<ul>\n<li>Wystarczy umie\u015bci\u0107 pier\u015bcie\u0144 na wybranej d\u0142ugo\u015bci wiert\u0142a i dokr\u0119ci\u0107 kluczykiem.<\/li>\n<li>Zestaw zawiera ograniczniki oraz kluczyk imbusowy do dokr\u0119cania \u015brubki blokuj\u0105cej.<\/li>\n<\/ul>\n<\/section><\/div>\n<\/section>\n<section class=\"section\">\n<div class=\"item item-12\">\n<section class=\"image-item\">\n            <img decoding=\"async\" src=\"https:\/\/upload.cdn.baselinker.com\/products\/14476\/fabc7f9160908e3aa713148653804c04.jpg\" \/><br \/>\n        <\/section>\n<\/p><\/div>\n<\/section>\n","protected":false},"excerpt":{"rendered":"<p>OGRANICZNIKI DO WIERTE\u0141 6-10 MM ZESTAW 3SZT Informacje og\u00f3lne: Rodzaj: ograniczniki do wierte\u0142 Rozmiar: 6-10 mm Ilo\u015b\u0107 element\u00f3w w zestawie: 3 szt. ogranicznik\u00f3w + klucz imbusowy \u2705 Zestaw sk\u0142ada si\u0119 z nast\u0119puj\u0105cych ogranicznik\u00f3w: 6 mm 8 mm 10 mm Element, w kt\u00f3ry warto wyposa\u017cy\u0107 sw\u00f3j przydomowy warsztat! Komplet ogranicznik\u00f3w g\u0142\u0119boko\u015bci wiercenia. Zestaw zawiera 3 sztuki<br \/><a class=\"more-link\" href=\"https:\/\/bobimarket.pl\/index.php\/produkt\/ograniczniki-do-wiertel-6-10-mm-zestaw-3szt\/\"><br \/>\n        Czytaj wi\u0119cej<span class=\"screen-reader-text\"> &#8222;OGRANICZNIKI DO WIERTE\u0141 6-10 MM ZESTAW 3SZT&#8221;<\/span><\/a><\/p>\n","protected":false},"featured_media":92562,"template":"","meta":[],"product_cat":[8108],"product_tag":[],"yoast_head":"<!-- This site is optimized with the Yoast SEO plugin v21.0 - https:\/\/yoast.com\/wordpress\/plugins\/seo\/ -->\n<title>OGRANICZNIKI DO WIERTE\u0141 6-10 MM ZESTAW 3SZT - BOBIMARKET.pl - Remontuj i urz\u0105dzaj z nami<\/title>\n<meta name=\"robots\" content=\"index, follow, max-snippet:-1, max-image-preview:large, max-video-preview:-1\" \/>\n<link rel=\"canonical\" href=\"https:\/\/bobimarket.pl\/index.php\/produkt\/ograniczniki-do-wiertel-6-10-mm-zestaw-3szt\/\" \/>\n<meta property=\"og:locale\" content=\"pl_PL\" \/>\n<meta property=\"og:type\" content=\"article\" \/>\n<meta property=\"og:title\" content=\"OGRANICZNIKI DO WIERTE\u0141 6-10 MM ZESTAW 3SZT - BOBIMARKET.pl - Remontuj i urz\u0105dzaj z nami\" \/>\n<meta property=\"og:description\" content=\"OGRANICZNIKI DO WIERTE\u0141 6-10 MM ZESTAW 3SZT Informacje og\u00f3lne: Rodzaj: ograniczniki do wierte\u0142 Rozmiar: 6-10 mm Ilo\u015b\u0107 element\u00f3w w zestawie: 3 szt. ogranicznik\u00f3w + klucz imbusowy \u2705 Zestaw sk\u0142ada si\u0119 z nast\u0119puj\u0105cych ogranicznik\u00f3w: 6 mm 8 mm 10 mm Element, w kt\u00f3ry warto wyposa\u017cy\u0107 sw\u00f3j przydomowy warsztat! Komplet ogranicznik\u00f3w g\u0142\u0119boko\u015bci wiercenia. Zestaw zawiera 3 sztuki     Czytaj wi\u0119cej &quot;OGRANICZNIKI DO WIERTE\u0141 6-10 MM ZESTAW 3SZT&quot;\" \/>\n<meta property=\"og:url\" content=\"https:\/\/bobimarket.pl\/index.php\/produkt\/ograniczniki-do-wiertel-6-10-mm-zestaw-3szt\/\" \/>\n<meta property=\"og:site_name\" content=\"BOBIMARKET.pl - Remontuj i urz\u0105dzaj z nami\" \/>\n<meta property=\"article:modified_time\" content=\"2025-02-27T15:56:26+00:00\" \/>\n<meta property=\"og:image\" content=\"https:\/\/upload.cdn.baselinker.com\/products\/14476\/3165e3f5a5016cfc61a62788e732a121.jpg\" \/>\n<meta name=\"twitter:card\" content=\"summary_large_image\" \/>\n<meta name=\"twitter:label1\" content=\"Szacowany czas czytania\" \/>\n\t<meta name=\"twitter:data1\" content=\"1 minuta\" \/>\n<script type=\"application\/ld+json\" class=\"yoast-schema-graph\">{\"@context\":\"https:\/\/schema.org\",\"@graph\":[{\"@type\":\"WebPage\",\"@id\":\"https:\/\/bobimarket.pl\/index.php\/produkt\/ograniczniki-do-wiertel-6-10-mm-zestaw-3szt\/\",\"url\":\"https:\/\/bobimarket.pl\/index.php\/produkt\/ograniczniki-do-wiertel-6-10-mm-zestaw-3szt\/\",\"name\":\"OGRANICZNIKI DO WIERTE\u0141 6-10 MM ZESTAW 3SZT - BOBIMARKET.pl - Remontuj i urz\u0105dzaj z nami\",\"isPartOf\":{\"@id\":\"https:\/\/bobimarket.pl\/#website\"},\"datePublished\":\"2023-08-30T06:45:01+00:00\",\"dateModified\":\"2025-02-27T15:56:26+00:00\",\"breadcrumb\":{\"@id\":\"https:\/\/bobimarket.pl\/index.php\/produkt\/ograniczniki-do-wiertel-6-10-mm-zestaw-3szt\/#breadcrumb\"},\"inLanguage\":\"pl-PL\",\"potentialAction\":[{\"@type\":\"ReadAction\",\"target\":[\"https:\/\/bobimarket.pl\/index.php\/produkt\/ograniczniki-do-wiertel-6-10-mm-zestaw-3szt\/\"]}]},{\"@type\":\"BreadcrumbList\",\"@id\":\"https:\/\/bobimarket.pl\/index.php\/produkt\/ograniczniki-do-wiertel-6-10-mm-zestaw-3szt\/#breadcrumb\",\"itemListElement\":[{\"@type\":\"ListItem\",\"position\":1,\"name\":\"Strona g\u0142\u00f3wna\",\"item\":\"https:\/\/bobimarket.pl\/\"},{\"@type\":\"ListItem\",\"position\":2,\"name\":\"Sklep\",\"item\":\"https:\/\/bobimarket.pl\/index.php\/shop\/\"},{\"@type\":\"ListItem\",\"position\":3,\"name\":\"OGRANICZNIKI DO WIERTE\u0141 6-10 MM ZESTAW 3SZT\"}]},{\"@type\":\"WebSite\",\"@id\":\"https:\/\/bobimarket.pl\/#website\",\"url\":\"https:\/\/bobimarket.pl\/\",\"name\":\"BOBIMARKET.pl - Remontuj i urz\u0105dzaj z nami\",\"description\":\"Remontuj i urz\u0105dzaj z nami\",\"publisher\":{\"@id\":\"https:\/\/bobimarket.pl\/#organization\"},\"potentialAction\":[{\"@type\":\"SearchAction\",\"target\":{\"@type\":\"EntryPoint\",\"urlTemplate\":\"https:\/\/bobimarket.pl\/?s={search_term_string}\"},\"query-input\":\"required name=search_term_string\"}],\"inLanguage\":\"pl-PL\"},{\"@type\":\"Organization\",\"@id\":\"https:\/\/bobimarket.pl\/#organization\",\"name\":\"BOBIMARKET.pl\",\"url\":\"https:\/\/bobimarket.pl\/\",\"logo\":{\"@type\":\"ImageObject\",\"inLanguage\":\"pl-PL\",\"@id\":\"https:\/\/bobimarket.pl\/#\/schema\/logo\/image\/\",\"url\":\"https:\/\/bobimarket.pl\/wp-content\/uploads\/2021\/11\/slogan.png\",\"contentUrl\":\"https:\/\/bobimarket.pl\/wp-content\/uploads\/2021\/11\/slogan.png\",\"width\":2000,\"height\":384,\"caption\":\"BOBIMARKET.pl\"},\"image\":{\"@id\":\"https:\/\/bobimarket.pl\/#\/schema\/logo\/image\/\"}}]}<\/script>\n<!-- \/ Yoast SEO plugin. -->","yoast_head_json":{"title":"OGRANICZNIKI DO WIERTE\u0141 6-10 MM ZESTAW 3SZT - BOBIMARKET.pl - Remontuj i urz\u0105dzaj z nami","robots":{"index":"index","follow":"follow","max-snippet":"max-snippet:-1","max-image-preview":"max-image-preview:large","max-video-preview":"max-video-preview:-1"},"canonical":"https:\/\/bobimarket.pl\/index.php\/produkt\/ograniczniki-do-wiertel-6-10-mm-zestaw-3szt\/","og_locale":"pl_PL","og_type":"article","og_title":"OGRANICZNIKI DO WIERTE\u0141 6-10 MM ZESTAW 3SZT - BOBIMARKET.pl - Remontuj i urz\u0105dzaj z nami","og_description":"OGRANICZNIKI DO WIERTE\u0141 6-10 MM ZESTAW 3SZT Informacje og\u00f3lne: Rodzaj: ograniczniki do wierte\u0142 Rozmiar: 6-10 mm Ilo\u015b\u0107 element\u00f3w w zestawie: 3 szt. ogranicznik\u00f3w + klucz imbusowy \u2705 Zestaw sk\u0142ada si\u0119 z nast\u0119puj\u0105cych ogranicznik\u00f3w: 6 mm 8 mm 10 mm Element, w kt\u00f3ry warto wyposa\u017cy\u0107 sw\u00f3j przydomowy warsztat! Komplet ogranicznik\u00f3w g\u0142\u0119boko\u015bci wiercenia. Zestaw zawiera 3 sztuki     Czytaj wi\u0119cej \"OGRANICZNIKI DO WIERTE\u0141 6-10 MM ZESTAW 3SZT\"","og_url":"https:\/\/bobimarket.pl\/index.php\/produkt\/ograniczniki-do-wiertel-6-10-mm-zestaw-3szt\/","og_site_name":"BOBIMARKET.pl - Remontuj i urz\u0105dzaj z nami","article_modified_time":"2025-02-27T15:56:26+00:00","og_image":[{"url":"https:\/\/upload.cdn.baselinker.com\/products\/14476\/3165e3f5a5016cfc61a62788e732a121.jpg"}],"twitter_card":"summary_large_image","twitter_misc":{"Szacowany czas czytania":"1 minuta"},"schema":{"@context":"https:\/\/schema.org","@graph":[{"@type":"WebPage","@id":"https:\/\/bobimarket.pl\/index.php\/produkt\/ograniczniki-do-wiertel-6-10-mm-zestaw-3szt\/","url":"https:\/\/bobimarket.pl\/index.php\/produkt\/ograniczniki-do-wiertel-6-10-mm-zestaw-3szt\/","name":"OGRANICZNIKI DO WIERTE\u0141 6-10 MM ZESTAW 3SZT - BOBIMARKET.pl - Remontuj i urz\u0105dzaj z nami","isPartOf":{"@id":"https:\/\/bobimarket.pl\/#website"},"datePublished":"2023-08-30T06:45:01+00:00","dateModified":"2025-02-27T15:56:26+00:00","breadcrumb":{"@id":"https:\/\/bobimarket.pl\/index.php\/produkt\/ograniczniki-do-wiertel-6-10-mm-zestaw-3szt\/#breadcrumb"},"inLanguage":"pl-PL","potentialAction":[{"@type":"ReadAction","target":["https:\/\/bobimarket.pl\/index.php\/produkt\/ograniczniki-do-wiertel-6-10-mm-zestaw-3szt\/"]}]},{"@type":"BreadcrumbList","@id":"https:\/\/bobimarket.pl\/index.php\/produkt\/ograniczniki-do-wiertel-6-10-mm-zestaw-3szt\/#breadcrumb","itemListElement":[{"@type":"ListItem","position":1,"name":"Strona g\u0142\u00f3wna","item":"https:\/\/bobimarket.pl\/"},{"@type":"ListItem","position":2,"name":"Sklep","item":"https:\/\/bobimarket.pl\/index.php\/shop\/"},{"@type":"ListItem","position":3,"name":"OGRANICZNIKI DO WIERTE\u0141 6-10 MM ZESTAW 3SZT"}]},{"@type":"WebSite","@id":"https:\/\/bobimarket.pl\/#website","url":"https:\/\/bobimarket.pl\/","name":"BOBIMARKET.pl - Remontuj i urz\u0105dzaj z nami","description":"Remontuj i urz\u0105dzaj z nami","publisher":{"@id":"https:\/\/bobimarket.pl\/#organization"},"potentialAction":[{"@type":"SearchAction","target":{"@type":"EntryPoint","urlTemplate":"https:\/\/bobimarket.pl\/?s={search_term_string}"},"query-input":"required name=search_term_string"}],"inLanguage":"pl-PL"},{"@type":"Organization","@id":"https:\/\/bobimarket.pl\/#organization","name":"BOBIMARKET.pl","url":"https:\/\/bobimarket.pl\/","logo":{"@type":"ImageObject","inLanguage":"pl-PL","@id":"https:\/\/bobimarket.pl\/#\/schema\/logo\/image\/","url":"https:\/\/bobimarket.pl\/wp-content\/uploads\/2021\/11\/slogan.png","contentUrl":"https:\/\/bobimarket.pl\/wp-content\/uploads\/2021\/11\/slogan.png","width":2000,"height":384,"caption":"BOBIMARKET.pl"},"image":{"@id":"https:\/\/bobimarket.pl\/#\/schema\/logo\/image\/"}}]}},"_links":{"self":[{"href":"https:\/\/bobimarket.pl\/index.php\/wp-json\/wp\/v2\/product\/92565"}],"collection":[{"href":"https:\/\/bobimarket.pl\/index.php\/wp-json\/wp\/v2\/product"}],"about":[{"href":"https:\/\/bobimarket.pl\/index.php\/wp-json\/wp\/v2\/types\/product"}],"wp:featuredmedia":[{"embeddable":true,"href":"https:\/\/bobimarket.pl\/index.php\/wp-json\/wp\/v2\/media\/92562"}],"wp:attachment":[{"href":"https:\/\/bobimarket.pl\/index.php\/wp-json\/wp\/v2\/media?parent=92565"}],"wp:term":[{"taxonomy":"product_cat","embeddable":true,"href":"https:\/\/bobimarket.pl\/index.php\/wp-json\/wp\/v2\/product_cat?post=92565"},{"taxonomy":"product_tag","embeddable":true,"href":"https:\/\/bobimarket.pl\/index.php\/wp-json\/wp\/v2\/product_tag?post=92565"}],"curies":[{"name":"wp","href":"https:\/\/api.w.org\/{rel}","templated":true}]}}