{"id":92630,"date":"2023-08-30T06:49:03","date_gmt":"2023-08-30T06:49:03","guid":{"rendered":"https:\/\/bobimarket.pl\/index.php\/produkt\/zestaw-wkretakow-magnetyczne-wkretaki-srubokrety\/"},"modified":"2025-02-27T15:57:31","modified_gmt":"2025-02-27T15:57:31","slug":"zestaw-wkretakow-magnetyczne-wkretaki-srubokrety","status":"publish","type":"product","link":"https:\/\/bobimarket.pl\/index.php\/produkt\/zestaw-wkretakow-magnetyczne-wkretaki-srubokrety\/","title":{"rendered":"ZESTAW WKR\u0118TAK\u00d3W MAGNETYCZNE WKR\u0118TAKI \u015aRUBOKR\u0118TY"},"content":{"rendered":"<section class=\"section\">\n<div class=\"item item-12\">\n<section class=\"text-item\">\n<h2>ZESTAW WKR\u0118TAK\u00d3W MAGNETYCZNE WKR\u0118TAKI \u015aRUBOKR\u0118TY<\/h2>\n<p><b>Dane techniczne:<\/b><\/p>\n<ul>\n<li>Materia\u0142: stal CrV<\/li>\n<li>R\u0119koje\u015b\u0107: tworzywo dwukomponetowe<\/li>\n<li>Magnesowe ko\u0144c\u00f3wki<\/li>\n<li>Skala twardo\u015bci: <b>HRC 51-54<\/b><\/li>\n<\/ul>\n<h2>Zestaw zawiera:<\/h2>\n<p><b>Wkr\u0119taki p\u0142askie<\/b><\/p>\n<ul>\n<li>SL5x75 mm<\/li>\n<li>SL5x100 mm<\/li>\n<li>SL6x150 mm<\/li>\n<\/ul>\n<p><b>Wkr\u0119taki krzy\u017cowe PH<\/b><\/p>\n<ul>\n<li>PH0x75 mm<\/li>\n<li>PH1x100 mm<\/li>\n<li>PH2x125 mm<\/li>\n<\/ul>\n<\/section><\/div>\n<\/section>\n<section class=\"section\">\n<div class=\"item item-12\">\n<section class=\"image-item\">\n            <img decoding=\"async\" src=\"https:\/\/upload.cdn.baselinker.com\/products\/14476\/cc32b56004cb9b569ffa57cd264fac3d.jpg\"><br \/>\n        <\/section>\n<\/p><\/div>\n<\/section>\n<section class=\"section\">\n<div class=\"item item-12\">\n<section class=\"text-item\">\n<h2>Niezb\u0119dny element wyposa\u017cenia Twojego warsztatu!<\/h2>\n<p>Wysokiej jako\u015bci zestaw wkr\u0119tak\u00f3w zawieraj\u0105cy 6 element\u00f3w. Wkr\u0119taki wykonane zosta\u0142y ze stali CrV z magnetycznymi ko\u0144c\u00f3wkami o twardo\u015bci HRC 51-54. Ko\u0144c\u00f3wka ta u\u0142atwia prac\u0119, zw\u0142aszcza w trudno dost\u0119pnych miejscach. Komplet przeznaczony jest do odkr\u0119cania i dokr\u0119cania wkr\u0119t\u00f3w i \u015brub.<\/p>\n<ul>\n<li><b>Ergonomiczny uchwyt<\/b> zapewnia komfort pracy. Narz\u0119dzie pewnie trzyma si\u0119 w d\u0142oni, nie wy\u015blizguje si\u0119 podczas przeprowadzanych prac.<\/li>\n<li>Wkr\u0119taki wyposa\u017cono w uchwyty z otworem do zawieszenia.<\/li>\n<\/ul>\n<\/section><\/div>\n<\/section>\n<section class=\"section\">\n<div class=\"item item-12\">\n<section class=\"image-item\">\n            <img decoding=\"async\" src=\"https:\/\/upload.cdn.baselinker.com\/products\/14476\/cc32b56004cb9b569ffa57cd264fac3d.jpg\"><br \/>\n        <\/section>\n<\/p><\/div>\n<\/section>\n<section class=\"section\">\n<div class=\"item item-12\">\n<section class=\"text-item\">\n<h2>Zestaw sk\u0142ada si\u0119 z 6 wkr\u0119tak\u00f3w o r\u00f3\u017cnych parametrach technicznych:<\/h2>\n<p><b>\u2705 <\/b><b>Wkr\u0119taki p\u0142askie (SL)<\/b>, kt\u00f3re s\u0142u\u017c\u0105 do wkr\u0119cania lub wykr\u0119cania \u015brub i wkr\u0119t\u00f3w o pojedynczym pod\u0142u\u017cnym naci\u0119ciu na \u0142bie.<\/p>\n<ul>\n<li>SL5x75 mm<\/li>\n<li>SL5x100 mm<\/li>\n<li>SL6x150 mm<\/li>\n<\/ul>\n<p><b>\u2705<\/b> <b>Wkr\u0119taki krzy\u017cowe typu <\/b><b>Philips (PH)<\/b>, s\u0142u\u017c\u0105 g\u0142\u00f3wnie do pracy z wkr\u0119tami lub blachowkr\u0119tami do p\u0142yt p\u0142yt gipsowo-kartonowych. S\u0105 to jedne z najbardziej powszechnych na rynku wkr\u0119tak\u00f3w.<\/p>\n<ul>\n<li>PH0x75 mm<\/li>\n<li>PH1x100 mm<\/li>\n<li>PH2x125 mm<\/li>\n<\/ul>\n<\/section><\/div>\n<\/section>\n","protected":false},"excerpt":{"rendered":"<p>ZESTAW WKR\u0118TAK\u00d3W MAGNETYCZNE WKR\u0118TAKI \u015aRUBOKR\u0118TY Dane techniczne: Materia\u0142: stal CrV R\u0119koje\u015b\u0107: tworzywo dwukomponetowe Magnesowe ko\u0144c\u00f3wki Skala twardo\u015bci: HRC 51-54 Zestaw zawiera: Wkr\u0119taki p\u0142askie SL5x75 mm SL5x100 mm SL6x150 mm Wkr\u0119taki krzy\u017cowe PH PH0x75 mm PH1x100 mm PH2x125 mm Niezb\u0119dny element wyposa\u017cenia Twojego warsztatu! Wysokiej jako\u015bci zestaw wkr\u0119tak\u00f3w zawieraj\u0105cy 6 element\u00f3w. Wkr\u0119taki wykonane zosta\u0142y ze stali<br \/><a class=\"more-link\" href=\"https:\/\/bobimarket.pl\/index.php\/produkt\/zestaw-wkretakow-magnetyczne-wkretaki-srubokrety\/\"><br \/>\n        Czytaj wi\u0119cej<span class=\"screen-reader-text\"> &#8222;ZESTAW WKR\u0118TAK\u00d3W MAGNETYCZNE WKR\u0118TAKI \u015aRUBOKR\u0118TY&#8221;<\/span><\/a><\/p>\n","protected":false},"featured_media":92629,"template":"","meta":[],"product_cat":[8071],"product_tag":[],"yoast_head":"<!-- This site is optimized with the Yoast SEO plugin v21.0 - https:\/\/yoast.com\/wordpress\/plugins\/seo\/ -->\n<title>ZESTAW WKR\u0118TAK\u00d3W MAGNETYCZNE WKR\u0118TAKI \u015aRUBOKR\u0118TY - BOBIMARKET.pl - Remontuj i urz\u0105dzaj z nami<\/title>\n<meta name=\"robots\" content=\"index, follow, max-snippet:-1, max-image-preview:large, max-video-preview:-1\" \/>\n<link rel=\"canonical\" href=\"https:\/\/bobimarket.pl\/index.php\/produkt\/zestaw-wkretakow-magnetyczne-wkretaki-srubokrety\/\" \/>\n<meta property=\"og:locale\" content=\"pl_PL\" \/>\n<meta property=\"og:type\" content=\"article\" \/>\n<meta property=\"og:title\" content=\"ZESTAW WKR\u0118TAK\u00d3W MAGNETYCZNE WKR\u0118TAKI \u015aRUBOKR\u0118TY - BOBIMARKET.pl - Remontuj i urz\u0105dzaj z nami\" \/>\n<meta property=\"og:description\" content=\"ZESTAW WKR\u0118TAK\u00d3W MAGNETYCZNE WKR\u0118TAKI \u015aRUBOKR\u0118TY Dane techniczne: Materia\u0142: stal CrV R\u0119koje\u015b\u0107: tworzywo dwukomponetowe Magnesowe ko\u0144c\u00f3wki Skala twardo\u015bci: HRC 51-54 Zestaw zawiera: Wkr\u0119taki p\u0142askie SL5x75 mm SL5x100 mm SL6x150 mm Wkr\u0119taki krzy\u017cowe PH PH0x75 mm PH1x100 mm PH2x125 mm Niezb\u0119dny element wyposa\u017cenia Twojego warsztatu! Wysokiej jako\u015bci zestaw wkr\u0119tak\u00f3w zawieraj\u0105cy 6 element\u00f3w. Wkr\u0119taki wykonane zosta\u0142y ze stali     Czytaj wi\u0119cej &quot;ZESTAW WKR\u0118TAK\u00d3W MAGNETYCZNE WKR\u0118TAKI \u015aRUBOKR\u0118TY&quot;\" \/>\n<meta property=\"og:url\" content=\"https:\/\/bobimarket.pl\/index.php\/produkt\/zestaw-wkretakow-magnetyczne-wkretaki-srubokrety\/\" \/>\n<meta property=\"og:site_name\" content=\"BOBIMARKET.pl - Remontuj i urz\u0105dzaj z nami\" \/>\n<meta property=\"article:modified_time\" content=\"2025-02-27T15:57:31+00:00\" \/>\n<meta property=\"og:image\" content=\"https:\/\/upload.cdn.baselinker.com\/products\/14476\/cc32b56004cb9b569ffa57cd264fac3d.jpg\" \/>\n<meta name=\"twitter:card\" content=\"summary_large_image\" \/>\n<meta name=\"twitter:label1\" content=\"Szacowany czas czytania\" \/>\n\t<meta name=\"twitter:data1\" content=\"1 minuta\" \/>\n<script type=\"application\/ld+json\" class=\"yoast-schema-graph\">{\"@context\":\"https:\/\/schema.org\",\"@graph\":[{\"@type\":\"WebPage\",\"@id\":\"https:\/\/bobimarket.pl\/index.php\/produkt\/zestaw-wkretakow-magnetyczne-wkretaki-srubokrety\/\",\"url\":\"https:\/\/bobimarket.pl\/index.php\/produkt\/zestaw-wkretakow-magnetyczne-wkretaki-srubokrety\/\",\"name\":\"ZESTAW WKR\u0118TAK\u00d3W MAGNETYCZNE WKR\u0118TAKI \u015aRUBOKR\u0118TY - BOBIMARKET.pl - Remontuj i urz\u0105dzaj z nami\",\"isPartOf\":{\"@id\":\"https:\/\/bobimarket.pl\/#website\"},\"datePublished\":\"2023-08-30T06:49:03+00:00\",\"dateModified\":\"2025-02-27T15:57:31+00:00\",\"breadcrumb\":{\"@id\":\"https:\/\/bobimarket.pl\/index.php\/produkt\/zestaw-wkretakow-magnetyczne-wkretaki-srubokrety\/#breadcrumb\"},\"inLanguage\":\"pl-PL\",\"potentialAction\":[{\"@type\":\"ReadAction\",\"target\":[\"https:\/\/bobimarket.pl\/index.php\/produkt\/zestaw-wkretakow-magnetyczne-wkretaki-srubokrety\/\"]}]},{\"@type\":\"BreadcrumbList\",\"@id\":\"https:\/\/bobimarket.pl\/index.php\/produkt\/zestaw-wkretakow-magnetyczne-wkretaki-srubokrety\/#breadcrumb\",\"itemListElement\":[{\"@type\":\"ListItem\",\"position\":1,\"name\":\"Strona g\u0142\u00f3wna\",\"item\":\"https:\/\/bobimarket.pl\/\"},{\"@type\":\"ListItem\",\"position\":2,\"name\":\"Sklep\",\"item\":\"https:\/\/bobimarket.pl\/index.php\/shop\/\"},{\"@type\":\"ListItem\",\"position\":3,\"name\":\"ZESTAW WKR\u0118TAK\u00d3W MAGNETYCZNE WKR\u0118TAKI \u015aRUBOKR\u0118TY\"}]},{\"@type\":\"WebSite\",\"@id\":\"https:\/\/bobimarket.pl\/#website\",\"url\":\"https:\/\/bobimarket.pl\/\",\"name\":\"BOBIMARKET.pl - Remontuj i urz\u0105dzaj z nami\",\"description\":\"Remontuj i urz\u0105dzaj z nami\",\"publisher\":{\"@id\":\"https:\/\/bobimarket.pl\/#organization\"},\"potentialAction\":[{\"@type\":\"SearchAction\",\"target\":{\"@type\":\"EntryPoint\",\"urlTemplate\":\"https:\/\/bobimarket.pl\/?s={search_term_string}\"},\"query-input\":\"required name=search_term_string\"}],\"inLanguage\":\"pl-PL\"},{\"@type\":\"Organization\",\"@id\":\"https:\/\/bobimarket.pl\/#organization\",\"name\":\"BOBIMARKET.pl\",\"url\":\"https:\/\/bobimarket.pl\/\",\"logo\":{\"@type\":\"ImageObject\",\"inLanguage\":\"pl-PL\",\"@id\":\"https:\/\/bobimarket.pl\/#\/schema\/logo\/image\/\",\"url\":\"https:\/\/bobimarket.pl\/wp-content\/uploads\/2021\/11\/slogan.png\",\"contentUrl\":\"https:\/\/bobimarket.pl\/wp-content\/uploads\/2021\/11\/slogan.png\",\"width\":2000,\"height\":384,\"caption\":\"BOBIMARKET.pl\"},\"image\":{\"@id\":\"https:\/\/bobimarket.pl\/#\/schema\/logo\/image\/\"}}]}<\/script>\n<!-- \/ Yoast SEO plugin. -->","yoast_head_json":{"title":"ZESTAW WKR\u0118TAK\u00d3W MAGNETYCZNE WKR\u0118TAKI \u015aRUBOKR\u0118TY - BOBIMARKET.pl - Remontuj i urz\u0105dzaj z nami","robots":{"index":"index","follow":"follow","max-snippet":"max-snippet:-1","max-image-preview":"max-image-preview:large","max-video-preview":"max-video-preview:-1"},"canonical":"https:\/\/bobimarket.pl\/index.php\/produkt\/zestaw-wkretakow-magnetyczne-wkretaki-srubokrety\/","og_locale":"pl_PL","og_type":"article","og_title":"ZESTAW WKR\u0118TAK\u00d3W MAGNETYCZNE WKR\u0118TAKI \u015aRUBOKR\u0118TY - BOBIMARKET.pl - Remontuj i urz\u0105dzaj z nami","og_description":"ZESTAW WKR\u0118TAK\u00d3W MAGNETYCZNE WKR\u0118TAKI \u015aRUBOKR\u0118TY Dane techniczne: Materia\u0142: stal CrV R\u0119koje\u015b\u0107: tworzywo dwukomponetowe Magnesowe ko\u0144c\u00f3wki Skala twardo\u015bci: HRC 51-54 Zestaw zawiera: Wkr\u0119taki p\u0142askie SL5x75 mm SL5x100 mm SL6x150 mm Wkr\u0119taki krzy\u017cowe PH PH0x75 mm PH1x100 mm PH2x125 mm Niezb\u0119dny element wyposa\u017cenia Twojego warsztatu! Wysokiej jako\u015bci zestaw wkr\u0119tak\u00f3w zawieraj\u0105cy 6 element\u00f3w. Wkr\u0119taki wykonane zosta\u0142y ze stali     Czytaj wi\u0119cej \"ZESTAW WKR\u0118TAK\u00d3W MAGNETYCZNE WKR\u0118TAKI \u015aRUBOKR\u0118TY\"","og_url":"https:\/\/bobimarket.pl\/index.php\/produkt\/zestaw-wkretakow-magnetyczne-wkretaki-srubokrety\/","og_site_name":"BOBIMARKET.pl - Remontuj i urz\u0105dzaj z nami","article_modified_time":"2025-02-27T15:57:31+00:00","og_image":[{"url":"https:\/\/upload.cdn.baselinker.com\/products\/14476\/cc32b56004cb9b569ffa57cd264fac3d.jpg"}],"twitter_card":"summary_large_image","twitter_misc":{"Szacowany czas czytania":"1 minuta"},"schema":{"@context":"https:\/\/schema.org","@graph":[{"@type":"WebPage","@id":"https:\/\/bobimarket.pl\/index.php\/produkt\/zestaw-wkretakow-magnetyczne-wkretaki-srubokrety\/","url":"https:\/\/bobimarket.pl\/index.php\/produkt\/zestaw-wkretakow-magnetyczne-wkretaki-srubokrety\/","name":"ZESTAW WKR\u0118TAK\u00d3W MAGNETYCZNE WKR\u0118TAKI \u015aRUBOKR\u0118TY - BOBIMARKET.pl - Remontuj i urz\u0105dzaj z nami","isPartOf":{"@id":"https:\/\/bobimarket.pl\/#website"},"datePublished":"2023-08-30T06:49:03+00:00","dateModified":"2025-02-27T15:57:31+00:00","breadcrumb":{"@id":"https:\/\/bobimarket.pl\/index.php\/produkt\/zestaw-wkretakow-magnetyczne-wkretaki-srubokrety\/#breadcrumb"},"inLanguage":"pl-PL","potentialAction":[{"@type":"ReadAction","target":["https:\/\/bobimarket.pl\/index.php\/produkt\/zestaw-wkretakow-magnetyczne-wkretaki-srubokrety\/"]}]},{"@type":"BreadcrumbList","@id":"https:\/\/bobimarket.pl\/index.php\/produkt\/zestaw-wkretakow-magnetyczne-wkretaki-srubokrety\/#breadcrumb","itemListElement":[{"@type":"ListItem","position":1,"name":"Strona g\u0142\u00f3wna","item":"https:\/\/bobimarket.pl\/"},{"@type":"ListItem","position":2,"name":"Sklep","item":"https:\/\/bobimarket.pl\/index.php\/shop\/"},{"@type":"ListItem","position":3,"name":"ZESTAW WKR\u0118TAK\u00d3W MAGNETYCZNE WKR\u0118TAKI \u015aRUBOKR\u0118TY"}]},{"@type":"WebSite","@id":"https:\/\/bobimarket.pl\/#website","url":"https:\/\/bobimarket.pl\/","name":"BOBIMARKET.pl - Remontuj i urz\u0105dzaj z nami","description":"Remontuj i urz\u0105dzaj z nami","publisher":{"@id":"https:\/\/bobimarket.pl\/#organization"},"potentialAction":[{"@type":"SearchAction","target":{"@type":"EntryPoint","urlTemplate":"https:\/\/bobimarket.pl\/?s={search_term_string}"},"query-input":"required name=search_term_string"}],"inLanguage":"pl-PL"},{"@type":"Organization","@id":"https:\/\/bobimarket.pl\/#organization","name":"BOBIMARKET.pl","url":"https:\/\/bobimarket.pl\/","logo":{"@type":"ImageObject","inLanguage":"pl-PL","@id":"https:\/\/bobimarket.pl\/#\/schema\/logo\/image\/","url":"https:\/\/bobimarket.pl\/wp-content\/uploads\/2021\/11\/slogan.png","contentUrl":"https:\/\/bobimarket.pl\/wp-content\/uploads\/2021\/11\/slogan.png","width":2000,"height":384,"caption":"BOBIMARKET.pl"},"image":{"@id":"https:\/\/bobimarket.pl\/#\/schema\/logo\/image\/"}}]}},"_links":{"self":[{"href":"https:\/\/bobimarket.pl\/index.php\/wp-json\/wp\/v2\/product\/92630"}],"collection":[{"href":"https:\/\/bobimarket.pl\/index.php\/wp-json\/wp\/v2\/product"}],"about":[{"href":"https:\/\/bobimarket.pl\/index.php\/wp-json\/wp\/v2\/types\/product"}],"wp:featuredmedia":[{"embeddable":true,"href":"https:\/\/bobimarket.pl\/index.php\/wp-json\/wp\/v2\/media\/92629"}],"wp:attachment":[{"href":"https:\/\/bobimarket.pl\/index.php\/wp-json\/wp\/v2\/media?parent=92630"}],"wp:term":[{"taxonomy":"product_cat","embeddable":true,"href":"https:\/\/bobimarket.pl\/index.php\/wp-json\/wp\/v2\/product_cat?post=92630"},{"taxonomy":"product_tag","embeddable":true,"href":"https:\/\/bobimarket.pl\/index.php\/wp-json\/wp\/v2\/product_tag?post=92630"}],"curies":[{"name":"wp","href":"https:\/\/api.w.org\/{rel}","templated":true}]}}