{"id":95185,"date":"2023-08-30T10:13:55","date_gmt":"2023-08-30T10:13:55","guid":{"rendered":"https:\/\/bobimarket.pl\/index.php\/produkt\/cukinia-mieszanka-roznych-odmian-nasiona-bez-gmo\/"},"modified":"2025-02-27T16:16:40","modified_gmt":"2025-02-27T16:16:40","slug":"cukinia-mieszanka-roznych-odmian-nasiona-bez-gmo","status":"publish","type":"product","link":"https:\/\/bobimarket.pl\/index.php\/produkt\/cukinia-mieszanka-roznych-odmian-nasiona-bez-gmo\/","title":{"rendered":"CUKINIA MIESZANKA R\u00d3\u017bNYCH ODMIAN NASIONA BEZ GMO"},"content":{"rendered":"<section class=\"section\">\n<div class=\"item item-12\">\n<section class=\"text-item\">\n<h2>CUKINIA MIESZANKA R\u00d3\u017bNYCH ODMIAN NASIONA BEZ GMO<\/h2>\n<p><b>\u2705 Infomacje og\u00f3lne:<\/b><\/p>\n<ul>\n<li>Liczba nasion: <b>3-5 szt. w gramie<\/b><\/li>\n<li>Norma wysiewu: <b>3-4 kg\/ha<\/b><\/li>\n<\/ul>\n<p>\u2705 Terminy wysiewu\/zbioru:<\/p>\n<ul>\n<li>Termin wysiewu: <b>1 dekada IV (rozsada);1 dekada V (siew)<\/b><\/li>\n<li>Termin sadzenia: <b>2 dekada V<\/b><\/li>\n<li>Rozstawa: <b>80x100cm<\/b><\/li>\n<li>Termin zbioru:\u00a0<b>VII -IX<\/b><\/li>\n<\/ul>\n<p>\u2705\u00a0Wegetacja: <b>65-70 dni<\/b><\/p>\n<p>\u2705 Opakowanie:<b>\u00a06g<\/b><\/p>\n<h1>NASIONA BEZ GMO OD POLSKIEGO PRODUCENTA!<\/h1>\n<\/section><\/div>\n<\/section>\n<section class=\"section\">\n<div class=\"item item-12\">\n<section class=\"image-item\">\n            <img decoding=\"async\" src=\"https:\/\/upload.cdn.baselinker.com\/products\/14476\/076b12fcfb01045afcc7ad748f4177c0.jpg\" \/><br \/>\n        <\/section>\n<\/p><\/div>\n<\/section>\n<section class=\"section\">\n<div class=\"item item-12\">\n<section class=\"text-item\">\n<h2>MIESZANKA CUKINI NASIONA<\/h2>\n<p>Mieszanka CUKINI to <b>mix odmian o\u00a0wielobarwnych owocach, od \u017c\u00f3\u0142tych, przez jasnozielone pr\u0105\u017ckowane po ciemnozielone<\/b>. Cukinie s\u0105 bogate w\u00a0witaminy oraz sole mineralne. M\u0142ode cukinie doskonale nadaj\u0105 si\u0119 do sa\u0142atek, kiszenia, a\u00a0dojrza\u0142e owoce s\u0105 idealne do sma\u017cenia i\u00a0gotowania. Cukinie s\u0105 lekkostrawne i\u00a0\u015bwietnie nadaj\u0105 si\u0119 jako uzupe\u0142nienie zar\u00f3wno dan wegetarianskich oraz mi\u0119snych.<\/p>\n<p><b>\u2705 <\/b>Mi\u0105\u017csz <b>smaczny i wyj\u0105tkowo delikatny. <\/b><\/p>\n<\/section><\/div>\n<\/section>\n<section class=\"section\">\n<div class=\"item item-12\">\n<section class=\"image-item\">\n            <img decoding=\"async\" src=\"https:\/\/upload.cdn.baselinker.com\/products\/14476\/c2eb3a6616f77046314adccc3109a268.jpg\" \/><br \/>\n        <\/section>\n<\/p><\/div>\n<\/section>\n<section class=\"section\">\n<div class=\"item item-12\">\n<section class=\"text-item\">\n<h2>\u2705 Kupuj\u0105c u nas zyskujesz wi\u0119cej nasion!<\/h2>\n<p>Zwr\u00f3ci\u0107 uwag\u0119 na mas\u0119 nasion w torebce! Cz\u0119sto ta\u0144sze oferty zawieraj\u0105 jedynie kilka nasion, dlatego bardziej op\u0142acalny jest zakup wi\u0119kszej masy nasion w opakowaniu, kt\u00f3re w przeliczeniu ceny i wagi mog\u0105 okaza\u0107 si\u0119 tak naprawd\u0119 ta\u0144sze!<\/p>\n<ul>\n<li>Kupuj\u0105c wi\u0119ksze opakowanie z<b> jednej paczuszki mo\u017cesz uzyska\u0107 wi\u0119ksz\u0105 liczb\u0119 rozsad<\/b>, przy mniejszym nak\u0142adzie finansowym!<\/li>\n<\/ul>\n<\/section><\/div>\n<\/section>\n<section class=\"section\">\n<div class=\"item item-12\">\n<section class=\"text-item\">\n<h1>WI\u0118KSZE OPAKOWANIE = WI\u0118CEJ NASION = LEPSZA CENA<\/h1>\n<\/section><\/div>\n<\/section>\n<section class=\"section\">\n<div class=\"item item-12\">\n<section class=\"image-item\">\n            <img decoding=\"async\" src=\"https:\/\/upload.cdn.baselinker.com\/products\/14476\/8ec528ccf803d05ad6f403db30dde46e.jpg\" \/><br \/>\n        <\/section>\n<\/p><\/div>\n<\/section>\n<section class=\"section\">\n<div class=\"item item-12\">\n<section class=\"text-item\">\n<h1>Kup sprawdzone nasiona!<\/h1>\n<ul>\n<li>Nasiona renomowanego<b> POLSKIEGO PRODUCENTA<\/b>!<\/li>\n<li>Sklep wpisany do rejestru i podlegaj\u0105cy pod Wojew\u00f3dzki Inspektorat Ochrony Ro\u015blin i Nasiennictwa.<\/li>\n<li>Ka\u017cda torebka nasion posiada <b>PASZPORT RO\u015aLINY, <\/b>kt\u00f3ry jest gwarancj\u0105, \u017ce nasiona zosta\u0142y skontrolowane\u00a0 i s\u0105 wolne od organizm\u00f3w szkodliwych.<\/li>\n<li>Nasiona, z kt\u00f3rych wyrosn\u0105 Twoje ro\u015bliny powsta\u0142y w tradycyjnej hodowli <b>bez udzia\u0142u genetycznej modyfikacji (BEZ GMO!!! ).<\/b><\/li>\n<\/ul>\n<\/section><\/div>\n<\/section>\n<section class=\"section\">\n<div class=\"item item-12\">\n<section class=\"image-item\">\n            <img decoding=\"async\" src=\"https:\/\/upload.cdn.baselinker.com\/products\/14476\/4b349c6e54a430e4d9cc8a47021bf6cd.png\" \/><br \/>\n        <\/section>\n<\/p><\/div>\n<\/section>\n<section class=\"section\">\n<div class=\"item item-12\">\n<section class=\"text-item\">\n<h1>Ju\u017c nied\u0142ugo puste grz\u0105dki zape\u0142ni\u0105 si\u0119 warzywami!<\/h1>\n<p>\u2705 <b>Wyhoduj w\u0142asne warzywa<\/b>, kt\u00f3re b\u0119d\u0105 zdrowe, smaczne \u00a0i ekologiczne. Spraw, \u017ce z ka\u017cdego nasionka wyro\u015bnie upragnione warzywo, kt\u00f3re b\u0119dzie \u017ar\u00f3d\u0142em \u00a0wielu witamin, soli mineralnych i innych sk\u0142adnik\u00f3w od\u017cywczych.<\/p>\n<p>\u2705 Samodzielna uprawa ro\u015blin to<b> gwarancja, \u017ce warzywa s\u0105 zdrowe<\/b>, nie zawieraj\u0105 pestycyd\u00f3w ani innych szkodliwych zwi\u0105zk\u00f3w chemicznych.<\/p>\n<\/section><\/div>\n<\/section>\n<section class=\"section\">\n<div class=\"item item-12\">\n<section class=\"image-item\">\n            <img decoding=\"async\" src=\"https:\/\/upload.cdn.baselinker.com\/products\/14476\/495fd6e3f7c1a7bcb26d084a578241a1.jpg\" \/><br \/>\n        <\/section>\n<\/p><\/div>\n<\/section>\n","protected":false},"excerpt":{"rendered":"<p>CUKINIA MIESZANKA R\u00d3\u017bNYCH ODMIAN NASIONA BEZ GMO \u2705 Infomacje og\u00f3lne: Liczba nasion: 3-5 szt. w gramie Norma wysiewu: 3-4 kg\/ha \u2705 Terminy wysiewu\/zbioru: Termin wysiewu: 1 dekada IV (rozsada);1 dekada V (siew) Termin sadzenia: 2 dekada V Rozstawa: 80x100cm Termin zbioru:\u00a0VII -IX \u2705\u00a0Wegetacja: 65-70 dni \u2705 Opakowanie:\u00a06g NASIONA BEZ GMO OD POLSKIEGO PRODUCENTA! MIESZANKA CUKINI<br \/><a class=\"more-link\" href=\"https:\/\/bobimarket.pl\/index.php\/produkt\/cukinia-mieszanka-roznych-odmian-nasiona-bez-gmo\/\"><br \/>\n        Czytaj wi\u0119cej<span class=\"screen-reader-text\"> &#8222;CUKINIA MIESZANKA R\u00d3\u017bNYCH ODMIAN NASIONA BEZ GMO&#8221;<\/span><\/a><\/p>\n","protected":false},"featured_media":95175,"template":"","meta":[],"product_cat":[8125],"product_tag":[],"yoast_head":"<!-- This site is optimized with the Yoast SEO plugin v21.0 - https:\/\/yoast.com\/wordpress\/plugins\/seo\/ -->\n<title>CUKINIA MIESZANKA R\u00d3\u017bNYCH ODMIAN NASIONA BEZ GMO - BOBIMARKET.pl - Remontuj i urz\u0105dzaj z nami<\/title>\n<meta name=\"robots\" content=\"index, follow, max-snippet:-1, max-image-preview:large, max-video-preview:-1\" \/>\n<link rel=\"canonical\" href=\"https:\/\/bobimarket.pl\/index.php\/produkt\/cukinia-mieszanka-roznych-odmian-nasiona-bez-gmo\/\" \/>\n<meta property=\"og:locale\" content=\"pl_PL\" \/>\n<meta property=\"og:type\" content=\"article\" \/>\n<meta property=\"og:title\" content=\"CUKINIA MIESZANKA R\u00d3\u017bNYCH ODMIAN NASIONA BEZ GMO - BOBIMARKET.pl - Remontuj i urz\u0105dzaj z nami\" \/>\n<meta property=\"og:description\" content=\"CUKINIA MIESZANKA R\u00d3\u017bNYCH ODMIAN NASIONA BEZ GMO \u2705 Infomacje og\u00f3lne: Liczba nasion: 3-5 szt. w gramie Norma wysiewu: 3-4 kg\/ha \u2705 Terminy wysiewu\/zbioru: Termin wysiewu: 1 dekada IV (rozsada);1 dekada V (siew) Termin sadzenia: 2 dekada V Rozstawa: 80x100cm Termin zbioru:\u00a0VII -IX \u2705\u00a0Wegetacja: 65-70 dni \u2705 Opakowanie:\u00a06g NASIONA BEZ GMO OD POLSKIEGO PRODUCENTA! MIESZANKA CUKINI     Czytaj wi\u0119cej &quot;CUKINIA MIESZANKA R\u00d3\u017bNYCH ODMIAN NASIONA BEZ GMO&quot;\" \/>\n<meta property=\"og:url\" content=\"https:\/\/bobimarket.pl\/index.php\/produkt\/cukinia-mieszanka-roznych-odmian-nasiona-bez-gmo\/\" \/>\n<meta property=\"og:site_name\" content=\"BOBIMARKET.pl - Remontuj i urz\u0105dzaj z nami\" \/>\n<meta property=\"article:modified_time\" content=\"2025-02-27T16:16:40+00:00\" \/>\n<meta property=\"og:image\" content=\"https:\/\/upload.cdn.baselinker.com\/products\/14476\/076b12fcfb01045afcc7ad748f4177c0.jpg\" \/>\n<meta name=\"twitter:card\" content=\"summary_large_image\" \/>\n<meta name=\"twitter:label1\" content=\"Szacowany czas czytania\" \/>\n\t<meta name=\"twitter:data1\" content=\"2 minuty\" \/>\n<script type=\"application\/ld+json\" class=\"yoast-schema-graph\">{\"@context\":\"https:\/\/schema.org\",\"@graph\":[{\"@type\":\"WebPage\",\"@id\":\"https:\/\/bobimarket.pl\/index.php\/produkt\/cukinia-mieszanka-roznych-odmian-nasiona-bez-gmo\/\",\"url\":\"https:\/\/bobimarket.pl\/index.php\/produkt\/cukinia-mieszanka-roznych-odmian-nasiona-bez-gmo\/\",\"name\":\"CUKINIA MIESZANKA R\u00d3\u017bNYCH ODMIAN NASIONA BEZ GMO - BOBIMARKET.pl - Remontuj i urz\u0105dzaj z nami\",\"isPartOf\":{\"@id\":\"https:\/\/bobimarket.pl\/#website\"},\"datePublished\":\"2023-08-30T10:13:55+00:00\",\"dateModified\":\"2025-02-27T16:16:40+00:00\",\"breadcrumb\":{\"@id\":\"https:\/\/bobimarket.pl\/index.php\/produkt\/cukinia-mieszanka-roznych-odmian-nasiona-bez-gmo\/#breadcrumb\"},\"inLanguage\":\"pl-PL\",\"potentialAction\":[{\"@type\":\"ReadAction\",\"target\":[\"https:\/\/bobimarket.pl\/index.php\/produkt\/cukinia-mieszanka-roznych-odmian-nasiona-bez-gmo\/\"]}]},{\"@type\":\"BreadcrumbList\",\"@id\":\"https:\/\/bobimarket.pl\/index.php\/produkt\/cukinia-mieszanka-roznych-odmian-nasiona-bez-gmo\/#breadcrumb\",\"itemListElement\":[{\"@type\":\"ListItem\",\"position\":1,\"name\":\"Strona g\u0142\u00f3wna\",\"item\":\"https:\/\/bobimarket.pl\/\"},{\"@type\":\"ListItem\",\"position\":2,\"name\":\"Sklep\",\"item\":\"https:\/\/bobimarket.pl\/index.php\/shop\/\"},{\"@type\":\"ListItem\",\"position\":3,\"name\":\"CUKINIA MIESZANKA R\u00d3\u017bNYCH ODMIAN NASIONA BEZ GMO\"}]},{\"@type\":\"WebSite\",\"@id\":\"https:\/\/bobimarket.pl\/#website\",\"url\":\"https:\/\/bobimarket.pl\/\",\"name\":\"BOBIMARKET.pl - Remontuj i urz\u0105dzaj z nami\",\"description\":\"Remontuj i urz\u0105dzaj z nami\",\"publisher\":{\"@id\":\"https:\/\/bobimarket.pl\/#organization\"},\"potentialAction\":[{\"@type\":\"SearchAction\",\"target\":{\"@type\":\"EntryPoint\",\"urlTemplate\":\"https:\/\/bobimarket.pl\/?s={search_term_string}\"},\"query-input\":\"required name=search_term_string\"}],\"inLanguage\":\"pl-PL\"},{\"@type\":\"Organization\",\"@id\":\"https:\/\/bobimarket.pl\/#organization\",\"name\":\"BOBIMARKET.pl\",\"url\":\"https:\/\/bobimarket.pl\/\",\"logo\":{\"@type\":\"ImageObject\",\"inLanguage\":\"pl-PL\",\"@id\":\"https:\/\/bobimarket.pl\/#\/schema\/logo\/image\/\",\"url\":\"https:\/\/bobimarket.pl\/wp-content\/uploads\/2021\/11\/slogan.png\",\"contentUrl\":\"https:\/\/bobimarket.pl\/wp-content\/uploads\/2021\/11\/slogan.png\",\"width\":2000,\"height\":384,\"caption\":\"BOBIMARKET.pl\"},\"image\":{\"@id\":\"https:\/\/bobimarket.pl\/#\/schema\/logo\/image\/\"}}]}<\/script>\n<!-- \/ Yoast SEO plugin. -->","yoast_head_json":{"title":"CUKINIA MIESZANKA R\u00d3\u017bNYCH ODMIAN NASIONA BEZ GMO - BOBIMARKET.pl - Remontuj i urz\u0105dzaj z nami","robots":{"index":"index","follow":"follow","max-snippet":"max-snippet:-1","max-image-preview":"max-image-preview:large","max-video-preview":"max-video-preview:-1"},"canonical":"https:\/\/bobimarket.pl\/index.php\/produkt\/cukinia-mieszanka-roznych-odmian-nasiona-bez-gmo\/","og_locale":"pl_PL","og_type":"article","og_title":"CUKINIA MIESZANKA R\u00d3\u017bNYCH ODMIAN NASIONA BEZ GMO - BOBIMARKET.pl - Remontuj i urz\u0105dzaj z nami","og_description":"CUKINIA MIESZANKA R\u00d3\u017bNYCH ODMIAN NASIONA BEZ GMO \u2705 Infomacje og\u00f3lne: Liczba nasion: 3-5 szt. w gramie Norma wysiewu: 3-4 kg\/ha \u2705 Terminy wysiewu\/zbioru: Termin wysiewu: 1 dekada IV (rozsada);1 dekada V (siew) Termin sadzenia: 2 dekada V Rozstawa: 80x100cm Termin zbioru:\u00a0VII -IX \u2705\u00a0Wegetacja: 65-70 dni \u2705 Opakowanie:\u00a06g NASIONA BEZ GMO OD POLSKIEGO PRODUCENTA! MIESZANKA CUKINI     Czytaj wi\u0119cej \"CUKINIA MIESZANKA R\u00d3\u017bNYCH ODMIAN NASIONA BEZ GMO\"","og_url":"https:\/\/bobimarket.pl\/index.php\/produkt\/cukinia-mieszanka-roznych-odmian-nasiona-bez-gmo\/","og_site_name":"BOBIMARKET.pl - Remontuj i urz\u0105dzaj z nami","article_modified_time":"2025-02-27T16:16:40+00:00","og_image":[{"url":"https:\/\/upload.cdn.baselinker.com\/products\/14476\/076b12fcfb01045afcc7ad748f4177c0.jpg"}],"twitter_card":"summary_large_image","twitter_misc":{"Szacowany czas czytania":"2 minuty"},"schema":{"@context":"https:\/\/schema.org","@graph":[{"@type":"WebPage","@id":"https:\/\/bobimarket.pl\/index.php\/produkt\/cukinia-mieszanka-roznych-odmian-nasiona-bez-gmo\/","url":"https:\/\/bobimarket.pl\/index.php\/produkt\/cukinia-mieszanka-roznych-odmian-nasiona-bez-gmo\/","name":"CUKINIA MIESZANKA R\u00d3\u017bNYCH ODMIAN NASIONA BEZ GMO - BOBIMARKET.pl - Remontuj i urz\u0105dzaj z nami","isPartOf":{"@id":"https:\/\/bobimarket.pl\/#website"},"datePublished":"2023-08-30T10:13:55+00:00","dateModified":"2025-02-27T16:16:40+00:00","breadcrumb":{"@id":"https:\/\/bobimarket.pl\/index.php\/produkt\/cukinia-mieszanka-roznych-odmian-nasiona-bez-gmo\/#breadcrumb"},"inLanguage":"pl-PL","potentialAction":[{"@type":"ReadAction","target":["https:\/\/bobimarket.pl\/index.php\/produkt\/cukinia-mieszanka-roznych-odmian-nasiona-bez-gmo\/"]}]},{"@type":"BreadcrumbList","@id":"https:\/\/bobimarket.pl\/index.php\/produkt\/cukinia-mieszanka-roznych-odmian-nasiona-bez-gmo\/#breadcrumb","itemListElement":[{"@type":"ListItem","position":1,"name":"Strona g\u0142\u00f3wna","item":"https:\/\/bobimarket.pl\/"},{"@type":"ListItem","position":2,"name":"Sklep","item":"https:\/\/bobimarket.pl\/index.php\/shop\/"},{"@type":"ListItem","position":3,"name":"CUKINIA MIESZANKA R\u00d3\u017bNYCH ODMIAN NASIONA BEZ GMO"}]},{"@type":"WebSite","@id":"https:\/\/bobimarket.pl\/#website","url":"https:\/\/bobimarket.pl\/","name":"BOBIMARKET.pl - Remontuj i urz\u0105dzaj z nami","description":"Remontuj i urz\u0105dzaj z nami","publisher":{"@id":"https:\/\/bobimarket.pl\/#organization"},"potentialAction":[{"@type":"SearchAction","target":{"@type":"EntryPoint","urlTemplate":"https:\/\/bobimarket.pl\/?s={search_term_string}"},"query-input":"required name=search_term_string"}],"inLanguage":"pl-PL"},{"@type":"Organization","@id":"https:\/\/bobimarket.pl\/#organization","name":"BOBIMARKET.pl","url":"https:\/\/bobimarket.pl\/","logo":{"@type":"ImageObject","inLanguage":"pl-PL","@id":"https:\/\/bobimarket.pl\/#\/schema\/logo\/image\/","url":"https:\/\/bobimarket.pl\/wp-content\/uploads\/2021\/11\/slogan.png","contentUrl":"https:\/\/bobimarket.pl\/wp-content\/uploads\/2021\/11\/slogan.png","width":2000,"height":384,"caption":"BOBIMARKET.pl"},"image":{"@id":"https:\/\/bobimarket.pl\/#\/schema\/logo\/image\/"}}]}},"_links":{"self":[{"href":"https:\/\/bobimarket.pl\/index.php\/wp-json\/wp\/v2\/product\/95185"}],"collection":[{"href":"https:\/\/bobimarket.pl\/index.php\/wp-json\/wp\/v2\/product"}],"about":[{"href":"https:\/\/bobimarket.pl\/index.php\/wp-json\/wp\/v2\/types\/product"}],"wp:featuredmedia":[{"embeddable":true,"href":"https:\/\/bobimarket.pl\/index.php\/wp-json\/wp\/v2\/media\/95175"}],"wp:attachment":[{"href":"https:\/\/bobimarket.pl\/index.php\/wp-json\/wp\/v2\/media?parent=95185"}],"wp:term":[{"taxonomy":"product_cat","embeddable":true,"href":"https:\/\/bobimarket.pl\/index.php\/wp-json\/wp\/v2\/product_cat?post=95185"},{"taxonomy":"product_tag","embeddable":true,"href":"https:\/\/bobimarket.pl\/index.php\/wp-json\/wp\/v2\/product_tag?post=95185"}],"curies":[{"name":"wp","href":"https:\/\/api.w.org\/{rel}","templated":true}]}}