{"id":95575,"date":"2023-08-30T10:39:48","date_gmt":"2023-08-30T10:39:48","guid":{"rendered":"https:\/\/bobimarket.pl\/index.php\/produkt\/doniczka-do-wysiewu-rozsad-wielodoniczka-5x4-5-szt\/"},"modified":"2025-02-27T16:19:04","modified_gmt":"2025-02-27T16:19:04","slug":"doniczka-do-wysiewu-rozsad-wielodoniczka-5x4-5-szt","status":"publish","type":"product","link":"https:\/\/bobimarket.pl\/index.php\/produkt\/doniczka-do-wysiewu-rozsad-wielodoniczka-5x4-5-szt\/","title":{"rendered":"DONICZKA DO WYSIEWU ROZSAD WIELODONICZKA  5&#215;4 5 szt."},"content":{"rendered":"<section class=\"section\">\n<div class=\"item item-12\">\n<section class=\"text-item\">\n<h2>DONICZKA DO WYSIEWU ROZSAD WIELODONICZKA 5&#215;2 5szt<\/h2>\n<p><b>Informacje og\u00f3lne:<\/b><\/p>\n<ul>\n<li>Szeroko\u015b\u0107 ca\u0142kowita wielodoniczki: <b>13<\/b> <b>cm<\/b><\/li>\n<li>D\u0142ugo\u015b\u0107 ca\u0142kowita wielodoniczki: <b>28 cm<\/b><\/li>\n<li>Wysoko\u015b\u0107 ca\u0142kowita wielodoniczki: <b>6 cm<\/b><\/li>\n<li>Materia\u0142: <b>polistyren<\/b><\/li>\n<li>Kszta\u0142t podstawy: <b>prostok\u0105t <\/b><\/li>\n<li>Ilo\u015b\u0107 kom\u00f3r w wielodoniczce:<b> 10 kom\u00f3r<\/b><\/li>\n<li>Ilo\u015b\u0107 sztuk w zestawie: <b>5 wielodoniczek <\/b><\/li>\n<\/ul>\n<p><b>Wymiary pojedynczej komory:<\/b><\/p>\n<ul>\n<li>Szeroko\u015b\u0107: <b>4,5 cm<\/b><\/li>\n<li>D\u0142ugo\u015b\u0107: <b>5,5 cm<\/b><\/li>\n<li>Wysoko\u015b\u0107: <b>6 cm<\/b><\/li>\n<\/ul>\n<p><b>W zestawie taniej!<\/b><\/p>\n<p>Komplet zawiera 5 wielodoniczek, ka\u017cda z nich zawiera 10 kom\u00f3r z pojedynczymi doniczkami. \u0141\u0105cznie zestaw zawiera 50 kom\u00f3r. Doniczek wystarcz\u0105 na wyhodowanie wielu dorodnych i pi\u0119knych ro\u015blin, a tacka znacznie u\u0142atwi przenoszenie oraz podlewanie zasadzonych ro\u015blin. Posad\u017a swoje sadzonki, dbaj o nie i czekaj a\u017c wyrosn\u0105!<\/p>\n<\/section><\/div>\n<\/section>\n<section class=\"section\">\n<div class=\"item item-6\">\n<section class=\"image-item\">\n            <img decoding=\"async\" src=\"https:\/\/upload.cdn.baselinker.com\/products\/14476\/77b8cf51668ab5e5656cdd9208aba2a4.jpg\" \/><br \/>\n        <\/section>\n<\/p><\/div>\n<div class=\"item item-6\">\n<section class=\"text-item\">\n<h1>GRATIS!<\/h1>\n<p>\u2705 W gratisie do zam\u00f3wienia do\u0142\u0105czone zostanie <b>losowo wybrane opakowanie nasionek do sadzenia.<\/b> Wyhoduj w\u0142asne ro\u015bliny, kt\u00f3re b\u0119d\u0105 zdrowe, smaczne i ekologiczne.<\/p>\n<ul>\n<li>Spraw, \u017ce z ka\u017cdego nasionka<b> wyro\u015bnie warzywo lub pi\u0119kny kolorowy kwiat.<\/b><\/li>\n<li>Samodzielna uprawa ro\u015blin to<b> gwarancja, \u017ce s\u0105 zdrowe<\/b>, nie zawieraj\u0105 pestycyd\u00f3w ani innych szkodliwych zwi\u0105zk\u00f3w chemicznych.<\/li>\n<\/ul>\n<p><b>Uwaga!<\/b> Do zam\u00f3wienia zostanie do\u0142\u0105czona 1 szt. opakowania nasion do sadzenia. Nasiona zostan\u0105 wybrane losowo spo\u015br\u00f3d szerokiej gamy dost\u0119pnych na rynku gatunk\u00f3w warzyw i kwiat\u00f3w\u00a0 ( r\u00f3\u017cne gatunki , nie tylko te ze zdj\u0119cia). Nasiona pochodz\u0105 od renomowanego <b>POLSKIEGO PRODUCENTA!<\/b><\/p>\n<\/section><\/div>\n<\/section>\n<section class=\"section\">\n<div class=\"item item-12\">\n<section class=\"text-item\">\n<h2>Obowi\u0105zkowy punkt na li\u015bcie zakup\u00f3w ka\u017cdego ogrodnika, kt\u00f3ry chce odpowiednio zadba\u0107 o swoje ro\u015bliny!<\/h2>\n<p>Zestaw<b> 5 sztuk doniczek z 10 wydzielonymi kom\u00f3rkami. Doniczki <\/b>wykonano z elastycznego tworzywa ( polistyre). Doniczki przeznaczona<b> do uprawy rozsady warzyw i kwiat\u00f3w w warunkach domowych<\/b> z p\u00f3\u017aniejszym sadzeniem w otwartym terenie.<\/p>\n<p>\u2705 Doniczki s\u0105 wielofunkcyjne i na pewno b\u0119d\u0105 przydatne podczas wszelkich prac w ogrodzie. Mo\u017cesz je wykorzysta\u0107 <b>do wysiewu nasion lub ma\u0142ych sadzonek.<\/b> Doskonale sprawdz\u0105 si\u0119 r\u00f3wnie\u017c do rozmna\u017cania ro\u015blin z sadzonek.<\/p>\n<p>\u2705 Jest to <b>wygodne i\u00a0 ekonomiczne. <\/b>rozwi\u0105zanie, mo\u017cna wykorzysta\u0107 wielokrotnie. Pozwalaj\u0105 zaoszcz\u0119dzi\u0107 czas i minimalizuj\u0105 ba\u0142agan, a przesadzanie ro\u015blin staje si\u0119 dziecinnie proste.<\/p>\n<\/section><\/div>\n<\/section>\n<section class=\"section\">\n<div class=\"item item-12\">\n<section class=\"image-item\">\n            <img decoding=\"async\" src=\"https:\/\/upload.cdn.baselinker.com\/products\/14476\/36a41879da0801ddd2674c73dc48b7ca.jpg\" \/><br \/>\n        <\/section>\n<\/p><\/div>\n<\/section>\n<section class=\"section\">\n<div class=\"item item-12\">\n<section class=\"text-item\">\n<h1>Plastikowe doniczki to proste i klasyczne rozwi\u0105zanie!<\/h1>\n<p>\u2705 <b>Wspomagaj\u0105 wzrost ro\u015bliny<\/b> i nie blokuj\u0105 naturalnych proces\u00f3w. Sadzonki pomidor\u00f3w, og\u00f3rk\u00f3w i innych warzyw mog\u0105 spokojnie rosn\u0105\u0107, a podczas przesadzania korzenie nie ulegaj\u0105 uszkodzeniu.<\/p>\n<p>\u2705 Doniczki<b> gwarantuj\u0105 bardzo dobr\u0105 cyrkulacj\u0119 powietrza,<\/b> utrzymuj\u0105 i transportuj\u0105 wilgo\u0107, aby warzywa\/kwiaty mog\u0142y rosn\u0105\u0107 w odpowiednich warunkach.<\/p>\n<p>\u2705 <b>Przesadzanie ro\u015blin odbywa si\u0119 w \u0142atwy i szybki spos\u00f3b<\/b>, bez wi\u0119kszego ba\u0142aganu. Ro\u015blina nie jest wyjmowana z gleby, w kt\u00f3rej ros\u0142a, poniewa\u017c doniczka jest elastyczna i \u0142atwo wyj\u0105c z niej sadzonk\u0119.<\/p>\n<\/section><\/div>\n<\/section>\n<section class=\"section\">\n<div class=\"item item-12\">\n<section class=\"image-item\">\n            <img decoding=\"async\" src=\"https:\/\/upload.cdn.baselinker.com\/products\/14476\/fd455f17129dee30e70052276735fb88.jpg\" \/><br \/>\n        <\/section>\n<\/p><\/div>\n<\/section>\n<section class=\"section\">\n<div class=\"item item-12\">\n<section class=\"text-item\">\n<h1>Idealne na start dla ro\u015blin w pocz\u0105tkowym stadium rozw\u00f3j.<\/h1>\n<\/section><\/div>\n<\/section>\n<section class=\"section\">\n<div class=\"item item-12\">\n<section class=\"text-item\">\n<h2>\u2705 \u0141atwe i proste w u\u017cyciu<\/h2>\n<p>Doniczki mo\u017cna wcze\u015bniej przygotowa\u0107 i w odpowiednim momencie przesadzi\u0107. Sadzonk\u0119 mo\u017cna potem z \u0142atwo\u015bci\u0105 umie\u015bci\u0107 w glebie. Optymalne nadaje si\u0119 do uprawy wszelkich gatunk\u00f3w ro\u015blin.<\/p>\n<h2>\u2705 Idealne dla ro\u015blin, kt\u00f3re nie lubi\u0105 przesadzania<\/h2>\n<p>Nale\u017cy r\u00f3wnie\u017c pami\u0119ta\u0107, \u017ce niekt\u00f3re warzywa nie lubi\u0105 by\u0107 przesadzane, dlatego jest do najlepsze rozwi\u0105zanie dla w\u0142a\u015bnie takich gatunk\u00f3w. Elastyczne plastikowe doniczki sprawiaj\u0105, \u017ce sadzonka mo\u017ce zosta\u0107 bez problemu wyj\u0119ta i posadzona w glebie.<\/p>\n<\/section><\/div>\n<\/section>\n<section class=\"section\">\n<div class=\"item item-12\">\n<section class=\"image-item\">\n            <img decoding=\"async\" src=\"https:\/\/upload.cdn.baselinker.com\/products\/14476\/194301f65fabe99ba3c312b29b8fe5e6.jpg\" \/><br \/>\n        <\/section>\n<\/p><\/div>\n<\/section>\n<section class=\"section\">\n<div class=\"item item-12\">\n<section class=\"text-item\">\n<h2>Sprawd\u017a inne doniczki dost\u0119pne w naszej ofercie!<\/h2>\n<\/section><\/div>\n<\/section>\n<section class=\"section\">\n<div class=\"item item-12\">\n<section class=\"image-item\">\n            <img decoding=\"async\" src=\"https:\/\/upload.cdn.baselinker.com\/products\/14476\/1817f4e9738c0cae40c1964d550d5c2a.jpg\" \/><br \/>\n        <\/section>\n<\/p><\/div>\n<\/section>\n","protected":false},"excerpt":{"rendered":"<p>DONICZKA DO WYSIEWU ROZSAD WIELODONICZKA 5&#215;2 5szt Informacje og\u00f3lne: Szeroko\u015b\u0107 ca\u0142kowita wielodoniczki: 13 cm D\u0142ugo\u015b\u0107 ca\u0142kowita wielodoniczki: 28 cm Wysoko\u015b\u0107 ca\u0142kowita wielodoniczki: 6 cm Materia\u0142: polistyren Kszta\u0142t podstawy: prostok\u0105t Ilo\u015b\u0107 kom\u00f3r w wielodoniczce: 10 kom\u00f3r Ilo\u015b\u0107 sztuk w zestawie: 5 wielodoniczek Wymiary pojedynczej komory: Szeroko\u015b\u0107: 4,5 cm D\u0142ugo\u015b\u0107: 5,5 cm Wysoko\u015b\u0107: 6 cm W zestawie<br \/><a class=\"more-link\" href=\"https:\/\/bobimarket.pl\/index.php\/produkt\/doniczka-do-wysiewu-rozsad-wielodoniczka-5x4-5-szt\/\"><br \/>\n        Czytaj wi\u0119cej<span class=\"screen-reader-text\"> &#8222;DONICZKA DO WYSIEWU ROZSAD WIELODONICZKA  5&#215;4 5 szt.&#8221;<\/span><\/a><\/p>\n","protected":false},"featured_media":95563,"template":"","meta":[],"product_cat":[8349],"product_tag":[],"yoast_head":"<!-- This site is optimized with the Yoast SEO plugin v21.0 - https:\/\/yoast.com\/wordpress\/plugins\/seo\/ -->\n<title>DONICZKA DO WYSIEWU ROZSAD WIELODONICZKA 5x4 5 szt. - BOBIMARKET.pl - Remontuj i urz\u0105dzaj z nami<\/title>\n<meta name=\"robots\" content=\"index, follow, max-snippet:-1, max-image-preview:large, max-video-preview:-1\" \/>\n<link rel=\"canonical\" href=\"https:\/\/bobimarket.pl\/index.php\/produkt\/doniczka-do-wysiewu-rozsad-wielodoniczka-5x4-5-szt\/\" \/>\n<meta property=\"og:locale\" content=\"pl_PL\" \/>\n<meta property=\"og:type\" content=\"article\" \/>\n<meta property=\"og:title\" content=\"DONICZKA DO WYSIEWU ROZSAD WIELODONICZKA 5x4 5 szt. - BOBIMARKET.pl - Remontuj i urz\u0105dzaj z nami\" \/>\n<meta property=\"og:description\" content=\"DONICZKA DO WYSIEWU ROZSAD WIELODONICZKA 5&#215;2 5szt Informacje og\u00f3lne: Szeroko\u015b\u0107 ca\u0142kowita wielodoniczki: 13 cm D\u0142ugo\u015b\u0107 ca\u0142kowita wielodoniczki: 28 cm Wysoko\u015b\u0107 ca\u0142kowita wielodoniczki: 6 cm Materia\u0142: polistyren Kszta\u0142t podstawy: prostok\u0105t Ilo\u015b\u0107 kom\u00f3r w wielodoniczce: 10 kom\u00f3r Ilo\u015b\u0107 sztuk w zestawie: 5 wielodoniczek Wymiary pojedynczej komory: Szeroko\u015b\u0107: 4,5 cm D\u0142ugo\u015b\u0107: 5,5 cm Wysoko\u015b\u0107: 6 cm W zestawie     Czytaj wi\u0119cej &quot;DONICZKA DO WYSIEWU ROZSAD WIELODONICZKA 5&#215;4 5 szt.&quot;\" \/>\n<meta property=\"og:url\" content=\"https:\/\/bobimarket.pl\/index.php\/produkt\/doniczka-do-wysiewu-rozsad-wielodoniczka-5x4-5-szt\/\" \/>\n<meta property=\"og:site_name\" content=\"BOBIMARKET.pl - Remontuj i urz\u0105dzaj z nami\" \/>\n<meta property=\"article:modified_time\" content=\"2025-02-27T16:19:04+00:00\" \/>\n<meta property=\"og:image\" content=\"https:\/\/upload.cdn.baselinker.com\/products\/14476\/77b8cf51668ab5e5656cdd9208aba2a4.jpg\" \/>\n<meta name=\"twitter:card\" content=\"summary_large_image\" \/>\n<meta name=\"twitter:label1\" content=\"Szacowany czas czytania\" \/>\n\t<meta name=\"twitter:data1\" content=\"3 minuty\" \/>\n<script type=\"application\/ld+json\" class=\"yoast-schema-graph\">{\"@context\":\"https:\/\/schema.org\",\"@graph\":[{\"@type\":\"WebPage\",\"@id\":\"https:\/\/bobimarket.pl\/index.php\/produkt\/doniczka-do-wysiewu-rozsad-wielodoniczka-5x4-5-szt\/\",\"url\":\"https:\/\/bobimarket.pl\/index.php\/produkt\/doniczka-do-wysiewu-rozsad-wielodoniczka-5x4-5-szt\/\",\"name\":\"DONICZKA DO WYSIEWU ROZSAD WIELODONICZKA 5x4 5 szt. - BOBIMARKET.pl - Remontuj i urz\u0105dzaj z nami\",\"isPartOf\":{\"@id\":\"https:\/\/bobimarket.pl\/#website\"},\"datePublished\":\"2023-08-30T10:39:48+00:00\",\"dateModified\":\"2025-02-27T16:19:04+00:00\",\"breadcrumb\":{\"@id\":\"https:\/\/bobimarket.pl\/index.php\/produkt\/doniczka-do-wysiewu-rozsad-wielodoniczka-5x4-5-szt\/#breadcrumb\"},\"inLanguage\":\"pl-PL\",\"potentialAction\":[{\"@type\":\"ReadAction\",\"target\":[\"https:\/\/bobimarket.pl\/index.php\/produkt\/doniczka-do-wysiewu-rozsad-wielodoniczka-5x4-5-szt\/\"]}]},{\"@type\":\"BreadcrumbList\",\"@id\":\"https:\/\/bobimarket.pl\/index.php\/produkt\/doniczka-do-wysiewu-rozsad-wielodoniczka-5x4-5-szt\/#breadcrumb\",\"itemListElement\":[{\"@type\":\"ListItem\",\"position\":1,\"name\":\"Strona g\u0142\u00f3wna\",\"item\":\"https:\/\/bobimarket.pl\/\"},{\"@type\":\"ListItem\",\"position\":2,\"name\":\"Sklep\",\"item\":\"https:\/\/bobimarket.pl\/index.php\/shop\/\"},{\"@type\":\"ListItem\",\"position\":3,\"name\":\"DONICZKA DO WYSIEWU ROZSAD WIELODONICZKA 5&#215;4 5 szt.\"}]},{\"@type\":\"WebSite\",\"@id\":\"https:\/\/bobimarket.pl\/#website\",\"url\":\"https:\/\/bobimarket.pl\/\",\"name\":\"BOBIMARKET.pl - Remontuj i urz\u0105dzaj z nami\",\"description\":\"Remontuj i urz\u0105dzaj z nami\",\"publisher\":{\"@id\":\"https:\/\/bobimarket.pl\/#organization\"},\"potentialAction\":[{\"@type\":\"SearchAction\",\"target\":{\"@type\":\"EntryPoint\",\"urlTemplate\":\"https:\/\/bobimarket.pl\/?s={search_term_string}\"},\"query-input\":\"required name=search_term_string\"}],\"inLanguage\":\"pl-PL\"},{\"@type\":\"Organization\",\"@id\":\"https:\/\/bobimarket.pl\/#organization\",\"name\":\"BOBIMARKET.pl\",\"url\":\"https:\/\/bobimarket.pl\/\",\"logo\":{\"@type\":\"ImageObject\",\"inLanguage\":\"pl-PL\",\"@id\":\"https:\/\/bobimarket.pl\/#\/schema\/logo\/image\/\",\"url\":\"https:\/\/bobimarket.pl\/wp-content\/uploads\/2021\/11\/slogan.png\",\"contentUrl\":\"https:\/\/bobimarket.pl\/wp-content\/uploads\/2021\/11\/slogan.png\",\"width\":2000,\"height\":384,\"caption\":\"BOBIMARKET.pl\"},\"image\":{\"@id\":\"https:\/\/bobimarket.pl\/#\/schema\/logo\/image\/\"}}]}<\/script>\n<!-- \/ Yoast SEO plugin. -->","yoast_head_json":{"title":"DONICZKA DO WYSIEWU ROZSAD WIELODONICZKA 5x4 5 szt. - BOBIMARKET.pl - Remontuj i urz\u0105dzaj z nami","robots":{"index":"index","follow":"follow","max-snippet":"max-snippet:-1","max-image-preview":"max-image-preview:large","max-video-preview":"max-video-preview:-1"},"canonical":"https:\/\/bobimarket.pl\/index.php\/produkt\/doniczka-do-wysiewu-rozsad-wielodoniczka-5x4-5-szt\/","og_locale":"pl_PL","og_type":"article","og_title":"DONICZKA DO WYSIEWU ROZSAD WIELODONICZKA 5x4 5 szt. - BOBIMARKET.pl - Remontuj i urz\u0105dzaj z nami","og_description":"DONICZKA DO WYSIEWU ROZSAD WIELODONICZKA 5&#215;2 5szt Informacje og\u00f3lne: Szeroko\u015b\u0107 ca\u0142kowita wielodoniczki: 13 cm D\u0142ugo\u015b\u0107 ca\u0142kowita wielodoniczki: 28 cm Wysoko\u015b\u0107 ca\u0142kowita wielodoniczki: 6 cm Materia\u0142: polistyren Kszta\u0142t podstawy: prostok\u0105t Ilo\u015b\u0107 kom\u00f3r w wielodoniczce: 10 kom\u00f3r Ilo\u015b\u0107 sztuk w zestawie: 5 wielodoniczek Wymiary pojedynczej komory: Szeroko\u015b\u0107: 4,5 cm D\u0142ugo\u015b\u0107: 5,5 cm Wysoko\u015b\u0107: 6 cm W zestawie     Czytaj wi\u0119cej \"DONICZKA DO WYSIEWU ROZSAD WIELODONICZKA 5&#215;4 5 szt.\"","og_url":"https:\/\/bobimarket.pl\/index.php\/produkt\/doniczka-do-wysiewu-rozsad-wielodoniczka-5x4-5-szt\/","og_site_name":"BOBIMARKET.pl - Remontuj i urz\u0105dzaj z nami","article_modified_time":"2025-02-27T16:19:04+00:00","og_image":[{"url":"https:\/\/upload.cdn.baselinker.com\/products\/14476\/77b8cf51668ab5e5656cdd9208aba2a4.jpg"}],"twitter_card":"summary_large_image","twitter_misc":{"Szacowany czas czytania":"3 minuty"},"schema":{"@context":"https:\/\/schema.org","@graph":[{"@type":"WebPage","@id":"https:\/\/bobimarket.pl\/index.php\/produkt\/doniczka-do-wysiewu-rozsad-wielodoniczka-5x4-5-szt\/","url":"https:\/\/bobimarket.pl\/index.php\/produkt\/doniczka-do-wysiewu-rozsad-wielodoniczka-5x4-5-szt\/","name":"DONICZKA DO WYSIEWU ROZSAD WIELODONICZKA 5x4 5 szt. - BOBIMARKET.pl - Remontuj i urz\u0105dzaj z nami","isPartOf":{"@id":"https:\/\/bobimarket.pl\/#website"},"datePublished":"2023-08-30T10:39:48+00:00","dateModified":"2025-02-27T16:19:04+00:00","breadcrumb":{"@id":"https:\/\/bobimarket.pl\/index.php\/produkt\/doniczka-do-wysiewu-rozsad-wielodoniczka-5x4-5-szt\/#breadcrumb"},"inLanguage":"pl-PL","potentialAction":[{"@type":"ReadAction","target":["https:\/\/bobimarket.pl\/index.php\/produkt\/doniczka-do-wysiewu-rozsad-wielodoniczka-5x4-5-szt\/"]}]},{"@type":"BreadcrumbList","@id":"https:\/\/bobimarket.pl\/index.php\/produkt\/doniczka-do-wysiewu-rozsad-wielodoniczka-5x4-5-szt\/#breadcrumb","itemListElement":[{"@type":"ListItem","position":1,"name":"Strona g\u0142\u00f3wna","item":"https:\/\/bobimarket.pl\/"},{"@type":"ListItem","position":2,"name":"Sklep","item":"https:\/\/bobimarket.pl\/index.php\/shop\/"},{"@type":"ListItem","position":3,"name":"DONICZKA DO WYSIEWU ROZSAD WIELODONICZKA 5&#215;4 5 szt."}]},{"@type":"WebSite","@id":"https:\/\/bobimarket.pl\/#website","url":"https:\/\/bobimarket.pl\/","name":"BOBIMARKET.pl - Remontuj i urz\u0105dzaj z nami","description":"Remontuj i urz\u0105dzaj z nami","publisher":{"@id":"https:\/\/bobimarket.pl\/#organization"},"potentialAction":[{"@type":"SearchAction","target":{"@type":"EntryPoint","urlTemplate":"https:\/\/bobimarket.pl\/?s={search_term_string}"},"query-input":"required name=search_term_string"}],"inLanguage":"pl-PL"},{"@type":"Organization","@id":"https:\/\/bobimarket.pl\/#organization","name":"BOBIMARKET.pl","url":"https:\/\/bobimarket.pl\/","logo":{"@type":"ImageObject","inLanguage":"pl-PL","@id":"https:\/\/bobimarket.pl\/#\/schema\/logo\/image\/","url":"https:\/\/bobimarket.pl\/wp-content\/uploads\/2021\/11\/slogan.png","contentUrl":"https:\/\/bobimarket.pl\/wp-content\/uploads\/2021\/11\/slogan.png","width":2000,"height":384,"caption":"BOBIMARKET.pl"},"image":{"@id":"https:\/\/bobimarket.pl\/#\/schema\/logo\/image\/"}}]}},"_links":{"self":[{"href":"https:\/\/bobimarket.pl\/index.php\/wp-json\/wp\/v2\/product\/95575"}],"collection":[{"href":"https:\/\/bobimarket.pl\/index.php\/wp-json\/wp\/v2\/product"}],"about":[{"href":"https:\/\/bobimarket.pl\/index.php\/wp-json\/wp\/v2\/types\/product"}],"wp:featuredmedia":[{"embeddable":true,"href":"https:\/\/bobimarket.pl\/index.php\/wp-json\/wp\/v2\/media\/95563"}],"wp:attachment":[{"href":"https:\/\/bobimarket.pl\/index.php\/wp-json\/wp\/v2\/media?parent=95575"}],"wp:term":[{"taxonomy":"product_cat","embeddable":true,"href":"https:\/\/bobimarket.pl\/index.php\/wp-json\/wp\/v2\/product_cat?post=95575"},{"taxonomy":"product_tag","embeddable":true,"href":"https:\/\/bobimarket.pl\/index.php\/wp-json\/wp\/v2\/product_tag?post=95575"}],"curies":[{"name":"wp","href":"https:\/\/api.w.org\/{rel}","templated":true}]}}