{"id":96890,"date":"2023-08-30T12:03:53","date_gmt":"2023-08-30T12:03:53","guid":{"rendered":"https:\/\/bobimarket.pl\/index.php\/produkt\/olej-do-smarowania-prowadnicy-lancucha-pily-1l\/"},"modified":"2025-02-27T16:30:15","modified_gmt":"2025-02-27T16:30:15","slug":"olej-do-smarowania-prowadnicy-lancucha-pily-1l","status":"publish","type":"product","link":"https:\/\/bobimarket.pl\/index.php\/produkt\/olej-do-smarowania-prowadnicy-lancucha-pily-1l\/","title":{"rendered":"OLEJ DO SMAROWANIA PROWADNICY \u0141A\u0143CUCHA PI\u0141Y 1L"},"content":{"rendered":"<section class=\"section\">\n<div class=\"item item-12\">\n<section class=\"text-item\">\n<h2>\u2728OLEJ DO SMAROWANIA PROWADNICY \u0141A\u0143CUCHA PI\u0141Y 1L\u2728<\/h2>\n<p><b>Informacje og\u00f3lne:<\/b><\/p>\n<ul>\n<li>Pojemno\u015b\u0107 opakowania: <b>1 L<\/b><\/li>\n<li>G\u0119sto\u015b\u0107:<b> 0,890-0, 93 g\/cm3 w 15\u00baC<\/b><\/li>\n<li>Lepko\u015b\u0107 kinematyczna:<b> ok. 46 mm2\/s; 40 \u00baC<\/b><\/li>\n<li>Specyfikacja: <b>ISO VG 68<\/b><\/li>\n<li>Zastosowanie: <b>olej do smarowania prowadnic \u0142a\u0144cuchowych pilarek spalinowych i elektrycznych w okresie letnim i zimowym.<\/b><\/li>\n<\/ul>\n<\/section><\/div>\n<\/section>\n<section class=\"section\">\n<div class=\"item item-12\">\n<section class=\"image-item\">\n            <img decoding=\"async\" src=\"https:\/\/upload.cdn.baselinker.com\/products\/14476\/43c879b6f8fade95a8d84c56c41c1d58.jpg\" \/><br \/>\n        <\/section>\n<\/p><\/div>\n<\/section>\n<section class=\"section\">\n<div class=\"item item-12\">\n<section class=\"text-item\">\n<p><b>Zadbaj o swoj\u0105 pilark\u0119 i zaopatrz si\u0119 w olej do prowadnic!<\/b><\/p>\n<p>Olej do pilarek przeznaczony jest do smarowania <b>prowadnic \u0142a\u0144cuchowych pilarek spalinowych i elektrycznych.<\/b>\u00a0 Charakteryzuje si\u0119 bardzo dobr\u0105 przyczepno\u015bci\u0105 do cz\u0119\u015bci roboczej urz\u0105dzenia co sprawia, \u017ce d\u0142ugi czas pozostaje w po\u017c\u0105danym miejscu. \u015arodek b\u0119dzie przydatny zar\u00f3wno w profesjonalnym, jak te\u017c w przydomowym warsztacie.<\/p>\n<ul>\n<li>Olej ma za zadanie <b>zabezpieczy\u0107 \u0142a\u0144cuch przed \u015bcieraniem<\/b>, zapewniaj\u0105c mu idealny stan na d\u0142ugi czas.<\/li>\n<li>Olej jest<b> wielosezonowy<\/b>, nadaje si\u0119 do u\u017cycia zar\u00f3wno w miesi\u0105cach letnich jak i zimowych.<\/li>\n<li>Posiada <b>doskona\u0142e w\u0142a\u015bciwo\u015bci smarne<\/b> zar\u00f3wno w wysokich jak i niskich temperaturach, a tak\u017ce zdolno\u015b\u0107 do <b>ochrony przed korozj\u0105.<\/b><\/li>\n<\/ul>\n<\/section><\/div>\n<\/section>\n<section class=\"section\">\n<div class=\"item item-12\">\n<section class=\"image-item\">\n            <img decoding=\"async\" src=\"https:\/\/upload.cdn.baselinker.com\/products\/14476\/00fc4f6cabdbdba9eb1eb510867de1c1.jpg\" \/><br \/>\n        <\/section>\n<\/p><\/div>\n<\/section>\n<section class=\"section\">\n<div class=\"item item-12\">\n<section class=\"text-item\">\n<h2>\u2705 Zastosowanie:<\/h2>\n<p>Olej ma za zadanie <b>przed\u0142u\u017cy\u0107 \u017cywotno\u015b\u0107 \u0142a\u0144cucha<\/b> w Twojej pilarce. Jego aplikacja zmniejsza ryzyko szybkiego \u015bcierania si\u0119 \u0142a\u0144cucha. Olej dzi\u0119ki swojej przyczepno\u015bci pozostaje na miejscu i nie trzeba b\u0119dzie go cz\u0119sto aplikowa\u0107.<\/p>\n<ul>\n<li>Opakowanie oleju posiada <b>prze\u017aroczyst\u0105 miark\u0119<\/b>, kt\u00f3ra pozwala na bie\u017c\u0105co kontrolowa\u0107 ilo\u015b\u0107 oleju oraz u\u0142atwi odmierzanie.<\/li>\n<\/ul>\n<\/section><\/div>\n<\/section>\n<section class=\"section\">\n<div class=\"item item-12\">\n<section class=\"image-item\">\n            <img decoding=\"async\" src=\"https:\/\/upload.cdn.baselinker.com\/products\/14476\/edcbdd0b37147def95536e49b1769522.jpg\" \/><br \/>\n        <\/section>\n<\/p><\/div>\n<\/section>\n","protected":false},"excerpt":{"rendered":"<p>\u2728OLEJ DO SMAROWANIA PROWADNICY \u0141A\u0143CUCHA PI\u0141Y 1L\u2728 Informacje og\u00f3lne: Pojemno\u015b\u0107 opakowania: 1 L G\u0119sto\u015b\u0107: 0,890-0, 93 g\/cm3 w 15\u00baC Lepko\u015b\u0107 kinematyczna: ok. 46 mm2\/s; 40 \u00baC Specyfikacja: ISO VG 68 Zastosowanie: olej do smarowania prowadnic \u0142a\u0144cuchowych pilarek spalinowych i elektrycznych w okresie letnim i zimowym. Zadbaj o swoj\u0105 pilark\u0119 i zaopatrz si\u0119 w olej do<br \/><a class=\"more-link\" href=\"https:\/\/bobimarket.pl\/index.php\/produkt\/olej-do-smarowania-prowadnicy-lancucha-pily-1l\/\"><br \/>\n        Czytaj wi\u0119cej<span class=\"screen-reader-text\"> &#8222;OLEJ DO SMAROWANIA PROWADNICY \u0141A\u0143CUCHA PI\u0141Y 1L&#8221;<\/span><\/a><\/p>\n","protected":false},"featured_media":96883,"template":"","meta":[],"product_cat":[8380],"product_tag":[],"yoast_head":"<!-- This site is optimized with the Yoast SEO plugin v21.0 - https:\/\/yoast.com\/wordpress\/plugins\/seo\/ -->\n<title>OLEJ DO SMAROWANIA PROWADNICY \u0141A\u0143CUCHA PI\u0141Y 1L - BOBIMARKET.pl - Remontuj i urz\u0105dzaj z nami<\/title>\n<meta name=\"robots\" content=\"index, follow, max-snippet:-1, max-image-preview:large, max-video-preview:-1\" \/>\n<link rel=\"canonical\" href=\"https:\/\/bobimarket.pl\/index.php\/produkt\/olej-do-smarowania-prowadnicy-lancucha-pily-1l\/\" \/>\n<meta property=\"og:locale\" content=\"pl_PL\" \/>\n<meta property=\"og:type\" content=\"article\" \/>\n<meta property=\"og:title\" content=\"OLEJ DO SMAROWANIA PROWADNICY \u0141A\u0143CUCHA PI\u0141Y 1L - BOBIMARKET.pl - Remontuj i urz\u0105dzaj z nami\" \/>\n<meta property=\"og:description\" content=\"\u2728OLEJ DO SMAROWANIA PROWADNICY \u0141A\u0143CUCHA PI\u0141Y 1L\u2728 Informacje og\u00f3lne: Pojemno\u015b\u0107 opakowania: 1 L G\u0119sto\u015b\u0107: 0,890-0, 93 g\/cm3 w 15\u00baC Lepko\u015b\u0107 kinematyczna: ok. 46 mm2\/s; 40 \u00baC Specyfikacja: ISO VG 68 Zastosowanie: olej do smarowania prowadnic \u0142a\u0144cuchowych pilarek spalinowych i elektrycznych w okresie letnim i zimowym. Zadbaj o swoj\u0105 pilark\u0119 i zaopatrz si\u0119 w olej do     Czytaj wi\u0119cej &quot;OLEJ DO SMAROWANIA PROWADNICY \u0141A\u0143CUCHA PI\u0141Y 1L&quot;\" \/>\n<meta property=\"og:url\" content=\"https:\/\/bobimarket.pl\/index.php\/produkt\/olej-do-smarowania-prowadnicy-lancucha-pily-1l\/\" \/>\n<meta property=\"og:site_name\" content=\"BOBIMARKET.pl - Remontuj i urz\u0105dzaj z nami\" \/>\n<meta property=\"article:modified_time\" content=\"2025-02-27T16:30:15+00:00\" \/>\n<meta property=\"og:image\" content=\"https:\/\/upload.cdn.baselinker.com\/products\/14476\/43c879b6f8fade95a8d84c56c41c1d58.jpg\" \/>\n<meta name=\"twitter:card\" content=\"summary_large_image\" \/>\n<meta name=\"twitter:label1\" content=\"Szacowany czas czytania\" \/>\n\t<meta name=\"twitter:data1\" content=\"1 minuta\" \/>\n<script type=\"application\/ld+json\" class=\"yoast-schema-graph\">{\"@context\":\"https:\/\/schema.org\",\"@graph\":[{\"@type\":\"WebPage\",\"@id\":\"https:\/\/bobimarket.pl\/index.php\/produkt\/olej-do-smarowania-prowadnicy-lancucha-pily-1l\/\",\"url\":\"https:\/\/bobimarket.pl\/index.php\/produkt\/olej-do-smarowania-prowadnicy-lancucha-pily-1l\/\",\"name\":\"OLEJ DO SMAROWANIA PROWADNICY \u0141A\u0143CUCHA PI\u0141Y 1L - BOBIMARKET.pl - Remontuj i urz\u0105dzaj z nami\",\"isPartOf\":{\"@id\":\"https:\/\/bobimarket.pl\/#website\"},\"datePublished\":\"2023-08-30T12:03:53+00:00\",\"dateModified\":\"2025-02-27T16:30:15+00:00\",\"breadcrumb\":{\"@id\":\"https:\/\/bobimarket.pl\/index.php\/produkt\/olej-do-smarowania-prowadnicy-lancucha-pily-1l\/#breadcrumb\"},\"inLanguage\":\"pl-PL\",\"potentialAction\":[{\"@type\":\"ReadAction\",\"target\":[\"https:\/\/bobimarket.pl\/index.php\/produkt\/olej-do-smarowania-prowadnicy-lancucha-pily-1l\/\"]}]},{\"@type\":\"BreadcrumbList\",\"@id\":\"https:\/\/bobimarket.pl\/index.php\/produkt\/olej-do-smarowania-prowadnicy-lancucha-pily-1l\/#breadcrumb\",\"itemListElement\":[{\"@type\":\"ListItem\",\"position\":1,\"name\":\"Strona g\u0142\u00f3wna\",\"item\":\"https:\/\/bobimarket.pl\/\"},{\"@type\":\"ListItem\",\"position\":2,\"name\":\"Sklep\",\"item\":\"https:\/\/bobimarket.pl\/index.php\/shop\/\"},{\"@type\":\"ListItem\",\"position\":3,\"name\":\"OLEJ DO SMAROWANIA PROWADNICY \u0141A\u0143CUCHA PI\u0141Y 1L\"}]},{\"@type\":\"WebSite\",\"@id\":\"https:\/\/bobimarket.pl\/#website\",\"url\":\"https:\/\/bobimarket.pl\/\",\"name\":\"BOBIMARKET.pl - Remontuj i urz\u0105dzaj z nami\",\"description\":\"Remontuj i urz\u0105dzaj z nami\",\"publisher\":{\"@id\":\"https:\/\/bobimarket.pl\/#organization\"},\"potentialAction\":[{\"@type\":\"SearchAction\",\"target\":{\"@type\":\"EntryPoint\",\"urlTemplate\":\"https:\/\/bobimarket.pl\/?s={search_term_string}\"},\"query-input\":\"required name=search_term_string\"}],\"inLanguage\":\"pl-PL\"},{\"@type\":\"Organization\",\"@id\":\"https:\/\/bobimarket.pl\/#organization\",\"name\":\"BOBIMARKET.pl\",\"url\":\"https:\/\/bobimarket.pl\/\",\"logo\":{\"@type\":\"ImageObject\",\"inLanguage\":\"pl-PL\",\"@id\":\"https:\/\/bobimarket.pl\/#\/schema\/logo\/image\/\",\"url\":\"https:\/\/bobimarket.pl\/wp-content\/uploads\/2021\/11\/slogan.png\",\"contentUrl\":\"https:\/\/bobimarket.pl\/wp-content\/uploads\/2021\/11\/slogan.png\",\"width\":2000,\"height\":384,\"caption\":\"BOBIMARKET.pl\"},\"image\":{\"@id\":\"https:\/\/bobimarket.pl\/#\/schema\/logo\/image\/\"}}]}<\/script>\n<!-- \/ Yoast SEO plugin. -->","yoast_head_json":{"title":"OLEJ DO SMAROWANIA PROWADNICY \u0141A\u0143CUCHA PI\u0141Y 1L - BOBIMARKET.pl - Remontuj i urz\u0105dzaj z nami","robots":{"index":"index","follow":"follow","max-snippet":"max-snippet:-1","max-image-preview":"max-image-preview:large","max-video-preview":"max-video-preview:-1"},"canonical":"https:\/\/bobimarket.pl\/index.php\/produkt\/olej-do-smarowania-prowadnicy-lancucha-pily-1l\/","og_locale":"pl_PL","og_type":"article","og_title":"OLEJ DO SMAROWANIA PROWADNICY \u0141A\u0143CUCHA PI\u0141Y 1L - BOBIMARKET.pl - Remontuj i urz\u0105dzaj z nami","og_description":"\u2728OLEJ DO SMAROWANIA PROWADNICY \u0141A\u0143CUCHA PI\u0141Y 1L\u2728 Informacje og\u00f3lne: Pojemno\u015b\u0107 opakowania: 1 L G\u0119sto\u015b\u0107: 0,890-0, 93 g\/cm3 w 15\u00baC Lepko\u015b\u0107 kinematyczna: ok. 46 mm2\/s; 40 \u00baC Specyfikacja: ISO VG 68 Zastosowanie: olej do smarowania prowadnic \u0142a\u0144cuchowych pilarek spalinowych i elektrycznych w okresie letnim i zimowym. Zadbaj o swoj\u0105 pilark\u0119 i zaopatrz si\u0119 w olej do     Czytaj wi\u0119cej \"OLEJ DO SMAROWANIA PROWADNICY \u0141A\u0143CUCHA PI\u0141Y 1L\"","og_url":"https:\/\/bobimarket.pl\/index.php\/produkt\/olej-do-smarowania-prowadnicy-lancucha-pily-1l\/","og_site_name":"BOBIMARKET.pl - Remontuj i urz\u0105dzaj z nami","article_modified_time":"2025-02-27T16:30:15+00:00","og_image":[{"url":"https:\/\/upload.cdn.baselinker.com\/products\/14476\/43c879b6f8fade95a8d84c56c41c1d58.jpg"}],"twitter_card":"summary_large_image","twitter_misc":{"Szacowany czas czytania":"1 minuta"},"schema":{"@context":"https:\/\/schema.org","@graph":[{"@type":"WebPage","@id":"https:\/\/bobimarket.pl\/index.php\/produkt\/olej-do-smarowania-prowadnicy-lancucha-pily-1l\/","url":"https:\/\/bobimarket.pl\/index.php\/produkt\/olej-do-smarowania-prowadnicy-lancucha-pily-1l\/","name":"OLEJ DO SMAROWANIA PROWADNICY \u0141A\u0143CUCHA PI\u0141Y 1L - BOBIMARKET.pl - Remontuj i urz\u0105dzaj z nami","isPartOf":{"@id":"https:\/\/bobimarket.pl\/#website"},"datePublished":"2023-08-30T12:03:53+00:00","dateModified":"2025-02-27T16:30:15+00:00","breadcrumb":{"@id":"https:\/\/bobimarket.pl\/index.php\/produkt\/olej-do-smarowania-prowadnicy-lancucha-pily-1l\/#breadcrumb"},"inLanguage":"pl-PL","potentialAction":[{"@type":"ReadAction","target":["https:\/\/bobimarket.pl\/index.php\/produkt\/olej-do-smarowania-prowadnicy-lancucha-pily-1l\/"]}]},{"@type":"BreadcrumbList","@id":"https:\/\/bobimarket.pl\/index.php\/produkt\/olej-do-smarowania-prowadnicy-lancucha-pily-1l\/#breadcrumb","itemListElement":[{"@type":"ListItem","position":1,"name":"Strona g\u0142\u00f3wna","item":"https:\/\/bobimarket.pl\/"},{"@type":"ListItem","position":2,"name":"Sklep","item":"https:\/\/bobimarket.pl\/index.php\/shop\/"},{"@type":"ListItem","position":3,"name":"OLEJ DO SMAROWANIA PROWADNICY \u0141A\u0143CUCHA PI\u0141Y 1L"}]},{"@type":"WebSite","@id":"https:\/\/bobimarket.pl\/#website","url":"https:\/\/bobimarket.pl\/","name":"BOBIMARKET.pl - Remontuj i urz\u0105dzaj z nami","description":"Remontuj i urz\u0105dzaj z nami","publisher":{"@id":"https:\/\/bobimarket.pl\/#organization"},"potentialAction":[{"@type":"SearchAction","target":{"@type":"EntryPoint","urlTemplate":"https:\/\/bobimarket.pl\/?s={search_term_string}"},"query-input":"required name=search_term_string"}],"inLanguage":"pl-PL"},{"@type":"Organization","@id":"https:\/\/bobimarket.pl\/#organization","name":"BOBIMARKET.pl","url":"https:\/\/bobimarket.pl\/","logo":{"@type":"ImageObject","inLanguage":"pl-PL","@id":"https:\/\/bobimarket.pl\/#\/schema\/logo\/image\/","url":"https:\/\/bobimarket.pl\/wp-content\/uploads\/2021\/11\/slogan.png","contentUrl":"https:\/\/bobimarket.pl\/wp-content\/uploads\/2021\/11\/slogan.png","width":2000,"height":384,"caption":"BOBIMARKET.pl"},"image":{"@id":"https:\/\/bobimarket.pl\/#\/schema\/logo\/image\/"}}]}},"_links":{"self":[{"href":"https:\/\/bobimarket.pl\/index.php\/wp-json\/wp\/v2\/product\/96890"}],"collection":[{"href":"https:\/\/bobimarket.pl\/index.php\/wp-json\/wp\/v2\/product"}],"about":[{"href":"https:\/\/bobimarket.pl\/index.php\/wp-json\/wp\/v2\/types\/product"}],"wp:featuredmedia":[{"embeddable":true,"href":"https:\/\/bobimarket.pl\/index.php\/wp-json\/wp\/v2\/media\/96883"}],"wp:attachment":[{"href":"https:\/\/bobimarket.pl\/index.php\/wp-json\/wp\/v2\/media?parent=96890"}],"wp:term":[{"taxonomy":"product_cat","embeddable":true,"href":"https:\/\/bobimarket.pl\/index.php\/wp-json\/wp\/v2\/product_cat?post=96890"},{"taxonomy":"product_tag","embeddable":true,"href":"https:\/\/bobimarket.pl\/index.php\/wp-json\/wp\/v2\/product_tag?post=96890"}],"curies":[{"name":"wp","href":"https:\/\/api.w.org\/{rel}","templated":true}]}}