{"id":97076,"date":"2023-08-30T12:14:59","date_gmt":"2023-08-30T12:14:59","guid":{"rendered":"https:\/\/bobimarket.pl\/index.php\/produkt\/linijka-katowa-regulowany-templater-miarka\/"},"modified":"2025-02-27T16:32:20","modified_gmt":"2025-02-27T16:32:20","slug":"linijka-katowa-regulowany-templater-miarka","status":"publish","type":"product","link":"https:\/\/bobimarket.pl\/index.php\/produkt\/linijka-katowa-regulowany-templater-miarka\/","title":{"rendered":"LINIJKA K\u0104TOWA REGULOWANY TEMPLATER MIARKA"},"content":{"rendered":"<section class=\"section\">\n<div class=\"item item-12\">\n<section class=\"text-item\">\n<h2>LINIJKA K\u0104TOWA REGULOWANY TEMPLATER MIARKA<\/h2>\n<p><b>Dane techniczne:<\/b><\/p>\n<ul>\n<li>Wymiary:<b> 25 x 12 cm<\/b><\/li>\n<li>Materia\u0142:<b> tworzywo <\/b><\/li>\n<li>Typ: lijinka k\u0105towa<\/li>\n<\/ul>\n<\/section><\/div>\n<\/section>\n<section class=\"section\">\n<div class=\"item item-12\">\n<section class=\"image-item\">\n            <img decoding=\"async\" src=\"https:\/\/upload.cdn.baselinker.com\/products\/14476\/c2f3dcfc2f81eb095cca7527620ff543.jpg\" \/><br \/>\n        <\/section>\n<\/p><\/div>\n<\/section>\n<section class=\"section\">\n<div class=\"item item-12\">\n<section class=\"text-item\">\n<h2>Dobre rozwi\u0105zanie pozwalaj\u0105ce idealnie przyci\u0105\u0107 element do wymaganego kszta\u0142tu.<\/h2>\n<p>Linijka k\u0105towa wykonany z tworzywa. Narz\u0119dzie jest lekkie i \u0142atwo je przechowywa\u0107 &#8211; po z\u0142o\u017ceniu zajmuje bardzo niewiele miejsca. Regulowane, przykr\u0119cane ramiona narz\u0119dzia pozwalaj\u0105 na dopasowanie do r\u00f3\u017cnych k\u0105t\u00f3w. Z \u0142atwo\u015bci\u0105 wymierzysz\u00a0 kawa\u0142ek p\u0142ytki, czy kostki, a zachowany wymiar przeniesiesz w inne miejsce. Otwory wzd\u0142u\u017c miary pozwalaj\u0105 zaznaczy\u0107 linie np. d\u0142ugopisem. \u015aruby umo\u017cliwiaj\u0105 p\u0142ynn\u0105 i za razem precyzyjn\u0105 regulacj\u0119.<\/p>\n<p><b>\u2705 Narz\u0119dzie posiada wiele zalet:<\/b><\/p>\n<ul>\n<li>Prosty i \u0142atwy w obs\u0142udze<\/li>\n<li>Zapewnia wygod\u0119 i komfort pracy<\/li>\n<li>Po z\u0142o\u017ceniu zajmuje ma\u0142o miejsca<\/li>\n<li>Dok\u0142adna, widoczna miarka wygrawerowana na czarno<\/li>\n<\/ul>\n<\/section><\/div>\n<\/section>\n<section class=\"section\">\n<div class=\"item item-12\">\n<section class=\"image-item\">\n            <img decoding=\"async\" src=\"https:\/\/upload.cdn.baselinker.com\/products\/14476\/7ffce7f9cb3a3509e0ab5e514a1bb28c.jpg\" \/><br \/>\n        <\/section>\n<\/p><\/div>\n<\/section>\n<section class=\"section\">\n<div class=\"item item-12\">\n<section class=\"text-item\">\n<p><b>\u2705 ZASTOSOWANIE:<\/b><\/p>\n<ul>\n<li>K\u0105townik pozwala na <b>przeniesienie k\u0105ta<\/b> na inn\u0105 p\u0142aszczyzn\u0119 pracy.<\/li>\n<li>Idealnie <b>dopasowuje si\u0119<\/b> do nietypowych kszta\u0142t\u00f3w.<\/li>\n<li>Narz\u0119dzie sprawdza si\u0119 zar\u00f3wno przy prostych jak i bardziej <b>skomplikowanych pracach<\/b>, gdzie wymagana jest precyzja i powtarzalno\u015b\u0107.<\/li>\n<\/ul>\n<p>Aby przenie\u015b\u0107 kszta\u0142t nale\u017cy odkr\u0119ci\u0107 \u015bruby, u\u0142o\u017cy\u0107 po\u017c\u0105dany kszta\u0142t i zakr\u0119ci\u0107 \u015bruby. Takie rozwi\u0105zanie pozwala na przenoszenie wybranego kszta\u0142tu kilkukrotnie.<\/p>\n<\/section><\/div>\n<\/section>\n<section class=\"section\">\n<div class=\"item item-12\">\n<section class=\"image-item\">\n            <img decoding=\"async\" src=\"https:\/\/upload.cdn.baselinker.com\/products\/14476\/7ffce7f9cb3a3509e0ab5e514a1bb28c.jpg\" \/><br \/>\n        <\/section>\n<\/p><\/div>\n<\/section>\n","protected":false},"excerpt":{"rendered":"<p>LINIJKA K\u0104TOWA REGULOWANY TEMPLATER MIARKA Dane techniczne: Wymiary: 25 x 12 cm Materia\u0142: tworzywo Typ: lijinka k\u0105towa Dobre rozwi\u0105zanie pozwalaj\u0105ce idealnie przyci\u0105\u0107 element do wymaganego kszta\u0142tu. Linijka k\u0105towa wykonany z tworzywa. Narz\u0119dzie jest lekkie i \u0142atwo je przechowywa\u0107 &#8211; po z\u0142o\u017ceniu zajmuje bardzo niewiele miejsca. Regulowane, przykr\u0119cane ramiona narz\u0119dzia pozwalaj\u0105 na dopasowanie do r\u00f3\u017cnych k\u0105t\u00f3w.<br \/><a class=\"more-link\" href=\"https:\/\/bobimarket.pl\/index.php\/produkt\/linijka-katowa-regulowany-templater-miarka\/\"><br \/>\n        Czytaj wi\u0119cej<span class=\"screen-reader-text\"> &#8222;LINIJKA K\u0104TOWA REGULOWANY TEMPLATER MIARKA&#8221;<\/span><\/a><\/p>\n","protected":false},"featured_media":97073,"template":"","meta":[],"product_cat":[8078],"product_tag":[],"yoast_head":"<!-- This site is optimized with the Yoast SEO plugin v21.0 - https:\/\/yoast.com\/wordpress\/plugins\/seo\/ -->\n<title>LINIJKA K\u0104TOWA REGULOWANY TEMPLATER MIARKA - BOBIMARKET.pl - Remontuj i urz\u0105dzaj z nami<\/title>\n<meta name=\"robots\" content=\"index, follow, max-snippet:-1, max-image-preview:large, max-video-preview:-1\" \/>\n<link rel=\"canonical\" href=\"https:\/\/bobimarket.pl\/index.php\/produkt\/linijka-katowa-regulowany-templater-miarka\/\" \/>\n<meta property=\"og:locale\" content=\"pl_PL\" \/>\n<meta property=\"og:type\" content=\"article\" \/>\n<meta property=\"og:title\" content=\"LINIJKA K\u0104TOWA REGULOWANY TEMPLATER MIARKA - BOBIMARKET.pl - Remontuj i urz\u0105dzaj z nami\" \/>\n<meta property=\"og:description\" content=\"LINIJKA K\u0104TOWA REGULOWANY TEMPLATER MIARKA Dane techniczne: Wymiary: 25 x 12 cm Materia\u0142: tworzywo Typ: lijinka k\u0105towa Dobre rozwi\u0105zanie pozwalaj\u0105ce idealnie przyci\u0105\u0107 element do wymaganego kszta\u0142tu. Linijka k\u0105towa wykonany z tworzywa. Narz\u0119dzie jest lekkie i \u0142atwo je przechowywa\u0107 &#8211; po z\u0142o\u017ceniu zajmuje bardzo niewiele miejsca. Regulowane, przykr\u0119cane ramiona narz\u0119dzia pozwalaj\u0105 na dopasowanie do r\u00f3\u017cnych k\u0105t\u00f3w.     Czytaj wi\u0119cej &quot;LINIJKA K\u0104TOWA REGULOWANY TEMPLATER MIARKA&quot;\" \/>\n<meta property=\"og:url\" content=\"https:\/\/bobimarket.pl\/index.php\/produkt\/linijka-katowa-regulowany-templater-miarka\/\" \/>\n<meta property=\"og:site_name\" content=\"BOBIMARKET.pl - Remontuj i urz\u0105dzaj z nami\" \/>\n<meta property=\"article:modified_time\" content=\"2025-02-27T16:32:20+00:00\" \/>\n<meta property=\"og:image\" content=\"https:\/\/upload.cdn.baselinker.com\/products\/14476\/c2f3dcfc2f81eb095cca7527620ff543.jpg\" \/>\n<meta name=\"twitter:card\" content=\"summary_large_image\" \/>\n<meta name=\"twitter:label1\" content=\"Szacowany czas czytania\" \/>\n\t<meta name=\"twitter:data1\" content=\"1 minuta\" \/>\n<script type=\"application\/ld+json\" class=\"yoast-schema-graph\">{\"@context\":\"https:\/\/schema.org\",\"@graph\":[{\"@type\":\"WebPage\",\"@id\":\"https:\/\/bobimarket.pl\/index.php\/produkt\/linijka-katowa-regulowany-templater-miarka\/\",\"url\":\"https:\/\/bobimarket.pl\/index.php\/produkt\/linijka-katowa-regulowany-templater-miarka\/\",\"name\":\"LINIJKA K\u0104TOWA REGULOWANY TEMPLATER MIARKA - BOBIMARKET.pl - Remontuj i urz\u0105dzaj z nami\",\"isPartOf\":{\"@id\":\"https:\/\/bobimarket.pl\/#website\"},\"datePublished\":\"2023-08-30T12:14:59+00:00\",\"dateModified\":\"2025-02-27T16:32:20+00:00\",\"breadcrumb\":{\"@id\":\"https:\/\/bobimarket.pl\/index.php\/produkt\/linijka-katowa-regulowany-templater-miarka\/#breadcrumb\"},\"inLanguage\":\"pl-PL\",\"potentialAction\":[{\"@type\":\"ReadAction\",\"target\":[\"https:\/\/bobimarket.pl\/index.php\/produkt\/linijka-katowa-regulowany-templater-miarka\/\"]}]},{\"@type\":\"BreadcrumbList\",\"@id\":\"https:\/\/bobimarket.pl\/index.php\/produkt\/linijka-katowa-regulowany-templater-miarka\/#breadcrumb\",\"itemListElement\":[{\"@type\":\"ListItem\",\"position\":1,\"name\":\"Strona g\u0142\u00f3wna\",\"item\":\"https:\/\/bobimarket.pl\/\"},{\"@type\":\"ListItem\",\"position\":2,\"name\":\"Sklep\",\"item\":\"https:\/\/bobimarket.pl\/index.php\/shop\/\"},{\"@type\":\"ListItem\",\"position\":3,\"name\":\"LINIJKA K\u0104TOWA REGULOWANY TEMPLATER MIARKA\"}]},{\"@type\":\"WebSite\",\"@id\":\"https:\/\/bobimarket.pl\/#website\",\"url\":\"https:\/\/bobimarket.pl\/\",\"name\":\"BOBIMARKET.pl - Remontuj i urz\u0105dzaj z nami\",\"description\":\"Remontuj i urz\u0105dzaj z nami\",\"publisher\":{\"@id\":\"https:\/\/bobimarket.pl\/#organization\"},\"potentialAction\":[{\"@type\":\"SearchAction\",\"target\":{\"@type\":\"EntryPoint\",\"urlTemplate\":\"https:\/\/bobimarket.pl\/?s={search_term_string}\"},\"query-input\":\"required name=search_term_string\"}],\"inLanguage\":\"pl-PL\"},{\"@type\":\"Organization\",\"@id\":\"https:\/\/bobimarket.pl\/#organization\",\"name\":\"BOBIMARKET.pl\",\"url\":\"https:\/\/bobimarket.pl\/\",\"logo\":{\"@type\":\"ImageObject\",\"inLanguage\":\"pl-PL\",\"@id\":\"https:\/\/bobimarket.pl\/#\/schema\/logo\/image\/\",\"url\":\"https:\/\/bobimarket.pl\/wp-content\/uploads\/2021\/11\/slogan.png\",\"contentUrl\":\"https:\/\/bobimarket.pl\/wp-content\/uploads\/2021\/11\/slogan.png\",\"width\":2000,\"height\":384,\"caption\":\"BOBIMARKET.pl\"},\"image\":{\"@id\":\"https:\/\/bobimarket.pl\/#\/schema\/logo\/image\/\"}}]}<\/script>\n<!-- \/ Yoast SEO plugin. -->","yoast_head_json":{"title":"LINIJKA K\u0104TOWA REGULOWANY TEMPLATER MIARKA - BOBIMARKET.pl - Remontuj i urz\u0105dzaj z nami","robots":{"index":"index","follow":"follow","max-snippet":"max-snippet:-1","max-image-preview":"max-image-preview:large","max-video-preview":"max-video-preview:-1"},"canonical":"https:\/\/bobimarket.pl\/index.php\/produkt\/linijka-katowa-regulowany-templater-miarka\/","og_locale":"pl_PL","og_type":"article","og_title":"LINIJKA K\u0104TOWA REGULOWANY TEMPLATER MIARKA - BOBIMARKET.pl - Remontuj i urz\u0105dzaj z nami","og_description":"LINIJKA K\u0104TOWA REGULOWANY TEMPLATER MIARKA Dane techniczne: Wymiary: 25 x 12 cm Materia\u0142: tworzywo Typ: lijinka k\u0105towa Dobre rozwi\u0105zanie pozwalaj\u0105ce idealnie przyci\u0105\u0107 element do wymaganego kszta\u0142tu. Linijka k\u0105towa wykonany z tworzywa. Narz\u0119dzie jest lekkie i \u0142atwo je przechowywa\u0107 &#8211; po z\u0142o\u017ceniu zajmuje bardzo niewiele miejsca. Regulowane, przykr\u0119cane ramiona narz\u0119dzia pozwalaj\u0105 na dopasowanie do r\u00f3\u017cnych k\u0105t\u00f3w.     Czytaj wi\u0119cej \"LINIJKA K\u0104TOWA REGULOWANY TEMPLATER MIARKA\"","og_url":"https:\/\/bobimarket.pl\/index.php\/produkt\/linijka-katowa-regulowany-templater-miarka\/","og_site_name":"BOBIMARKET.pl - Remontuj i urz\u0105dzaj z nami","article_modified_time":"2025-02-27T16:32:20+00:00","og_image":[{"url":"https:\/\/upload.cdn.baselinker.com\/products\/14476\/c2f3dcfc2f81eb095cca7527620ff543.jpg"}],"twitter_card":"summary_large_image","twitter_misc":{"Szacowany czas czytania":"1 minuta"},"schema":{"@context":"https:\/\/schema.org","@graph":[{"@type":"WebPage","@id":"https:\/\/bobimarket.pl\/index.php\/produkt\/linijka-katowa-regulowany-templater-miarka\/","url":"https:\/\/bobimarket.pl\/index.php\/produkt\/linijka-katowa-regulowany-templater-miarka\/","name":"LINIJKA K\u0104TOWA REGULOWANY TEMPLATER MIARKA - BOBIMARKET.pl - Remontuj i urz\u0105dzaj z nami","isPartOf":{"@id":"https:\/\/bobimarket.pl\/#website"},"datePublished":"2023-08-30T12:14:59+00:00","dateModified":"2025-02-27T16:32:20+00:00","breadcrumb":{"@id":"https:\/\/bobimarket.pl\/index.php\/produkt\/linijka-katowa-regulowany-templater-miarka\/#breadcrumb"},"inLanguage":"pl-PL","potentialAction":[{"@type":"ReadAction","target":["https:\/\/bobimarket.pl\/index.php\/produkt\/linijka-katowa-regulowany-templater-miarka\/"]}]},{"@type":"BreadcrumbList","@id":"https:\/\/bobimarket.pl\/index.php\/produkt\/linijka-katowa-regulowany-templater-miarka\/#breadcrumb","itemListElement":[{"@type":"ListItem","position":1,"name":"Strona g\u0142\u00f3wna","item":"https:\/\/bobimarket.pl\/"},{"@type":"ListItem","position":2,"name":"Sklep","item":"https:\/\/bobimarket.pl\/index.php\/shop\/"},{"@type":"ListItem","position":3,"name":"LINIJKA K\u0104TOWA REGULOWANY TEMPLATER MIARKA"}]},{"@type":"WebSite","@id":"https:\/\/bobimarket.pl\/#website","url":"https:\/\/bobimarket.pl\/","name":"BOBIMARKET.pl - Remontuj i urz\u0105dzaj z nami","description":"Remontuj i urz\u0105dzaj z nami","publisher":{"@id":"https:\/\/bobimarket.pl\/#organization"},"potentialAction":[{"@type":"SearchAction","target":{"@type":"EntryPoint","urlTemplate":"https:\/\/bobimarket.pl\/?s={search_term_string}"},"query-input":"required name=search_term_string"}],"inLanguage":"pl-PL"},{"@type":"Organization","@id":"https:\/\/bobimarket.pl\/#organization","name":"BOBIMARKET.pl","url":"https:\/\/bobimarket.pl\/","logo":{"@type":"ImageObject","inLanguage":"pl-PL","@id":"https:\/\/bobimarket.pl\/#\/schema\/logo\/image\/","url":"https:\/\/bobimarket.pl\/wp-content\/uploads\/2021\/11\/slogan.png","contentUrl":"https:\/\/bobimarket.pl\/wp-content\/uploads\/2021\/11\/slogan.png","width":2000,"height":384,"caption":"BOBIMARKET.pl"},"image":{"@id":"https:\/\/bobimarket.pl\/#\/schema\/logo\/image\/"}}]}},"_links":{"self":[{"href":"https:\/\/bobimarket.pl\/index.php\/wp-json\/wp\/v2\/product\/97076"}],"collection":[{"href":"https:\/\/bobimarket.pl\/index.php\/wp-json\/wp\/v2\/product"}],"about":[{"href":"https:\/\/bobimarket.pl\/index.php\/wp-json\/wp\/v2\/types\/product"}],"wp:featuredmedia":[{"embeddable":true,"href":"https:\/\/bobimarket.pl\/index.php\/wp-json\/wp\/v2\/media\/97073"}],"wp:attachment":[{"href":"https:\/\/bobimarket.pl\/index.php\/wp-json\/wp\/v2\/media?parent=97076"}],"wp:term":[{"taxonomy":"product_cat","embeddable":true,"href":"https:\/\/bobimarket.pl\/index.php\/wp-json\/wp\/v2\/product_cat?post=97076"},{"taxonomy":"product_tag","embeddable":true,"href":"https:\/\/bobimarket.pl\/index.php\/wp-json\/wp\/v2\/product_tag?post=97076"}],"curies":[{"name":"wp","href":"https:\/\/api.w.org\/{rel}","templated":true}]}}