{"id":97203,"date":"2023-08-30T12:23:19","date_gmt":"2023-08-30T12:23:19","guid":{"rendered":"https:\/\/bobimarket.pl\/index.php\/produkt\/lampa-solarna-led-lampka-ogrodowa-lampion-kolory\/"},"modified":"2025-02-27T16:52:39","modified_gmt":"2025-02-27T16:52:39","slug":"lampa-solarna-led-lampka-ogrodowa-lampion-kolory","status":"publish","type":"product","link":"https:\/\/bobimarket.pl\/index.php\/produkt\/lampa-solarna-led-lampka-ogrodowa-lampion-kolory\/","title":{"rendered":"LAMPA SOLARNA LED LAMPKA OGRODOWA LAMPION KOLORY"},"content":{"rendered":"<section class=\"section\">\n<div class=\"item item-12\">\n<section class=\"text-item\">\n<h1>LAMPA SOLARNA LAMPION 15x15x25,5cm<\/h1>\n<p>Informacje og\u00f3lne:<\/p>\n<ul>\n<li>Wymiary produktu :\u00a0<b>12 x 12 x 14 cm<\/b><\/li>\n<li>Panel Solar:\u00a0<b>polisylicon 2V 40mAh<\/b><\/li>\n<li>\u015arednie napi\u0119cie\u00a0<b>1 x 1.2V AA 300mAh Ni-MH<\/b><\/li>\n<li>\u017bar\u00f3wka: 2 x bia\u0142yLED 2 x RGB LED<\/li>\n<li>Bateria do ponownego \u0142adowania<\/li>\n<li>Czas pracy:\u00a0<b>8-10 godzin<\/b><\/li>\n<li>G\u0142\u00f3wny materia\u0142 produktu: <b>szk\u0142o<\/b><\/li>\n<\/ul>\n<\/section><\/div>\n<\/section>\n<section class=\"section\">\n<div class=\"item item-12\">\n<section class=\"image-item\">\n            <img decoding=\"async\" src=\"https:\/\/upload.cdn.baselinker.com\/products\/14476\/e0fe55c2a4577312cbf3d9e23448e3f5.jpg\"><br \/>\n        <\/section>\n<\/p><\/div>\n<\/section>\n<section class=\"section\">\n<div class=\"item item-12\">\n<section class=\"text-item\">\n<h1>PI\u0118KNA LAMPA SOLARNA<\/h1>\n<p>Lampa solarna LED to idealne rozwi\u0105zanie do Twojego ogrodu! Doskonale sprawdzi si\u0119 jako <b>urocza i praktyczna ozdoba<\/b> na\u00a0 tarasach czy werandach. Podkre\u015bla oraz stanowi <b>uzupe\u0142nienie architektury ogrodowej b\u0105d\u017a kompozycji ro\u015blinnych<\/b>. Ozdob\u0119 przypominaj\u0105c\u0105 okr\u0105g\u0142y lampion mo\u017cna zawiesi\u0107 lub po\u0142o\u017cy\u0107 w ka\u017cdym miejscu, gdzie wyst\u0119puje odpowiednie nas\u0142onecznienie. Pi\u0119kna lampka solarna idealnie sprawdza si\u0119 w dekoracji ogrodu, tarasu. \u00a0 S\u0142oik posiada<b> dekoracyjne wyt\u0142oczenia<\/b> co jest dodatkowym atutem wizualnym.<\/p>\n<p>\u2705 Lampy zasilane s\u0105 <b>energi\u0105 s\u0142oneczn\u0105<\/b> &#8211; lampka \u0142aduje si\u0119 w ci\u0105gu dnia i zapala si\u0119 samoczynnie.<\/p>\n<p>\u2705 <b>Dekoracyjne i praktyczne o\u015bwietlenie<\/b> zapewniaj\u0105ce spektakularny efekt wizualny.<\/p>\n<p>\u2705 \u0141atwa do zamontowania, nadaje si\u0119 wsz\u0119dzie tam gdzie wyst\u0119puje odpowiednie nas\u0142onecznienie<\/p>\n<p>\u2705 Tania w utrzymaniu, nie wymaga dodatkowych instalacji elektrycznych, zapala si\u0119 automatycznie<\/p>\n<\/section><\/div>\n<\/section>\n<section class=\"section\">\n<div class=\"item item-12\">\n<section class=\"image-item\">\n            <img decoding=\"async\" src=\"https:\/\/upload.cdn.baselinker.com\/products\/14476\/d763e2fe00cb24fd622cedbdcbd9caa1.jpg\"><br \/>\n        <\/section>\n<\/p><\/div>\n<\/section>\n<section class=\"section\">\n<div class=\"item item-12\">\n<section class=\"text-item\">\n<h2>LAMPA SOLARNA ZMIENIA KOLORY!<\/h2>\n<p>Je\u017celi chcesz zmieni\u0107 sw\u00f3j klasyczny lampion, na co\u015b bardziej kolorowego to nic prostszego! Po odkr\u0119ceniu zakr\u0119tki lampiony przesuwaj\u0105c w\u0142\u0105cznik w odpowiedni\u0105 stron\u0119<b> lampa zmieni kolor z bia\u0142ego na zielony, czerwony lub niebieski!<\/b><\/p>\n<ul>\n<li>Jedna przesuni\u0119cie w\u0142\u0105cznika sprawia, \u017ce lampa nabiera innego charakteru i o\u015bwietla ogr\u00f3d w kolorowymi barwami!<\/li>\n<\/ul>\n<\/section><\/div>\n<\/section>\n<section class=\"section\">\n<div class=\"item item-12\">\n<section class=\"image-item\">\n            <img decoding=\"async\" src=\"https:\/\/upload.cdn.baselinker.com\/products\/14476\/ae3a55b4b2180adb0e6418839cd1d17e.jpg\"><br \/>\n        <\/section>\n<\/p><\/div>\n<\/section>\n<section class=\"section\">\n<div class=\"item item-12\">\n<section class=\"text-item\">\n<p>\u2705 Lampa ma <b>ponadczasowy i klasyczny design.<\/b> Idealnie nada si\u0119 do: ogrodu, patio, taras\u00f3w, wej\u015b\u0107 do pomieszcze\u0144, drogi do gara\u017cu, alejek w ogrodzie, oczek wodnych lub jako element kompozycji kwiatowych.<\/p>\n<p>\u2705 Pami\u0119taj, aby umie\u015bci\u0107 solarna lamp\u0119 ogrodow\u0105 w miejscy <b>z pe\u0142nym s\u0142o\u0144cem<\/b> dla \u015bwiate\u0142 LED. Panel s\u0142oneczny mo\u017ce wtedy\u00a0 wch\u0142on\u0105\u0107 wi\u0119kszo\u015b\u0107 energii i przechowywa\u0107 j\u0105 na noc i \u015bwieci\u0107 jak najd\u0142u\u017cej.<\/p>\n<ul>\n<li><b>WA\u017bNE!<\/b> W bardzo pochmurne dni bateria mo\u017ce nie by\u0107 w pe\u0142ni na\u0142adowana. W takim przypadku lampa mozaikowa \u015bwieci w nocy kr\u00f3cej i s\u0142abiej.<\/li>\n<\/ul>\n<\/section><\/div>\n<\/section>\n<section class=\"section\">\n<div class=\"item item-12\">\n<section class=\"text-item\">\n<h1>Ozd\u00f3b sw\u00f3j ogr\u00f3d wyj\u0105tkowym kolorowym lampionem!<\/h1>\n<\/section><\/div>\n<\/section>\n","protected":false},"excerpt":{"rendered":"<p>LAMPA SOLARNA LAMPION 15x15x25,5cm Informacje og\u00f3lne: Wymiary produktu :\u00a012 x 12 x 14 cm Panel Solar:\u00a0polisylicon 2V 40mAh \u015arednie napi\u0119cie\u00a01 x 1.2V AA 300mAh Ni-MH \u017bar\u00f3wka: 2 x bia\u0142yLED 2 x RGB LED Bateria do ponownego \u0142adowania Czas pracy:\u00a08-10 godzin G\u0142\u00f3wny materia\u0142 produktu: szk\u0142o PI\u0118KNA LAMPA SOLARNA Lampa solarna LED to idealne rozwi\u0105zanie do Twojego<br \/><a class=\"more-link\" href=\"https:\/\/bobimarket.pl\/index.php\/produkt\/lampa-solarna-led-lampka-ogrodowa-lampion-kolory\/\"><br \/>\n        Czytaj wi\u0119cej<span class=\"screen-reader-text\"> &#8222;LAMPA SOLARNA LED LAMPKA OGRODOWA LAMPION KOLORY&#8221;<\/span><\/a><\/p>\n","protected":false},"featured_media":97198,"template":"","meta":[],"product_cat":[8386],"product_tag":[],"yoast_head":"<!-- This site is optimized with the Yoast SEO plugin v21.0 - https:\/\/yoast.com\/wordpress\/plugins\/seo\/ -->\n<title>LAMPA SOLARNA LED LAMPKA OGRODOWA LAMPION KOLORY - BOBIMARKET.pl - Remontuj i urz\u0105dzaj z nami<\/title>\n<meta name=\"robots\" content=\"index, follow, max-snippet:-1, max-image-preview:large, max-video-preview:-1\" \/>\n<link rel=\"canonical\" href=\"https:\/\/bobimarket.pl\/index.php\/produkt\/lampa-solarna-led-lampka-ogrodowa-lampion-kolory\/\" \/>\n<meta property=\"og:locale\" content=\"pl_PL\" \/>\n<meta property=\"og:type\" content=\"article\" \/>\n<meta property=\"og:title\" content=\"LAMPA SOLARNA LED LAMPKA OGRODOWA LAMPION KOLORY - BOBIMARKET.pl - Remontuj i urz\u0105dzaj z nami\" \/>\n<meta property=\"og:description\" content=\"LAMPA SOLARNA LAMPION 15x15x25,5cm Informacje og\u00f3lne: Wymiary produktu :\u00a012 x 12 x 14 cm Panel Solar:\u00a0polisylicon 2V 40mAh \u015arednie napi\u0119cie\u00a01 x 1.2V AA 300mAh Ni-MH \u017bar\u00f3wka: 2 x bia\u0142yLED 2 x RGB LED Bateria do ponownego \u0142adowania Czas pracy:\u00a08-10 godzin G\u0142\u00f3wny materia\u0142 produktu: szk\u0142o PI\u0118KNA LAMPA SOLARNA Lampa solarna LED to idealne rozwi\u0105zanie do Twojego     Czytaj wi\u0119cej &quot;LAMPA SOLARNA LED LAMPKA OGRODOWA LAMPION KOLORY&quot;\" \/>\n<meta property=\"og:url\" content=\"https:\/\/bobimarket.pl\/index.php\/produkt\/lampa-solarna-led-lampka-ogrodowa-lampion-kolory\/\" \/>\n<meta property=\"og:site_name\" content=\"BOBIMARKET.pl - Remontuj i urz\u0105dzaj z nami\" \/>\n<meta property=\"article:modified_time\" content=\"2025-02-27T16:52:39+00:00\" \/>\n<meta property=\"og:image\" content=\"https:\/\/upload.cdn.baselinker.com\/products\/14476\/e0fe55c2a4577312cbf3d9e23448e3f5.jpg\" \/>\n<meta name=\"twitter:card\" content=\"summary_large_image\" \/>\n<meta name=\"twitter:label1\" content=\"Szacowany czas czytania\" \/>\n\t<meta name=\"twitter:data1\" content=\"2 minuty\" \/>\n<script type=\"application\/ld+json\" class=\"yoast-schema-graph\">{\"@context\":\"https:\/\/schema.org\",\"@graph\":[{\"@type\":\"WebPage\",\"@id\":\"https:\/\/bobimarket.pl\/index.php\/produkt\/lampa-solarna-led-lampka-ogrodowa-lampion-kolory\/\",\"url\":\"https:\/\/bobimarket.pl\/index.php\/produkt\/lampa-solarna-led-lampka-ogrodowa-lampion-kolory\/\",\"name\":\"LAMPA SOLARNA LED LAMPKA OGRODOWA LAMPION KOLORY - BOBIMARKET.pl - Remontuj i urz\u0105dzaj z nami\",\"isPartOf\":{\"@id\":\"https:\/\/bobimarket.pl\/#website\"},\"datePublished\":\"2023-08-30T12:23:19+00:00\",\"dateModified\":\"2025-02-27T16:52:39+00:00\",\"breadcrumb\":{\"@id\":\"https:\/\/bobimarket.pl\/index.php\/produkt\/lampa-solarna-led-lampka-ogrodowa-lampion-kolory\/#breadcrumb\"},\"inLanguage\":\"pl-PL\",\"potentialAction\":[{\"@type\":\"ReadAction\",\"target\":[\"https:\/\/bobimarket.pl\/index.php\/produkt\/lampa-solarna-led-lampka-ogrodowa-lampion-kolory\/\"]}]},{\"@type\":\"BreadcrumbList\",\"@id\":\"https:\/\/bobimarket.pl\/index.php\/produkt\/lampa-solarna-led-lampka-ogrodowa-lampion-kolory\/#breadcrumb\",\"itemListElement\":[{\"@type\":\"ListItem\",\"position\":1,\"name\":\"Strona g\u0142\u00f3wna\",\"item\":\"https:\/\/bobimarket.pl\/\"},{\"@type\":\"ListItem\",\"position\":2,\"name\":\"Sklep\",\"item\":\"https:\/\/bobimarket.pl\/index.php\/shop\/\"},{\"@type\":\"ListItem\",\"position\":3,\"name\":\"LAMPA SOLARNA LED LAMPKA OGRODOWA LAMPION KOLORY\"}]},{\"@type\":\"WebSite\",\"@id\":\"https:\/\/bobimarket.pl\/#website\",\"url\":\"https:\/\/bobimarket.pl\/\",\"name\":\"BOBIMARKET.pl - Remontuj i urz\u0105dzaj z nami\",\"description\":\"Remontuj i urz\u0105dzaj z nami\",\"publisher\":{\"@id\":\"https:\/\/bobimarket.pl\/#organization\"},\"potentialAction\":[{\"@type\":\"SearchAction\",\"target\":{\"@type\":\"EntryPoint\",\"urlTemplate\":\"https:\/\/bobimarket.pl\/?s={search_term_string}\"},\"query-input\":\"required name=search_term_string\"}],\"inLanguage\":\"pl-PL\"},{\"@type\":\"Organization\",\"@id\":\"https:\/\/bobimarket.pl\/#organization\",\"name\":\"BOBIMARKET.pl\",\"url\":\"https:\/\/bobimarket.pl\/\",\"logo\":{\"@type\":\"ImageObject\",\"inLanguage\":\"pl-PL\",\"@id\":\"https:\/\/bobimarket.pl\/#\/schema\/logo\/image\/\",\"url\":\"https:\/\/bobimarket.pl\/wp-content\/uploads\/2021\/11\/slogan.png\",\"contentUrl\":\"https:\/\/bobimarket.pl\/wp-content\/uploads\/2021\/11\/slogan.png\",\"width\":2000,\"height\":384,\"caption\":\"BOBIMARKET.pl\"},\"image\":{\"@id\":\"https:\/\/bobimarket.pl\/#\/schema\/logo\/image\/\"}}]}<\/script>\n<!-- \/ Yoast SEO plugin. -->","yoast_head_json":{"title":"LAMPA SOLARNA LED LAMPKA OGRODOWA LAMPION KOLORY - BOBIMARKET.pl - Remontuj i urz\u0105dzaj z nami","robots":{"index":"index","follow":"follow","max-snippet":"max-snippet:-1","max-image-preview":"max-image-preview:large","max-video-preview":"max-video-preview:-1"},"canonical":"https:\/\/bobimarket.pl\/index.php\/produkt\/lampa-solarna-led-lampka-ogrodowa-lampion-kolory\/","og_locale":"pl_PL","og_type":"article","og_title":"LAMPA SOLARNA LED LAMPKA OGRODOWA LAMPION KOLORY - BOBIMARKET.pl - Remontuj i urz\u0105dzaj z nami","og_description":"LAMPA SOLARNA LAMPION 15x15x25,5cm Informacje og\u00f3lne: Wymiary produktu :\u00a012 x 12 x 14 cm Panel Solar:\u00a0polisylicon 2V 40mAh \u015arednie napi\u0119cie\u00a01 x 1.2V AA 300mAh Ni-MH \u017bar\u00f3wka: 2 x bia\u0142yLED 2 x RGB LED Bateria do ponownego \u0142adowania Czas pracy:\u00a08-10 godzin G\u0142\u00f3wny materia\u0142 produktu: szk\u0142o PI\u0118KNA LAMPA SOLARNA Lampa solarna LED to idealne rozwi\u0105zanie do Twojego     Czytaj wi\u0119cej \"LAMPA SOLARNA LED LAMPKA OGRODOWA LAMPION KOLORY\"","og_url":"https:\/\/bobimarket.pl\/index.php\/produkt\/lampa-solarna-led-lampka-ogrodowa-lampion-kolory\/","og_site_name":"BOBIMARKET.pl - Remontuj i urz\u0105dzaj z nami","article_modified_time":"2025-02-27T16:52:39+00:00","og_image":[{"url":"https:\/\/upload.cdn.baselinker.com\/products\/14476\/e0fe55c2a4577312cbf3d9e23448e3f5.jpg"}],"twitter_card":"summary_large_image","twitter_misc":{"Szacowany czas czytania":"2 minuty"},"schema":{"@context":"https:\/\/schema.org","@graph":[{"@type":"WebPage","@id":"https:\/\/bobimarket.pl\/index.php\/produkt\/lampa-solarna-led-lampka-ogrodowa-lampion-kolory\/","url":"https:\/\/bobimarket.pl\/index.php\/produkt\/lampa-solarna-led-lampka-ogrodowa-lampion-kolory\/","name":"LAMPA SOLARNA LED LAMPKA OGRODOWA LAMPION KOLORY - BOBIMARKET.pl - Remontuj i urz\u0105dzaj z nami","isPartOf":{"@id":"https:\/\/bobimarket.pl\/#website"},"datePublished":"2023-08-30T12:23:19+00:00","dateModified":"2025-02-27T16:52:39+00:00","breadcrumb":{"@id":"https:\/\/bobimarket.pl\/index.php\/produkt\/lampa-solarna-led-lampka-ogrodowa-lampion-kolory\/#breadcrumb"},"inLanguage":"pl-PL","potentialAction":[{"@type":"ReadAction","target":["https:\/\/bobimarket.pl\/index.php\/produkt\/lampa-solarna-led-lampka-ogrodowa-lampion-kolory\/"]}]},{"@type":"BreadcrumbList","@id":"https:\/\/bobimarket.pl\/index.php\/produkt\/lampa-solarna-led-lampka-ogrodowa-lampion-kolory\/#breadcrumb","itemListElement":[{"@type":"ListItem","position":1,"name":"Strona g\u0142\u00f3wna","item":"https:\/\/bobimarket.pl\/"},{"@type":"ListItem","position":2,"name":"Sklep","item":"https:\/\/bobimarket.pl\/index.php\/shop\/"},{"@type":"ListItem","position":3,"name":"LAMPA SOLARNA LED LAMPKA OGRODOWA LAMPION KOLORY"}]},{"@type":"WebSite","@id":"https:\/\/bobimarket.pl\/#website","url":"https:\/\/bobimarket.pl\/","name":"BOBIMARKET.pl - Remontuj i urz\u0105dzaj z nami","description":"Remontuj i urz\u0105dzaj z nami","publisher":{"@id":"https:\/\/bobimarket.pl\/#organization"},"potentialAction":[{"@type":"SearchAction","target":{"@type":"EntryPoint","urlTemplate":"https:\/\/bobimarket.pl\/?s={search_term_string}"},"query-input":"required name=search_term_string"}],"inLanguage":"pl-PL"},{"@type":"Organization","@id":"https:\/\/bobimarket.pl\/#organization","name":"BOBIMARKET.pl","url":"https:\/\/bobimarket.pl\/","logo":{"@type":"ImageObject","inLanguage":"pl-PL","@id":"https:\/\/bobimarket.pl\/#\/schema\/logo\/image\/","url":"https:\/\/bobimarket.pl\/wp-content\/uploads\/2021\/11\/slogan.png","contentUrl":"https:\/\/bobimarket.pl\/wp-content\/uploads\/2021\/11\/slogan.png","width":2000,"height":384,"caption":"BOBIMARKET.pl"},"image":{"@id":"https:\/\/bobimarket.pl\/#\/schema\/logo\/image\/"}}]}},"_links":{"self":[{"href":"https:\/\/bobimarket.pl\/index.php\/wp-json\/wp\/v2\/product\/97203"}],"collection":[{"href":"https:\/\/bobimarket.pl\/index.php\/wp-json\/wp\/v2\/product"}],"about":[{"href":"https:\/\/bobimarket.pl\/index.php\/wp-json\/wp\/v2\/types\/product"}],"wp:featuredmedia":[{"embeddable":true,"href":"https:\/\/bobimarket.pl\/index.php\/wp-json\/wp\/v2\/media\/97198"}],"wp:attachment":[{"href":"https:\/\/bobimarket.pl\/index.php\/wp-json\/wp\/v2\/media?parent=97203"}],"wp:term":[{"taxonomy":"product_cat","embeddable":true,"href":"https:\/\/bobimarket.pl\/index.php\/wp-json\/wp\/v2\/product_cat?post=97203"},{"taxonomy":"product_tag","embeddable":true,"href":"https:\/\/bobimarket.pl\/index.php\/wp-json\/wp\/v2\/product_tag?post=97203"}],"curies":[{"name":"wp","href":"https:\/\/api.w.org\/{rel}","templated":true}]}}