{"id":97248,"date":"2023-08-30T12:26:00","date_gmt":"2023-08-30T12:26:00","guid":{"rendered":"https:\/\/bobimarket.pl\/index.php\/produkt\/p-drakol-regeneracja-trawnika-zwalcza-pedraka-625m\/"},"modified":"2025-02-27T16:50:46","modified_gmt":"2025-02-27T16:50:46","slug":"p-drakol-regeneracja-trawnika-zwalcza-pedraka-625m","status":"publish","type":"product","link":"https:\/\/bobimarket.pl\/index.php\/produkt\/p-drakol-regeneracja-trawnika-zwalcza-pedraka-625m\/","title":{"rendered":"P-DRAKOL REGENERACJA TRAWNIKA ZWALCZA P\u0118DRAKA 625M"},"content":{"rendered":"<section class=\"section\">\n<div class=\"item item-12\">\n<section class=\"image-item\">\n            <img decoding=\"async\" src=\"https:\/\/upload.cdn.baselinker.com\/products\/14476\/3d0313bcff5c4936943898b7b2dcf994.jpg\" \/><br \/>\n        <\/section>\n<\/p><\/div>\n<\/section>\n<section class=\"section\">\n<div class=\"item item-12\">\n<section class=\"text-item\">\n<h2>P-DRAKOL REGENERACJA TRAWNIKA ZWALCZA P\u0118DRAKA 625M<\/h2>\n<p><b>Informacje og\u00f3lne:<\/b><\/p>\n<ul>\n<li>Pojemno\u015b\u0107: <b>50 g<\/b><\/li>\n<li>Naturalny preparat mikrobiologiczny<\/li>\n<li>Przeznaczenie: <b>do ochrony i piel\u0119gnacji trawnika <\/b><\/li>\n<li>Dawkowanie ( zalecane): 10 g \u015brodka na 2-5 litr\u00f3w wody<\/li>\n<li>Mo\u017cna stosowa\u0107 przed zbiorem<\/li>\n<li>Do stosowania w formie oprysku lub do podlewania<\/li>\n<li>Bezpieczny dla ludzi, zwierz\u0105t domowych i ro\u015blin<\/li>\n<\/ul>\n<\/section><\/div>\n<\/section>\n<section class=\"section\">\n<div class=\"item item-12\">\n<section class=\"image-item\">\n            <img decoding=\"async\" src=\"https:\/\/upload.cdn.baselinker.com\/products\/14476\/ec110a50d636269969233b7b96178bb5.jpg\" \/><br \/>\n        <\/section>\n<\/p><\/div>\n<\/section>\n<section class=\"section\">\n<div class=\"item item-12\">\n<section class=\"text-item\">\n<h1>Praktyczne informacje dotycz\u0105ce stosowanie preparatu<\/h1>\n<h2>\u00a0Jak dzia\u0142a preparat:<\/h2>\n<p><b>\u2705 <\/b>Preparat przyda si\u0119 tym, kt\u00f3rzy chc\u0105 zadba\u0107 i sw\u00f3j trawnik. Sprawdzi si\u0119 gdy <b>borykamy si\u0119 ze <\/b><b>s\u0142ab\u0105 struktur\u0105 pod\u0142o\u017ca, uszkodzeniami przez szkodniki glebowe<\/b> tj. p\u0119draki czy nicienie. \u015arodek ma <b>za zadanie stymulowa\u0107 prawid\u0142owy rozw\u00f3j systemu korzeniowego<\/b>, a tak\u017ce zapobiega powstawaniu ubytk\u00f3w w trawniku.<\/p>\n<p><b>\u2705 <\/b>Dodatkowo ochrania trawnik i stwarza warunki do lepszej naturalnej eliminacji szkodnik\u00f3w glebowych. \u015brodek poprawia <b>rozw\u00f3j systemu korzeniowego<\/b> i zapobiega powstawaniu ubytk\u00f3w w trawniku.<\/p>\n<\/section><\/div>\n<\/section>\n<section class=\"section\">\n<div class=\"item item-12\">\n<section class=\"image-item\">\n            <img decoding=\"async\" src=\"https:\/\/upload.cdn.baselinker.com\/products\/14476\/fd8badbe69928e3228b0ac5e9c8acd6b.jpg\" \/><br \/>\n        <\/section>\n<\/p><\/div>\n<\/section>\n<section class=\"section\">\n<div class=\"item item-12\">\n<section class=\"text-item\">\n<h1>Spos\u00f3b stosowanie i dawkowanie:\u00a0<\/h1>\n<p>Preparat wyst\u0119puje w\u00a0formie koncentratu. Przed u\u017cyciem odpowiedni\u0105 dawk\u0119 powinno si\u0119 rozcie\u0144czy\u0107 z\u00a0wod\u0105. \u015arodek mo\u017cna zastosowa\u0107 za\u00a0pomoc\u0105 opryskiwacza lub\u00a0podlewania. Zabiegi preparatem P-Drakol mo\u017cna powtarza\u0107 co 14-21 dni.<\/p>\n<h2>\u2705 W FORMIE OPRYSKU:<\/h2>\n<p>Opryskpowinien by\u0107 stosowany <b>w przypadku zauwa\u017cenia uszkodze\u0144<\/b>. Po wykonaniu oprysku, obszar, na kt\u00f3rym zastosowano preparat nale\u017cy obficie podla\u0107, aby umo\u017cliwi\u0107 wnikni\u0119cie preparatu w stref\u0119 korzeni. Zabieg najlepiej wykona\u0107 po wertykulacji i aeracji trawnika.<\/p>\n<ul>\n<li>DAWKOWANIE: zalecana dawka to 10 g \u015brodka na 2-5 litr\u00f3w wody (w zale\u017cno\u015bci od nasilenia szkodnika). Jedno opakowanie wystarczy na oprysk nawet 250 m2 powierzchni.<\/li>\n<\/ul>\n<h2>\u2705 W FORMIE PODLEWNIA<\/h2>\n<p>Preparat w formie <b>podlewania<\/b> zaleca si\u0119 do stosowania na mniejsze obszary <b>w celu szybkiego zwalczania szkodnika,<\/b> szczeg\u00f3lnie polecany w uprawach warzyw.<\/p>\n<ul>\n<li>DAWKOWANIE: zalecana dawka to 10 g \u015brodka na 2-5 litr\u00f3w wody (w zale\u017cno\u015bci od nasilenia szkodnika). Jedno opakowanie wystarczy na oprysk nawet 250 m2 powierzchni.<\/li>\n<\/ul>\n<h2>\u2705 W FORMIE ZAPRAWIANIA NASION<\/h2>\n<p>\u015arodek mo\u017cna r\u00f3wnie\u017c stosowa\u0107 w formie zaprawianie nasion. Ta metoda stanowi doskona\u0142y spos\u00f3b <b>na ochron\u0119 trawnika przed patogenami chorobotw\u00f3rczymi i szkodnikami.<\/b><\/p>\n<ul>\n<li>DAWKOWANIE: 1 g\u00a0preparatu na\u00a0ilo\u015b\u0107 materia\u0142u siewnego przeznaczonego na\u00a010m2 powierzchni uprawy<\/li>\n<\/ul>\n<h2>UWAGA\u2757 Preparat mo\u017ce by\u0107 stosowany od marca do pa\u017adziernika.<\/h2>\n<\/section><\/div>\n<\/section>\n<section class=\"section\">\n<div class=\"item item-12\">\n<section class=\"image-item\">\n            <img decoding=\"async\" src=\"https:\/\/upload.cdn.baselinker.com\/products\/14476\/69f1a3f92279c9eb35a4b516872ea1a1.jpg\" \/><br \/>\n        <\/section>\n<\/p><\/div>\n<\/section>\n<section class=\"section\">\n<div class=\"item item-12\">\n<section class=\"text-item\">\n<h2>Zadbaj o sw\u00f3j trawnik i zmniejsza ryzyko wyst\u0119powania jego uszkodze\u0144!<\/h2>\n<p>P-Drakpol to preparat mikrobiologiczny, kt\u00f3ry wyst\u0119puje w formie koncentratu. Jego g\u0142\u00f3wnym zadaniem jest stymulowanie proces\u00f3w regeneracji, dodatkowo charakteryzuje si\u0119 pozytywny wp\u0142ywem na rozw\u00f3j korzeni. Przyczynia si\u0119 do zmniejszania wyst\u0119powania uszkodze\u0144 trawnika, poprzez ograniczenie ubytk\u00f3w w murawie trawnika. \u015arodek mo\u017cna stosowa\u0107 przez ca\u0142y okres wegetacji.<\/p>\n<p>\u2705 \u015arodek zawiera<b> najwy\u017csze st\u0119\u017cenie po\u017cytecznych bakterii na rynku<\/b>.<\/p>\n<p>\u2705 <b>Nie zawiera substancji chemicznych<\/b> oraz pochodz\u0105cych od organizm\u00f3w genetycznie modyfikowanych.<\/p>\n<p>\u2705 Stosuje si\u0119 go <b>doglebowo<\/b> w formie oprysku lub podlewania.<\/p>\n<p>\u2705<b> Brak okresu karencji.\u00a0<\/b>Opryskiwane nim owoce i warzywa mo\u017cna spo\u017cywa\u0107 bezpo\u015brednio po wykonaniu oprysku.<\/p>\n<\/section><\/div>\n<\/section>\n<section class=\"section\">\n<div class=\"item item-12\">\n<section class=\"image-item\">\n            <img decoding=\"async\" src=\"https:\/\/upload.cdn.baselinker.com\/products\/14476\/3672a04a022a40e195ae3960e8d6e479.jpg\" \/><br \/>\n        <\/section>\n<\/p><\/div>\n<\/section>\n<section class=\"section\">\n<div class=\"item item-12\">\n<section class=\"text-item\">\n<h2>Najlepsze rozwi\u0105zanie dla Twojego trawnika<\/h2>\n<p>\u2705 Mo\u017cna go stosowa\u0107 przez ca\u0142y okres wegetacji.<\/p>\n<p>\u2705 \u015arodek mo\u017cna zastosowa\u0107 za\u00a0pomoc\u0105 opryskiwacza lub\u00a0podlewania.<\/p>\n<p>\u2705 Bezpieczny dla ludzi, zwierz\u0105t domowych i ro\u015blin<\/p>\n<p>\u2705 Mo\u017cna stosowa\u0107 przed zbiorem owoc\u00f3w i warzyw.<\/p>\n<\/section><\/div>\n<\/section>\n<section class=\"section\">\n<div class=\"item item-12\">\n<section class=\"image-item\">\n            <img decoding=\"async\" src=\"https:\/\/upload.cdn.baselinker.com\/products\/14476\/0baf725f32e23d4fc47e9f2dbe9bb3cb.jpg\" \/><br \/>\n        <\/section>\n<\/p><\/div>\n<\/section>\n","protected":false},"excerpt":{"rendered":"<p>Ze \u015brodk\u00f3w ochrony ro\u015blin nale\u017cy korzysta\u0107 z zachowaniem bezpiecze\u0144stwa. Przed ka\u017cdym u\u017cyciem przeczytaj informacje zamieszczone w etykiecie i informacje dotycz\u0105ce produktu. Zapoznaj si\u0119 z zagro\u017ceniami i post\u0119puj zgodnie ze \u015brodkami ostro\u017cno\u015bci wymienionymi w etykiecie. Nabycia \u015brodk\u00f3w ochrony ro\u015blin mog\u0105 dokonywa\u0107 jedynie osoby pe\u0142noletnie i posiadaj\u0105ce kwalifikacje wymagane od os\u00f3b nabywaj\u0105cych \u015brodki ochrony ro\u015blin okre\u015blone w artykule 28 ustawy z dnia 8 marca 2013 r. o \u015brodkach ochrony ro\u015blin ( Dz. U. z 2017, poz. 50 z p\u00f3\u017a\u0144. zm.).<\/p>\n","protected":false},"featured_media":97240,"template":"","meta":[],"product_cat":[8388],"product_tag":[],"yoast_head":"<!-- This site is optimized with the Yoast SEO plugin v21.0 - https:\/\/yoast.com\/wordpress\/plugins\/seo\/ -->\n<title>P-DRAKOL REGENERACJA TRAWNIKA ZWALCZA P\u0118DRAKA 625M - BOBIMARKET.pl - Remontuj i urz\u0105dzaj z nami<\/title>\n<meta name=\"robots\" content=\"index, follow, max-snippet:-1, max-image-preview:large, max-video-preview:-1\" \/>\n<link rel=\"canonical\" href=\"https:\/\/bobimarket.pl\/index.php\/produkt\/p-drakol-regeneracja-trawnika-zwalcza-pedraka-625m\/\" \/>\n<meta property=\"og:locale\" content=\"pl_PL\" \/>\n<meta property=\"og:type\" content=\"article\" \/>\n<meta property=\"og:title\" content=\"P-DRAKOL REGENERACJA TRAWNIKA ZWALCZA P\u0118DRAKA 625M - BOBIMARKET.pl - Remontuj i urz\u0105dzaj z nami\" \/>\n<meta property=\"og:description\" content=\"Ze \u015brodk\u00f3w ochrony ro\u015blin nale\u017cy korzysta\u0107 z zachowaniem bezpiecze\u0144stwa. Przed ka\u017cdym u\u017cyciem przeczytaj informacje zamieszczone w etykiecie i informacje dotycz\u0105ce produktu. Zapoznaj si\u0119 z zagro\u017ceniami i post\u0119puj zgodnie ze \u015brodkami ostro\u017cno\u015bci wymienionymi w etykiecie. Nabycia \u015brodk\u00f3w ochrony ro\u015blin mog\u0105 dokonywa\u0107 jedynie osoby pe\u0142noletnie i posiadaj\u0105ce kwalifikacje wymagane od os\u00f3b nabywaj\u0105cych \u015brodki ochrony ro\u015blin okre\u015blone w artykule 28 ustawy z dnia 8 marca 2013 r. o \u015brodkach ochrony ro\u015blin ( Dz. U. z 2017, poz. 50 z p\u00f3\u017a\u0144. zm.).\" \/>\n<meta property=\"og:url\" content=\"https:\/\/bobimarket.pl\/index.php\/produkt\/p-drakol-regeneracja-trawnika-zwalcza-pedraka-625m\/\" \/>\n<meta property=\"og:site_name\" content=\"BOBIMARKET.pl - Remontuj i urz\u0105dzaj z nami\" \/>\n<meta property=\"article:modified_time\" content=\"2025-02-27T16:50:46+00:00\" \/>\n<meta property=\"og:image\" content=\"https:\/\/upload.cdn.baselinker.com\/products\/14476\/3d0313bcff5c4936943898b7b2dcf994.jpg\" \/>\n<meta name=\"twitter:card\" content=\"summary_large_image\" \/>\n<meta name=\"twitter:label1\" content=\"Szacowany czas czytania\" \/>\n\t<meta name=\"twitter:data1\" content=\"3 minuty\" \/>\n<script type=\"application\/ld+json\" class=\"yoast-schema-graph\">{\"@context\":\"https:\/\/schema.org\",\"@graph\":[{\"@type\":\"WebPage\",\"@id\":\"https:\/\/bobimarket.pl\/index.php\/produkt\/p-drakol-regeneracja-trawnika-zwalcza-pedraka-625m\/\",\"url\":\"https:\/\/bobimarket.pl\/index.php\/produkt\/p-drakol-regeneracja-trawnika-zwalcza-pedraka-625m\/\",\"name\":\"P-DRAKOL REGENERACJA TRAWNIKA ZWALCZA P\u0118DRAKA 625M - BOBIMARKET.pl - Remontuj i urz\u0105dzaj z nami\",\"isPartOf\":{\"@id\":\"https:\/\/bobimarket.pl\/#website\"},\"datePublished\":\"2023-08-30T12:26:00+00:00\",\"dateModified\":\"2025-02-27T16:50:46+00:00\",\"breadcrumb\":{\"@id\":\"https:\/\/bobimarket.pl\/index.php\/produkt\/p-drakol-regeneracja-trawnika-zwalcza-pedraka-625m\/#breadcrumb\"},\"inLanguage\":\"pl-PL\",\"potentialAction\":[{\"@type\":\"ReadAction\",\"target\":[\"https:\/\/bobimarket.pl\/index.php\/produkt\/p-drakol-regeneracja-trawnika-zwalcza-pedraka-625m\/\"]}]},{\"@type\":\"BreadcrumbList\",\"@id\":\"https:\/\/bobimarket.pl\/index.php\/produkt\/p-drakol-regeneracja-trawnika-zwalcza-pedraka-625m\/#breadcrumb\",\"itemListElement\":[{\"@type\":\"ListItem\",\"position\":1,\"name\":\"Strona g\u0142\u00f3wna\",\"item\":\"https:\/\/bobimarket.pl\/\"},{\"@type\":\"ListItem\",\"position\":2,\"name\":\"Sklep\",\"item\":\"https:\/\/bobimarket.pl\/index.php\/shop\/\"},{\"@type\":\"ListItem\",\"position\":3,\"name\":\"P-DRAKOL REGENERACJA TRAWNIKA ZWALCZA P\u0118DRAKA 625M\"}]},{\"@type\":\"WebSite\",\"@id\":\"https:\/\/bobimarket.pl\/#website\",\"url\":\"https:\/\/bobimarket.pl\/\",\"name\":\"BOBIMARKET.pl - Remontuj i urz\u0105dzaj z nami\",\"description\":\"Remontuj i urz\u0105dzaj z nami\",\"publisher\":{\"@id\":\"https:\/\/bobimarket.pl\/#organization\"},\"potentialAction\":[{\"@type\":\"SearchAction\",\"target\":{\"@type\":\"EntryPoint\",\"urlTemplate\":\"https:\/\/bobimarket.pl\/?s={search_term_string}\"},\"query-input\":\"required name=search_term_string\"}],\"inLanguage\":\"pl-PL\"},{\"@type\":\"Organization\",\"@id\":\"https:\/\/bobimarket.pl\/#organization\",\"name\":\"BOBIMARKET.pl\",\"url\":\"https:\/\/bobimarket.pl\/\",\"logo\":{\"@type\":\"ImageObject\",\"inLanguage\":\"pl-PL\",\"@id\":\"https:\/\/bobimarket.pl\/#\/schema\/logo\/image\/\",\"url\":\"https:\/\/bobimarket.pl\/wp-content\/uploads\/2021\/11\/slogan.png\",\"contentUrl\":\"https:\/\/bobimarket.pl\/wp-content\/uploads\/2021\/11\/slogan.png\",\"width\":2000,\"height\":384,\"caption\":\"BOBIMARKET.pl\"},\"image\":{\"@id\":\"https:\/\/bobimarket.pl\/#\/schema\/logo\/image\/\"}}]}<\/script>\n<!-- \/ Yoast SEO plugin. -->","yoast_head_json":{"title":"P-DRAKOL REGENERACJA TRAWNIKA ZWALCZA P\u0118DRAKA 625M - BOBIMARKET.pl - Remontuj i urz\u0105dzaj z nami","robots":{"index":"index","follow":"follow","max-snippet":"max-snippet:-1","max-image-preview":"max-image-preview:large","max-video-preview":"max-video-preview:-1"},"canonical":"https:\/\/bobimarket.pl\/index.php\/produkt\/p-drakol-regeneracja-trawnika-zwalcza-pedraka-625m\/","og_locale":"pl_PL","og_type":"article","og_title":"P-DRAKOL REGENERACJA TRAWNIKA ZWALCZA P\u0118DRAKA 625M - BOBIMARKET.pl - Remontuj i urz\u0105dzaj z nami","og_description":"Ze \u015brodk\u00f3w ochrony ro\u015blin nale\u017cy korzysta\u0107 z zachowaniem bezpiecze\u0144stwa. Przed ka\u017cdym u\u017cyciem przeczytaj informacje zamieszczone w etykiecie i informacje dotycz\u0105ce produktu. Zapoznaj si\u0119 z zagro\u017ceniami i post\u0119puj zgodnie ze \u015brodkami ostro\u017cno\u015bci wymienionymi w etykiecie. Nabycia \u015brodk\u00f3w ochrony ro\u015blin mog\u0105 dokonywa\u0107 jedynie osoby pe\u0142noletnie i posiadaj\u0105ce kwalifikacje wymagane od os\u00f3b nabywaj\u0105cych \u015brodki ochrony ro\u015blin okre\u015blone w artykule 28 ustawy z dnia 8 marca 2013 r. o \u015brodkach ochrony ro\u015blin ( Dz. U. z 2017, poz. 50 z p\u00f3\u017a\u0144. zm.).","og_url":"https:\/\/bobimarket.pl\/index.php\/produkt\/p-drakol-regeneracja-trawnika-zwalcza-pedraka-625m\/","og_site_name":"BOBIMARKET.pl - Remontuj i urz\u0105dzaj z nami","article_modified_time":"2025-02-27T16:50:46+00:00","og_image":[{"url":"https:\/\/upload.cdn.baselinker.com\/products\/14476\/3d0313bcff5c4936943898b7b2dcf994.jpg"}],"twitter_card":"summary_large_image","twitter_misc":{"Szacowany czas czytania":"3 minuty"},"schema":{"@context":"https:\/\/schema.org","@graph":[{"@type":"WebPage","@id":"https:\/\/bobimarket.pl\/index.php\/produkt\/p-drakol-regeneracja-trawnika-zwalcza-pedraka-625m\/","url":"https:\/\/bobimarket.pl\/index.php\/produkt\/p-drakol-regeneracja-trawnika-zwalcza-pedraka-625m\/","name":"P-DRAKOL REGENERACJA TRAWNIKA ZWALCZA P\u0118DRAKA 625M - BOBIMARKET.pl - Remontuj i urz\u0105dzaj z nami","isPartOf":{"@id":"https:\/\/bobimarket.pl\/#website"},"datePublished":"2023-08-30T12:26:00+00:00","dateModified":"2025-02-27T16:50:46+00:00","breadcrumb":{"@id":"https:\/\/bobimarket.pl\/index.php\/produkt\/p-drakol-regeneracja-trawnika-zwalcza-pedraka-625m\/#breadcrumb"},"inLanguage":"pl-PL","potentialAction":[{"@type":"ReadAction","target":["https:\/\/bobimarket.pl\/index.php\/produkt\/p-drakol-regeneracja-trawnika-zwalcza-pedraka-625m\/"]}]},{"@type":"BreadcrumbList","@id":"https:\/\/bobimarket.pl\/index.php\/produkt\/p-drakol-regeneracja-trawnika-zwalcza-pedraka-625m\/#breadcrumb","itemListElement":[{"@type":"ListItem","position":1,"name":"Strona g\u0142\u00f3wna","item":"https:\/\/bobimarket.pl\/"},{"@type":"ListItem","position":2,"name":"Sklep","item":"https:\/\/bobimarket.pl\/index.php\/shop\/"},{"@type":"ListItem","position":3,"name":"P-DRAKOL REGENERACJA TRAWNIKA ZWALCZA P\u0118DRAKA 625M"}]},{"@type":"WebSite","@id":"https:\/\/bobimarket.pl\/#website","url":"https:\/\/bobimarket.pl\/","name":"BOBIMARKET.pl - Remontuj i urz\u0105dzaj z nami","description":"Remontuj i urz\u0105dzaj z nami","publisher":{"@id":"https:\/\/bobimarket.pl\/#organization"},"potentialAction":[{"@type":"SearchAction","target":{"@type":"EntryPoint","urlTemplate":"https:\/\/bobimarket.pl\/?s={search_term_string}"},"query-input":"required name=search_term_string"}],"inLanguage":"pl-PL"},{"@type":"Organization","@id":"https:\/\/bobimarket.pl\/#organization","name":"BOBIMARKET.pl","url":"https:\/\/bobimarket.pl\/","logo":{"@type":"ImageObject","inLanguage":"pl-PL","@id":"https:\/\/bobimarket.pl\/#\/schema\/logo\/image\/","url":"https:\/\/bobimarket.pl\/wp-content\/uploads\/2021\/11\/slogan.png","contentUrl":"https:\/\/bobimarket.pl\/wp-content\/uploads\/2021\/11\/slogan.png","width":2000,"height":384,"caption":"BOBIMARKET.pl"},"image":{"@id":"https:\/\/bobimarket.pl\/#\/schema\/logo\/image\/"}}]}},"_links":{"self":[{"href":"https:\/\/bobimarket.pl\/index.php\/wp-json\/wp\/v2\/product\/97248"}],"collection":[{"href":"https:\/\/bobimarket.pl\/index.php\/wp-json\/wp\/v2\/product"}],"about":[{"href":"https:\/\/bobimarket.pl\/index.php\/wp-json\/wp\/v2\/types\/product"}],"wp:featuredmedia":[{"embeddable":true,"href":"https:\/\/bobimarket.pl\/index.php\/wp-json\/wp\/v2\/media\/97240"}],"wp:attachment":[{"href":"https:\/\/bobimarket.pl\/index.php\/wp-json\/wp\/v2\/media?parent=97248"}],"wp:term":[{"taxonomy":"product_cat","embeddable":true,"href":"https:\/\/bobimarket.pl\/index.php\/wp-json\/wp\/v2\/product_cat?post=97248"},{"taxonomy":"product_tag","embeddable":true,"href":"https:\/\/bobimarket.pl\/index.php\/wp-json\/wp\/v2\/product_tag?post=97248"}],"curies":[{"name":"wp","href":"https:\/\/api.w.org\/{rel}","templated":true}]}}