{"id":97265,"date":"2023-08-30T12:27:08","date_gmt":"2023-08-30T12:27:08","guid":{"rendered":"https:\/\/bobimarket.pl\/index.php\/produkt\/wrotycz-ekstrakt-na-pedraki-opuchlaki-drutowce\/"},"modified":"2025-02-27T16:34:39","modified_gmt":"2025-02-27T16:34:39","slug":"wrotycz-ekstrakt-na-pedraki-opuchlaki-drutowce","status":"publish","type":"product","link":"https:\/\/bobimarket.pl\/index.php\/produkt\/wrotycz-ekstrakt-na-pedraki-opuchlaki-drutowce\/","title":{"rendered":"WROTYCZ EKSTRAKT NA P\u0118DRAKI OPUCHLAKI DRUTOWCE"},"content":{"rendered":"<section class=\"section\">\n<div class=\"item item-12\">\n<section class=\"image-item\">\n            <img decoding=\"async\" src=\"https:\/\/upload.cdn.baselinker.com\/products\/14476\/0f9ed444001cb29e5bee3d10f1323bcf.jpg\" \/><br \/>\n        <\/section>\n<\/p><\/div>\n<\/section>\n<section class=\"section\">\n<div class=\"item item-12\">\n<section class=\"text-item\">\n<h2><b>WROTYCZ EKSTRAKT NA P\u0118DRAKI OPUCHLAKI DRUTOWCE<\/b><\/h2>\n<p><b>Informacje og\u00f3lne:<\/b><\/p>\n<ul>\n<li>Pojemno\u015b\u0107: <b>500 ml<\/b><\/li>\n<li>Sk\u0142ad:<b> ekstrakt z procesu fermentacji wrotycza z udzia\u0142em bakterii lactobacillus i bacillus<\/b><\/li>\n<li>Rodzaj: <b>naturalny \u015brodek mikrobiologiczny<\/b><\/li>\n<li>Do podlewania lub oprysku ro\u015blin<\/li>\n<li>Naturalny, ekologiczny i bezpieczny<\/li>\n<\/ul>\n<\/section><\/div>\n<\/section>\n<section class=\"section\">\n<div class=\"item item-12\">\n<section class=\"image-item\">\n            <img decoding=\"async\" src=\"https:\/\/upload.cdn.baselinker.com\/products\/14476\/08b239d6cdbe7b137dc3f91192628f2a.jpg\" \/><br \/>\n        <\/section>\n<\/p><\/div>\n<\/section>\n<section class=\"section\">\n<div class=\"item item-12\">\n<section class=\"text-item\">\n<h1>Praktyczne informacje dotycz\u0105ce stosowanie preparatu<\/h1>\n<p>Preparat wyst\u0119puje w postaci koncentratu przeznaczonego do rozpuszczenia w wodzie. Odpowiedni\u0105 ilo\u015b\u0107 preparatu nale\u017cy rozcie\u0144czy\u0107 w wodzie a nast\u0119pnie zaaplikowa\u0107 w formie oprysku lub podlewania. Zwalcza p\u0119draki, opuchlaki, drutowce oraz inne szkodniki.<\/p>\n<p>Zaleca si\u0119 wykonanie <b>3 oprysk\u00f3w w odst\u0119pie 7-10<\/b> dni na mokra gleb\u0119. Preparat mo\u017ce by\u0107 stosowany od marca do wrze\u015bnia.<\/p>\n<p><b>Dawkowanie: <\/b><\/p>\n<ul>\n<li>1 zabieg 20 ml preparatu na 1 litr wody<\/li>\n<li>2-3 zabieg 10 ml preparatu na 1 wody.<\/li>\n<\/ul>\n<p><b> UWAGA\u2757 NIE STOSOWA\u0106 JEDNOCZE\u015aNIE Z CHEMICZNYMI \u015aRODKAMI RO\u015aLIN. <\/b><\/p>\n<\/section><\/div>\n<\/section>\n<section class=\"section\">\n<div class=\"item item-12\">\n<section class=\"image-item\">\n            <img decoding=\"async\" src=\"https:\/\/upload.cdn.baselinker.com\/products\/14476\/1040ebaeabff1ccb1505582b91ef8fb1.jpg\" \/><br \/>\n        <\/section>\n<\/p><\/div>\n<\/section>\n<section class=\"section\">\n<div class=\"item item-12\">\n<section class=\"text-item\">\n<h2>Zadbaj o swoje ro\u015bliny z naturalnym ekstraktem z wrotyczu<\/h2>\n<p>Naturalny i\u00a0 ekologiczny preparat mikrobiologiczny w formie koncentratu. Swoj\u0105 <b>skuteczno\u015b\u0107 zawdzi\u0119cza charakterystycznemu zapachowi<\/b> oraz dzia\u0142alno\u015bci wyselekcjonowanych mikroorganizm\u00f3w. Oprysk preparatem<b> stwarza nieatrakcyjne warunki do bytowania szkodnik\u00f3w w glebie.<\/b><\/p>\n<p>\u2705 Przeznaczony do kondycjonowania gleby w przypadku wyst\u0105pienia p\u0119drak\u00f3w, opuchlak\u00f3w, nicieni i drutowc\u00f3w oraz innych szkodnik\u00f3w.<\/p>\n<p>\u2705 Stosuje si\u0119 go na trawnikach, w uprawach ro\u015blin ozdobnych, owocowych i warzyw.<\/p>\n<p>\u2705 Zawiera naturalny ekstrakt z wrotycza. Mo\u017cna go stosowa\u0107 przez ca\u0142y okres wegetacji.<\/p>\n<\/section><\/div>\n<\/section>\n<section class=\"section\">\n<div class=\"item item-12\">\n<section class=\"image-item\">\n            <img decoding=\"async\" src=\"https:\/\/upload.cdn.baselinker.com\/products\/14476\/607f3b988262bbdbec49941120f35105.jpg\" \/><br \/>\n        <\/section>\n<\/p><\/div>\n<\/section>\n<section class=\"section\">\n<div class=\"item item-6\">\n<section class=\"text-item\">\n<h2>Najlepsze rozwi\u0105zanie dla Twoich ro\u015blin!<\/h2>\n<p>\u2705 Ekstrakt z wrotyczu stosowany w przypadku wyst\u0105pienia p\u0119drak\u00f3w, opuchlak\u00f3w, nicieni i drutowc\u00f3w oraz innych szkodnik\u00f3w.<\/p>\n<p>\u2705 Naturalny, ekologiczny i bezpieczny preparat mikrobiologiczny.<\/p>\n<p>\u2705 Do stosowania przez ca\u0142y okres wegetacji,\u00a0 po sporz\u0105dzeniu roztwory mo\u017cna wykona\u0107 oprysk lub podla\u0107 ro\u015bliny.<\/p>\n<\/section><\/div>\n<div class=\"item item-6\">\n<section class=\"image-item\">\n            <img decoding=\"async\" src=\"https:\/\/upload.cdn.baselinker.com\/products\/14476\/9bb87b74adf28bce9d227ab12aac4e4d.jpg\" \/><br \/>\n        <\/section>\n<\/p><\/div>\n<\/section>\n<section class=\"section\">\n<div class=\"item item-12\">\n<section class=\"image-item\">\n            <img decoding=\"async\" src=\"https:\/\/upload.cdn.baselinker.com\/products\/14476\/2377fbbe41dcfa4ac1961920451b1e7b.jpg\" \/><br \/>\n        <\/section>\n<\/p><\/div>\n<\/section>\n","protected":false},"excerpt":{"rendered":"<p>Ze \u015brodk\u00f3w ochrony ro\u015blin nale\u017cy korzysta\u0107 z zachowaniem bezpiecze\u0144stwa. Przed ka\u017cdym u\u017cyciem przeczytaj informacje zamieszczone w etykiecie i informacje dotycz\u0105ce produktu. Zapoznaj si\u0119 z zagro\u017ceniami i post\u0119puj zgodnie ze \u015brodkami ostro\u017cno\u015bci wymienionymi w etykiecie. Nabycia \u015brodk\u00f3w ochrony ro\u015blin mog\u0105 dokonywa\u0107 jedynie osoby pe\u0142noletnie i posiadaj\u0105ce kwalifikacje wymagane od os\u00f3b nabywaj\u0105cych \u015brodki ochrony ro\u015blin okre\u015blone w artykule 28 ustawy z dnia 8 marca 2013 r. o \u015brodkach ochrony ro\u015blin ( Dz. U. z 2017, poz. 50 z p\u00f3\u017a\u0144. zm.).<\/p>\n","protected":false},"featured_media":97258,"template":"","meta":[],"product_cat":[8388],"product_tag":[],"yoast_head":"<!-- This site is optimized with the Yoast SEO plugin v21.0 - https:\/\/yoast.com\/wordpress\/plugins\/seo\/ -->\n<title>WROTYCZ EKSTRAKT NA P\u0118DRAKI OPUCHLAKI DRUTOWCE - BOBIMARKET.pl - Remontuj i urz\u0105dzaj z nami<\/title>\n<meta name=\"robots\" content=\"index, follow, max-snippet:-1, max-image-preview:large, max-video-preview:-1\" \/>\n<link rel=\"canonical\" href=\"https:\/\/bobimarket.pl\/index.php\/produkt\/wrotycz-ekstrakt-na-pedraki-opuchlaki-drutowce\/\" \/>\n<meta property=\"og:locale\" content=\"pl_PL\" \/>\n<meta property=\"og:type\" content=\"article\" \/>\n<meta property=\"og:title\" content=\"WROTYCZ EKSTRAKT NA P\u0118DRAKI OPUCHLAKI DRUTOWCE - BOBIMARKET.pl - Remontuj i urz\u0105dzaj z nami\" \/>\n<meta property=\"og:description\" content=\"Ze \u015brodk\u00f3w ochrony ro\u015blin nale\u017cy korzysta\u0107 z zachowaniem bezpiecze\u0144stwa. Przed ka\u017cdym u\u017cyciem przeczytaj informacje zamieszczone w etykiecie i informacje dotycz\u0105ce produktu. Zapoznaj si\u0119 z zagro\u017ceniami i post\u0119puj zgodnie ze \u015brodkami ostro\u017cno\u015bci wymienionymi w etykiecie. Nabycia \u015brodk\u00f3w ochrony ro\u015blin mog\u0105 dokonywa\u0107 jedynie osoby pe\u0142noletnie i posiadaj\u0105ce kwalifikacje wymagane od os\u00f3b nabywaj\u0105cych \u015brodki ochrony ro\u015blin okre\u015blone w artykule 28 ustawy z dnia 8 marca 2013 r. o \u015brodkach ochrony ro\u015blin ( Dz. U. z 2017, poz. 50 z p\u00f3\u017a\u0144. zm.).\" \/>\n<meta property=\"og:url\" content=\"https:\/\/bobimarket.pl\/index.php\/produkt\/wrotycz-ekstrakt-na-pedraki-opuchlaki-drutowce\/\" \/>\n<meta property=\"og:site_name\" content=\"BOBIMARKET.pl - Remontuj i urz\u0105dzaj z nami\" \/>\n<meta property=\"article:modified_time\" content=\"2025-02-27T16:34:39+00:00\" \/>\n<meta property=\"og:image\" content=\"https:\/\/upload.cdn.baselinker.com\/products\/14476\/0f9ed444001cb29e5bee3d10f1323bcf.jpg\" \/>\n<meta name=\"twitter:card\" content=\"summary_large_image\" \/>\n<meta name=\"twitter:label1\" content=\"Szacowany czas czytania\" \/>\n\t<meta name=\"twitter:data1\" content=\"1 minuta\" \/>\n<script type=\"application\/ld+json\" class=\"yoast-schema-graph\">{\"@context\":\"https:\/\/schema.org\",\"@graph\":[{\"@type\":\"WebPage\",\"@id\":\"https:\/\/bobimarket.pl\/index.php\/produkt\/wrotycz-ekstrakt-na-pedraki-opuchlaki-drutowce\/\",\"url\":\"https:\/\/bobimarket.pl\/index.php\/produkt\/wrotycz-ekstrakt-na-pedraki-opuchlaki-drutowce\/\",\"name\":\"WROTYCZ EKSTRAKT NA P\u0118DRAKI OPUCHLAKI DRUTOWCE - BOBIMARKET.pl - Remontuj i urz\u0105dzaj z nami\",\"isPartOf\":{\"@id\":\"https:\/\/bobimarket.pl\/#website\"},\"datePublished\":\"2023-08-30T12:27:08+00:00\",\"dateModified\":\"2025-02-27T16:34:39+00:00\",\"breadcrumb\":{\"@id\":\"https:\/\/bobimarket.pl\/index.php\/produkt\/wrotycz-ekstrakt-na-pedraki-opuchlaki-drutowce\/#breadcrumb\"},\"inLanguage\":\"pl-PL\",\"potentialAction\":[{\"@type\":\"ReadAction\",\"target\":[\"https:\/\/bobimarket.pl\/index.php\/produkt\/wrotycz-ekstrakt-na-pedraki-opuchlaki-drutowce\/\"]}]},{\"@type\":\"BreadcrumbList\",\"@id\":\"https:\/\/bobimarket.pl\/index.php\/produkt\/wrotycz-ekstrakt-na-pedraki-opuchlaki-drutowce\/#breadcrumb\",\"itemListElement\":[{\"@type\":\"ListItem\",\"position\":1,\"name\":\"Strona g\u0142\u00f3wna\",\"item\":\"https:\/\/bobimarket.pl\/\"},{\"@type\":\"ListItem\",\"position\":2,\"name\":\"Sklep\",\"item\":\"https:\/\/bobimarket.pl\/index.php\/shop\/\"},{\"@type\":\"ListItem\",\"position\":3,\"name\":\"WROTYCZ EKSTRAKT NA P\u0118DRAKI OPUCHLAKI DRUTOWCE\"}]},{\"@type\":\"WebSite\",\"@id\":\"https:\/\/bobimarket.pl\/#website\",\"url\":\"https:\/\/bobimarket.pl\/\",\"name\":\"BOBIMARKET.pl - Remontuj i urz\u0105dzaj z nami\",\"description\":\"Remontuj i urz\u0105dzaj z nami\",\"publisher\":{\"@id\":\"https:\/\/bobimarket.pl\/#organization\"},\"potentialAction\":[{\"@type\":\"SearchAction\",\"target\":{\"@type\":\"EntryPoint\",\"urlTemplate\":\"https:\/\/bobimarket.pl\/?s={search_term_string}\"},\"query-input\":\"required name=search_term_string\"}],\"inLanguage\":\"pl-PL\"},{\"@type\":\"Organization\",\"@id\":\"https:\/\/bobimarket.pl\/#organization\",\"name\":\"BOBIMARKET.pl\",\"url\":\"https:\/\/bobimarket.pl\/\",\"logo\":{\"@type\":\"ImageObject\",\"inLanguage\":\"pl-PL\",\"@id\":\"https:\/\/bobimarket.pl\/#\/schema\/logo\/image\/\",\"url\":\"https:\/\/bobimarket.pl\/wp-content\/uploads\/2021\/11\/slogan.png\",\"contentUrl\":\"https:\/\/bobimarket.pl\/wp-content\/uploads\/2021\/11\/slogan.png\",\"width\":2000,\"height\":384,\"caption\":\"BOBIMARKET.pl\"},\"image\":{\"@id\":\"https:\/\/bobimarket.pl\/#\/schema\/logo\/image\/\"}}]}<\/script>\n<!-- \/ Yoast SEO plugin. -->","yoast_head_json":{"title":"WROTYCZ EKSTRAKT NA P\u0118DRAKI OPUCHLAKI DRUTOWCE - BOBIMARKET.pl - Remontuj i urz\u0105dzaj z nami","robots":{"index":"index","follow":"follow","max-snippet":"max-snippet:-1","max-image-preview":"max-image-preview:large","max-video-preview":"max-video-preview:-1"},"canonical":"https:\/\/bobimarket.pl\/index.php\/produkt\/wrotycz-ekstrakt-na-pedraki-opuchlaki-drutowce\/","og_locale":"pl_PL","og_type":"article","og_title":"WROTYCZ EKSTRAKT NA P\u0118DRAKI OPUCHLAKI DRUTOWCE - BOBIMARKET.pl - Remontuj i urz\u0105dzaj z nami","og_description":"Ze \u015brodk\u00f3w ochrony ro\u015blin nale\u017cy korzysta\u0107 z zachowaniem bezpiecze\u0144stwa. Przed ka\u017cdym u\u017cyciem przeczytaj informacje zamieszczone w etykiecie i informacje dotycz\u0105ce produktu. Zapoznaj si\u0119 z zagro\u017ceniami i post\u0119puj zgodnie ze \u015brodkami ostro\u017cno\u015bci wymienionymi w etykiecie. Nabycia \u015brodk\u00f3w ochrony ro\u015blin mog\u0105 dokonywa\u0107 jedynie osoby pe\u0142noletnie i posiadaj\u0105ce kwalifikacje wymagane od os\u00f3b nabywaj\u0105cych \u015brodki ochrony ro\u015blin okre\u015blone w artykule 28 ustawy z dnia 8 marca 2013 r. o \u015brodkach ochrony ro\u015blin ( Dz. U. z 2017, poz. 50 z p\u00f3\u017a\u0144. zm.).","og_url":"https:\/\/bobimarket.pl\/index.php\/produkt\/wrotycz-ekstrakt-na-pedraki-opuchlaki-drutowce\/","og_site_name":"BOBIMARKET.pl - Remontuj i urz\u0105dzaj z nami","article_modified_time":"2025-02-27T16:34:39+00:00","og_image":[{"url":"https:\/\/upload.cdn.baselinker.com\/products\/14476\/0f9ed444001cb29e5bee3d10f1323bcf.jpg"}],"twitter_card":"summary_large_image","twitter_misc":{"Szacowany czas czytania":"1 minuta"},"schema":{"@context":"https:\/\/schema.org","@graph":[{"@type":"WebPage","@id":"https:\/\/bobimarket.pl\/index.php\/produkt\/wrotycz-ekstrakt-na-pedraki-opuchlaki-drutowce\/","url":"https:\/\/bobimarket.pl\/index.php\/produkt\/wrotycz-ekstrakt-na-pedraki-opuchlaki-drutowce\/","name":"WROTYCZ EKSTRAKT NA P\u0118DRAKI OPUCHLAKI DRUTOWCE - BOBIMARKET.pl - Remontuj i urz\u0105dzaj z nami","isPartOf":{"@id":"https:\/\/bobimarket.pl\/#website"},"datePublished":"2023-08-30T12:27:08+00:00","dateModified":"2025-02-27T16:34:39+00:00","breadcrumb":{"@id":"https:\/\/bobimarket.pl\/index.php\/produkt\/wrotycz-ekstrakt-na-pedraki-opuchlaki-drutowce\/#breadcrumb"},"inLanguage":"pl-PL","potentialAction":[{"@type":"ReadAction","target":["https:\/\/bobimarket.pl\/index.php\/produkt\/wrotycz-ekstrakt-na-pedraki-opuchlaki-drutowce\/"]}]},{"@type":"BreadcrumbList","@id":"https:\/\/bobimarket.pl\/index.php\/produkt\/wrotycz-ekstrakt-na-pedraki-opuchlaki-drutowce\/#breadcrumb","itemListElement":[{"@type":"ListItem","position":1,"name":"Strona g\u0142\u00f3wna","item":"https:\/\/bobimarket.pl\/"},{"@type":"ListItem","position":2,"name":"Sklep","item":"https:\/\/bobimarket.pl\/index.php\/shop\/"},{"@type":"ListItem","position":3,"name":"WROTYCZ EKSTRAKT NA P\u0118DRAKI OPUCHLAKI DRUTOWCE"}]},{"@type":"WebSite","@id":"https:\/\/bobimarket.pl\/#website","url":"https:\/\/bobimarket.pl\/","name":"BOBIMARKET.pl - Remontuj i urz\u0105dzaj z nami","description":"Remontuj i urz\u0105dzaj z nami","publisher":{"@id":"https:\/\/bobimarket.pl\/#organization"},"potentialAction":[{"@type":"SearchAction","target":{"@type":"EntryPoint","urlTemplate":"https:\/\/bobimarket.pl\/?s={search_term_string}"},"query-input":"required name=search_term_string"}],"inLanguage":"pl-PL"},{"@type":"Organization","@id":"https:\/\/bobimarket.pl\/#organization","name":"BOBIMARKET.pl","url":"https:\/\/bobimarket.pl\/","logo":{"@type":"ImageObject","inLanguage":"pl-PL","@id":"https:\/\/bobimarket.pl\/#\/schema\/logo\/image\/","url":"https:\/\/bobimarket.pl\/wp-content\/uploads\/2021\/11\/slogan.png","contentUrl":"https:\/\/bobimarket.pl\/wp-content\/uploads\/2021\/11\/slogan.png","width":2000,"height":384,"caption":"BOBIMARKET.pl"},"image":{"@id":"https:\/\/bobimarket.pl\/#\/schema\/logo\/image\/"}}]}},"_links":{"self":[{"href":"https:\/\/bobimarket.pl\/index.php\/wp-json\/wp\/v2\/product\/97265"}],"collection":[{"href":"https:\/\/bobimarket.pl\/index.php\/wp-json\/wp\/v2\/product"}],"about":[{"href":"https:\/\/bobimarket.pl\/index.php\/wp-json\/wp\/v2\/types\/product"}],"wp:featuredmedia":[{"embeddable":true,"href":"https:\/\/bobimarket.pl\/index.php\/wp-json\/wp\/v2\/media\/97258"}],"wp:attachment":[{"href":"https:\/\/bobimarket.pl\/index.php\/wp-json\/wp\/v2\/media?parent=97265"}],"wp:term":[{"taxonomy":"product_cat","embeddable":true,"href":"https:\/\/bobimarket.pl\/index.php\/wp-json\/wp\/v2\/product_cat?post=97265"},{"taxonomy":"product_tag","embeddable":true,"href":"https:\/\/bobimarket.pl\/index.php\/wp-json\/wp\/v2\/product_tag?post=97265"}],"curies":[{"name":"wp","href":"https:\/\/api.w.org\/{rel}","templated":true}]}}