{"id":97574,"date":"2023-08-30T12:46:56","date_gmt":"2023-08-30T12:46:56","guid":{"rendered":"https:\/\/bobimarket.pl\/index.php\/produkt\/skrzynka-na-listy-pocztowa-duza-37x37x10-5-cm\/"},"modified":"2025-02-27T16:37:35","modified_gmt":"2025-02-27T16:37:35","slug":"skrzynka-na-listy-pocztowa-duza-37x37x10-5-cm","status":"publish","type":"product","link":"https:\/\/bobimarket.pl\/index.php\/produkt\/skrzynka-na-listy-pocztowa-duza-37x37x10-5-cm\/","title":{"rendered":"SKRZYNKA NA LISTY POCZTOWA DU\u017bA 37x37x10.5 cm"},"content":{"rendered":"<section class=\"section\">\n<div class=\"item item-12\">\n<section class=\"text-item\">\n<h2>SKRZYNKA NA LISTY POCZTOWA DU\u017bA 37x37x10.5 cm<\/h2>\n<p><b>Dane techniczne:<\/b><\/p>\n<ul>\n<li>Wysoko\u015b\u0107: <b>37 cm<\/b><\/li>\n<li>Szeroko\u015b\u0107: <b>37 cm<\/b><\/li>\n<li>D\u0142ugo\u015b\u0107: <b>10,5 cm<\/b><\/li>\n<li>Kolor: <b>antracyt<\/b><\/li>\n<li>Uchylna klapka ochronna<\/li>\n<li>Specjalny otw\u00f3r na gazety<\/li>\n<\/ul>\n<\/section><\/div>\n<\/section>\n<section class=\"section\">\n<div class=\"item item-12\">\n<section class=\"image-item\">\n            <img decoding=\"async\" src=\"https:\/\/upload.cdn.baselinker.com\/products\/14476\/498a432dd8b23b6c8f40e85e6b813047.jpg\" \/><br \/>\n        <\/section>\n<\/p><\/div>\n<\/section>\n<section class=\"section\">\n<div class=\"item item-12\">\n<section class=\"text-item\">\n<h2>Szukasz idealnej skrzynki na listy ? W\u0142a\u015bnie j\u0105 znalez\u0142e\u015b.<\/h2>\n<p>Minimalistyczny, ale stylow design. Solidne wykonanie i praktyczne zastosowanie sprawiaj\u0105, \u017ce skrzynka idealnie sprawdzi si\u0119 w Twoim domu!<\/p>\n<ul>\n<li>Skrzynka pocztowa jest solidnie wykonana, a do produkcji u\u017cytko wysokiej jako\u015bci blachy ocynkowanej. Materia\u0142 ten jest odporny na dzia\u0142anie warunk\u00f3w atmosfeeryznych czy promieni UV.<\/li>\n<li>Skrzynka \u0142awto si\u0119 czy\u015bci. G\u0142adk\u0105 blach\u0119 wystarczy przetrze\u0107, aby pozby\u0107 si\u0119 ewentualnych zabrudze\u0144, b\u0142ota. kurzu itp..<\/li>\n<\/ul>\n<\/section><\/div>\n<\/section>\n<section class=\"section\">\n<div class=\"item item-12\">\n<section class=\"image-item\">\n            <img decoding=\"async\" src=\"https:\/\/upload.cdn.baselinker.com\/products\/14476\/965c96fbc81384ca6f811c21bb930cd9.jpg\" \/><br \/>\n        <\/section>\n<\/p><\/div>\n<\/section>\n<section class=\"section\">\n<div class=\"item item-12\">\n<section class=\"text-item\">\n<p>Stylowa skrzynka na listy\u00a0<b>idealnie sprawdzi si\u0119<\/b>\u00a0w twoim domu. Jest ona\u00a0<b>niezwykle funkcjonalna<\/b>, uchylna klapka zabezpieczy twoj\u0105 korespondencj\u0119 przed warunkami atmosferycznymi a\u00a0<b>specjalny otw\u00f3r<\/b>\u00a0pozwoli na umieszczanie w nim r\u00f3\u017cnego rodzaju gazet, gazetek, ulotek oraz reklam. Skrzynka zabezpieczona jest\u00a0<b>wytrzyma\u0142ym zamkiem<\/b>, oraz wyposa\u017cona jest w\u00a0<b>komplet dw\u00f3ch kluczy<\/b>, dzi\u0119ki czemu twoim listom nie grozi niespodziewane znikni\u0119cie.<\/p>\n<p>Skrzynka na listy wykonana z\u00a0<b>wysokiej<\/b>\u00a0<b>jako\u015bci<\/b>\u00a0blachy ocynkowanej. Odporna na warunki atmosferyczne i promieniowanie UV. Warto jednak zaznaczy\u0107, \u017ce ochrona ich przed niekorzystnymi warunkami pogodowymi mo\u017ce znacznie wyd\u0142u\u017cy\u0107 \u017cywotno\u015b\u0107 produktu.<\/p>\n<\/section><\/div>\n<\/section>\n<section class=\"section\">\n<div class=\"item item-12\">\n<section class=\"image-item\">\n            <img decoding=\"async\" src=\"https:\/\/upload.cdn.baselinker.com\/products\/14476\/a2056c79d8cf1f60732af68849b55e75.jpg\" \/><br \/>\n        <\/section>\n<\/p><\/div>\n<\/section>\n<section class=\"section\">\n<div class=\"item item-12\">\n<section class=\"text-item\">\n<p><b>\u27a1\ufe0f\u00a0\u0141ATWA W MONTA\u017bU<\/b>\u00a0&#8211; skrzynk\u0119 mo\u017cna \u0142atwo zamontowa\u0107 do \u015bciany przy pomocy do\u0142\u0105czonych wkr\u0119t\u00f3w. Na wyposa\u017ceniu mocowanie do \u015bciany.<\/p>\n<p><b>\u27a1\ufe0f OKIENKO NA KARTK\u0118 Z ADRESEM &#8211;\u00a0<\/b>do samodzielnego monta\u017cu<\/p>\n<p><b>\u27a1\ufe0f RUCHOMY WLOT &#8211;\u00a0<\/b>zabezpiecza wn\u0119trze przed zamoczeniem<\/p>\n<p><b>\u27a1\ufe0f\u00a0<\/b><b>WIZJER &#8211;<\/b>\u00a0pozwala szybko zobaczy\u0107 czy w skrzynce znajduj\u0105 si\u0119 listy<\/p>\n<\/section><\/div>\n<\/section>\n<section class=\"section\">\n<div class=\"item item-12\">\n<section class=\"image-item\">\n            <img decoding=\"async\" src=\"https:\/\/upload.cdn.baselinker.com\/products\/14476\/dc8eff6780ddee06d05f226eff40a1ac.jpg\" \/><br \/>\n        <\/section>\n<\/p><\/div>\n<\/section>\n<section class=\"section\">\n<div class=\"item item-12\">\n<section class=\"text-item\">\n<p><b>\u2705 Sprawna obs\u0142uga korespondencji<\/b><\/p>\n<p>Drzwiczki otwieraj\u0105 si\u0119 pod k\u0105tem 90 stopni w prosty spos\u00f3b.<\/p>\n<p><b>\u2705 Dwa egzemplarze kluczyk\u00f3w<\/b><\/p>\n<p>Nie musisz ju\u017c dorabia\u0107 klucza dla drugiej osoby.<\/p>\n<p><b>\u2705 \u0141atwo\u015b\u0107 w utrzymaniu czysto\u015bci<\/b><\/p>\n<p>G\u0142adka blacha umo\u017cliwia proste przetarcie brudu.<\/p>\n<p><b>\u2705 Wygodny i trwa\u0142y monta\u017c<\/b><\/p>\n<p>Wszystko znajduje si\u0119 w zestawie.<\/p>\n<p><b>\u2705 Przechowasz du\u017c\u0105 ilo\u015b\u0107 list\u00f3w i gazet<\/b><\/p>\n<\/section><\/div>\n<\/section>\n<section class=\"section\">\n<div class=\"item item-12\">\n<section class=\"image-item\">\n            <img decoding=\"async\" src=\"https:\/\/upload.cdn.baselinker.com\/products\/14476\/a2056c79d8cf1f60732af68849b55e75.jpg\" \/><br \/>\n        <\/section>\n<\/p><\/div>\n<\/section>\n","protected":false},"excerpt":{"rendered":"<p>SKRZYNKA NA LISTY POCZTOWA DU\u017bA 37x37x10.5 cm Dane techniczne: Wysoko\u015b\u0107: 37 cm Szeroko\u015b\u0107: 37 cm D\u0142ugo\u015b\u0107: 10,5 cm Kolor: antracyt Uchylna klapka ochronna Specjalny otw\u00f3r na gazety Szukasz idealnej skrzynki na listy ? W\u0142a\u015bnie j\u0105 znalez\u0142e\u015b. Minimalistyczny, ale stylow design. Solidne wykonanie i praktyczne zastosowanie sprawiaj\u0105, \u017ce skrzynka idealnie sprawdzi si\u0119 w Twoim domu! Skrzynka<br \/><a class=\"more-link\" href=\"https:\/\/bobimarket.pl\/index.php\/produkt\/skrzynka-na-listy-pocztowa-duza-37x37x10-5-cm\/\"><br \/>\n        Czytaj wi\u0119cej<span class=\"screen-reader-text\"> &#8222;SKRZYNKA NA LISTY POCZTOWA DU\u017bA 37x37x10.5 cm&#8221;<\/span><\/a><\/p>\n","protected":false},"featured_media":97570,"template":"","meta":[],"product_cat":[8096],"product_tag":[],"yoast_head":"<!-- This site is optimized with the Yoast SEO plugin v21.0 - https:\/\/yoast.com\/wordpress\/plugins\/seo\/ -->\n<title>SKRZYNKA NA LISTY POCZTOWA DU\u017bA 37x37x10.5 cm - BOBIMARKET.pl - Remontuj i urz\u0105dzaj z nami<\/title>\n<meta name=\"robots\" content=\"index, follow, max-snippet:-1, max-image-preview:large, max-video-preview:-1\" \/>\n<link rel=\"canonical\" href=\"https:\/\/bobimarket.pl\/index.php\/produkt\/skrzynka-na-listy-pocztowa-duza-37x37x10-5-cm\/\" \/>\n<meta property=\"og:locale\" content=\"pl_PL\" \/>\n<meta property=\"og:type\" content=\"article\" \/>\n<meta property=\"og:title\" content=\"SKRZYNKA NA LISTY POCZTOWA DU\u017bA 37x37x10.5 cm - BOBIMARKET.pl - Remontuj i urz\u0105dzaj z nami\" \/>\n<meta property=\"og:description\" content=\"SKRZYNKA NA LISTY POCZTOWA DU\u017bA 37x37x10.5 cm Dane techniczne: Wysoko\u015b\u0107: 37 cm Szeroko\u015b\u0107: 37 cm D\u0142ugo\u015b\u0107: 10,5 cm Kolor: antracyt Uchylna klapka ochronna Specjalny otw\u00f3r na gazety Szukasz idealnej skrzynki na listy ? W\u0142a\u015bnie j\u0105 znalez\u0142e\u015b. Minimalistyczny, ale stylow design. Solidne wykonanie i praktyczne zastosowanie sprawiaj\u0105, \u017ce skrzynka idealnie sprawdzi si\u0119 w Twoim domu! Skrzynka     Czytaj wi\u0119cej &quot;SKRZYNKA NA LISTY POCZTOWA DU\u017bA 37x37x10.5 cm&quot;\" \/>\n<meta property=\"og:url\" content=\"https:\/\/bobimarket.pl\/index.php\/produkt\/skrzynka-na-listy-pocztowa-duza-37x37x10-5-cm\/\" \/>\n<meta property=\"og:site_name\" content=\"BOBIMARKET.pl - Remontuj i urz\u0105dzaj z nami\" \/>\n<meta property=\"article:modified_time\" content=\"2025-02-27T16:37:35+00:00\" \/>\n<meta property=\"og:image\" content=\"https:\/\/upload.cdn.baselinker.com\/products\/14476\/498a432dd8b23b6c8f40e85e6b813047.jpg\" \/>\n<meta name=\"twitter:card\" content=\"summary_large_image\" \/>\n<meta name=\"twitter:label1\" content=\"Szacowany czas czytania\" \/>\n\t<meta name=\"twitter:data1\" content=\"2 minuty\" \/>\n<script type=\"application\/ld+json\" class=\"yoast-schema-graph\">{\"@context\":\"https:\/\/schema.org\",\"@graph\":[{\"@type\":\"WebPage\",\"@id\":\"https:\/\/bobimarket.pl\/index.php\/produkt\/skrzynka-na-listy-pocztowa-duza-37x37x10-5-cm\/\",\"url\":\"https:\/\/bobimarket.pl\/index.php\/produkt\/skrzynka-na-listy-pocztowa-duza-37x37x10-5-cm\/\",\"name\":\"SKRZYNKA NA LISTY POCZTOWA DU\u017bA 37x37x10.5 cm - BOBIMARKET.pl - Remontuj i urz\u0105dzaj z nami\",\"isPartOf\":{\"@id\":\"https:\/\/bobimarket.pl\/#website\"},\"datePublished\":\"2023-08-30T12:46:56+00:00\",\"dateModified\":\"2025-02-27T16:37:35+00:00\",\"breadcrumb\":{\"@id\":\"https:\/\/bobimarket.pl\/index.php\/produkt\/skrzynka-na-listy-pocztowa-duza-37x37x10-5-cm\/#breadcrumb\"},\"inLanguage\":\"pl-PL\",\"potentialAction\":[{\"@type\":\"ReadAction\",\"target\":[\"https:\/\/bobimarket.pl\/index.php\/produkt\/skrzynka-na-listy-pocztowa-duza-37x37x10-5-cm\/\"]}]},{\"@type\":\"BreadcrumbList\",\"@id\":\"https:\/\/bobimarket.pl\/index.php\/produkt\/skrzynka-na-listy-pocztowa-duza-37x37x10-5-cm\/#breadcrumb\",\"itemListElement\":[{\"@type\":\"ListItem\",\"position\":1,\"name\":\"Strona g\u0142\u00f3wna\",\"item\":\"https:\/\/bobimarket.pl\/\"},{\"@type\":\"ListItem\",\"position\":2,\"name\":\"Sklep\",\"item\":\"https:\/\/bobimarket.pl\/index.php\/shop\/\"},{\"@type\":\"ListItem\",\"position\":3,\"name\":\"SKRZYNKA NA LISTY POCZTOWA DU\u017bA 37x37x10.5 cm\"}]},{\"@type\":\"WebSite\",\"@id\":\"https:\/\/bobimarket.pl\/#website\",\"url\":\"https:\/\/bobimarket.pl\/\",\"name\":\"BOBIMARKET.pl - Remontuj i urz\u0105dzaj z nami\",\"description\":\"Remontuj i urz\u0105dzaj z nami\",\"publisher\":{\"@id\":\"https:\/\/bobimarket.pl\/#organization\"},\"potentialAction\":[{\"@type\":\"SearchAction\",\"target\":{\"@type\":\"EntryPoint\",\"urlTemplate\":\"https:\/\/bobimarket.pl\/?s={search_term_string}\"},\"query-input\":\"required name=search_term_string\"}],\"inLanguage\":\"pl-PL\"},{\"@type\":\"Organization\",\"@id\":\"https:\/\/bobimarket.pl\/#organization\",\"name\":\"BOBIMARKET.pl\",\"url\":\"https:\/\/bobimarket.pl\/\",\"logo\":{\"@type\":\"ImageObject\",\"inLanguage\":\"pl-PL\",\"@id\":\"https:\/\/bobimarket.pl\/#\/schema\/logo\/image\/\",\"url\":\"https:\/\/bobimarket.pl\/wp-content\/uploads\/2021\/11\/slogan.png\",\"contentUrl\":\"https:\/\/bobimarket.pl\/wp-content\/uploads\/2021\/11\/slogan.png\",\"width\":2000,\"height\":384,\"caption\":\"BOBIMARKET.pl\"},\"image\":{\"@id\":\"https:\/\/bobimarket.pl\/#\/schema\/logo\/image\/\"}}]}<\/script>\n<!-- \/ Yoast SEO plugin. -->","yoast_head_json":{"title":"SKRZYNKA NA LISTY POCZTOWA DU\u017bA 37x37x10.5 cm - BOBIMARKET.pl - Remontuj i urz\u0105dzaj z nami","robots":{"index":"index","follow":"follow","max-snippet":"max-snippet:-1","max-image-preview":"max-image-preview:large","max-video-preview":"max-video-preview:-1"},"canonical":"https:\/\/bobimarket.pl\/index.php\/produkt\/skrzynka-na-listy-pocztowa-duza-37x37x10-5-cm\/","og_locale":"pl_PL","og_type":"article","og_title":"SKRZYNKA NA LISTY POCZTOWA DU\u017bA 37x37x10.5 cm - BOBIMARKET.pl - Remontuj i urz\u0105dzaj z nami","og_description":"SKRZYNKA NA LISTY POCZTOWA DU\u017bA 37x37x10.5 cm Dane techniczne: Wysoko\u015b\u0107: 37 cm Szeroko\u015b\u0107: 37 cm D\u0142ugo\u015b\u0107: 10,5 cm Kolor: antracyt Uchylna klapka ochronna Specjalny otw\u00f3r na gazety Szukasz idealnej skrzynki na listy ? W\u0142a\u015bnie j\u0105 znalez\u0142e\u015b. Minimalistyczny, ale stylow design. Solidne wykonanie i praktyczne zastosowanie sprawiaj\u0105, \u017ce skrzynka idealnie sprawdzi si\u0119 w Twoim domu! Skrzynka     Czytaj wi\u0119cej \"SKRZYNKA NA LISTY POCZTOWA DU\u017bA 37x37x10.5 cm\"","og_url":"https:\/\/bobimarket.pl\/index.php\/produkt\/skrzynka-na-listy-pocztowa-duza-37x37x10-5-cm\/","og_site_name":"BOBIMARKET.pl - Remontuj i urz\u0105dzaj z nami","article_modified_time":"2025-02-27T16:37:35+00:00","og_image":[{"url":"https:\/\/upload.cdn.baselinker.com\/products\/14476\/498a432dd8b23b6c8f40e85e6b813047.jpg"}],"twitter_card":"summary_large_image","twitter_misc":{"Szacowany czas czytania":"2 minuty"},"schema":{"@context":"https:\/\/schema.org","@graph":[{"@type":"WebPage","@id":"https:\/\/bobimarket.pl\/index.php\/produkt\/skrzynka-na-listy-pocztowa-duza-37x37x10-5-cm\/","url":"https:\/\/bobimarket.pl\/index.php\/produkt\/skrzynka-na-listy-pocztowa-duza-37x37x10-5-cm\/","name":"SKRZYNKA NA LISTY POCZTOWA DU\u017bA 37x37x10.5 cm - BOBIMARKET.pl - Remontuj i urz\u0105dzaj z nami","isPartOf":{"@id":"https:\/\/bobimarket.pl\/#website"},"datePublished":"2023-08-30T12:46:56+00:00","dateModified":"2025-02-27T16:37:35+00:00","breadcrumb":{"@id":"https:\/\/bobimarket.pl\/index.php\/produkt\/skrzynka-na-listy-pocztowa-duza-37x37x10-5-cm\/#breadcrumb"},"inLanguage":"pl-PL","potentialAction":[{"@type":"ReadAction","target":["https:\/\/bobimarket.pl\/index.php\/produkt\/skrzynka-na-listy-pocztowa-duza-37x37x10-5-cm\/"]}]},{"@type":"BreadcrumbList","@id":"https:\/\/bobimarket.pl\/index.php\/produkt\/skrzynka-na-listy-pocztowa-duza-37x37x10-5-cm\/#breadcrumb","itemListElement":[{"@type":"ListItem","position":1,"name":"Strona g\u0142\u00f3wna","item":"https:\/\/bobimarket.pl\/"},{"@type":"ListItem","position":2,"name":"Sklep","item":"https:\/\/bobimarket.pl\/index.php\/shop\/"},{"@type":"ListItem","position":3,"name":"SKRZYNKA NA LISTY POCZTOWA DU\u017bA 37x37x10.5 cm"}]},{"@type":"WebSite","@id":"https:\/\/bobimarket.pl\/#website","url":"https:\/\/bobimarket.pl\/","name":"BOBIMARKET.pl - Remontuj i urz\u0105dzaj z nami","description":"Remontuj i urz\u0105dzaj z nami","publisher":{"@id":"https:\/\/bobimarket.pl\/#organization"},"potentialAction":[{"@type":"SearchAction","target":{"@type":"EntryPoint","urlTemplate":"https:\/\/bobimarket.pl\/?s={search_term_string}"},"query-input":"required name=search_term_string"}],"inLanguage":"pl-PL"},{"@type":"Organization","@id":"https:\/\/bobimarket.pl\/#organization","name":"BOBIMARKET.pl","url":"https:\/\/bobimarket.pl\/","logo":{"@type":"ImageObject","inLanguage":"pl-PL","@id":"https:\/\/bobimarket.pl\/#\/schema\/logo\/image\/","url":"https:\/\/bobimarket.pl\/wp-content\/uploads\/2021\/11\/slogan.png","contentUrl":"https:\/\/bobimarket.pl\/wp-content\/uploads\/2021\/11\/slogan.png","width":2000,"height":384,"caption":"BOBIMARKET.pl"},"image":{"@id":"https:\/\/bobimarket.pl\/#\/schema\/logo\/image\/"}}]}},"_links":{"self":[{"href":"https:\/\/bobimarket.pl\/index.php\/wp-json\/wp\/v2\/product\/97574"}],"collection":[{"href":"https:\/\/bobimarket.pl\/index.php\/wp-json\/wp\/v2\/product"}],"about":[{"href":"https:\/\/bobimarket.pl\/index.php\/wp-json\/wp\/v2\/types\/product"}],"wp:featuredmedia":[{"embeddable":true,"href":"https:\/\/bobimarket.pl\/index.php\/wp-json\/wp\/v2\/media\/97570"}],"wp:attachment":[{"href":"https:\/\/bobimarket.pl\/index.php\/wp-json\/wp\/v2\/media?parent=97574"}],"wp:term":[{"taxonomy":"product_cat","embeddable":true,"href":"https:\/\/bobimarket.pl\/index.php\/wp-json\/wp\/v2\/product_cat?post=97574"},{"taxonomy":"product_tag","embeddable":true,"href":"https:\/\/bobimarket.pl\/index.php\/wp-json\/wp\/v2\/product_tag?post=97574"}],"curies":[{"name":"wp","href":"https:\/\/api.w.org\/{rel}","templated":true}]}}