{"id":97720,"date":"2023-08-30T13:01:54","date_gmt":"2023-08-30T13:01:54","guid":{"rendered":"https:\/\/bobimarket.pl\/index.php\/produkt\/termos-butelka-bidon-termiczna-na-wode-500ml\/"},"modified":"2025-02-27T16:39:37","modified_gmt":"2025-02-27T16:39:37","slug":"termos-butelka-bidon-termiczna-na-wode-500ml","status":"publish","type":"product","link":"https:\/\/bobimarket.pl\/index.php\/produkt\/termos-butelka-bidon-termiczna-na-wode-500ml\/","title":{"rendered":"TERMOS BUTELKA BIDON TERMICZNA NA WOD\u0118 500ML"},"content":{"rendered":"<section class=\"section\">\n<div class=\"item item-12\">\n<section class=\"text-item\">\n<h1>TERMOS BUTELKA TERMICZNA NA WOD\u0118 500ML<\/h1>\n<p><b>Informacje og\u00f3lne:<\/b><\/p>\n<ul>\n<li>Materia\u0142: s<b>tal nierdzewna<\/b><\/li>\n<li>Pojemno\u015b\u0107: <b>500 ml<\/b><\/li>\n<li>Typ: <b>Butelka termiczna<\/b><\/li>\n<li><b>Elegancki i praktyczny<\/b><\/li>\n<\/ul>\n<\/section><\/div>\n<\/section>\n<section class=\"section\">\n<div class=\"item item-12\">\n<section class=\"image-item\">\n            <img decoding=\"async\" src=\"https:\/\/upload.cdn.baselinker.com\/products\/14476\/8e192339ff02edb31d00b6bf7d3850d6.jpg\" \/><br \/>\n        <\/section>\n<\/p><\/div>\n<\/section>\n<section class=\"section\">\n<div class=\"item item-12\">\n<section class=\"text-item\">\n<h2>Zadbaj o nawodnienie i pij wod\u0119!<\/h2>\n<p>Wielozadaniowa butelka doskonale sprawdzi si\u0119 w kr\u00f3tkiej podr\u00f3\u017cy jak\u00a0 i w <b>codziennym u\u017cytku, <\/b>w drodze do pracy czy szko\u0142y. Termos wykonany z <b>wysokiej jako\u015bci materia\u0142\u00f3w<\/b>, jest niezwykle praktyczny ale r\u00f3wnie\u017c zapobiega nadmiernej utracie ciep\u0142a. Butelka pomo\u017ce Ci w zadbaniu o Twoje zdrowie i piciu odpowiedniej ilo\u015bci wody w pracy, domu lub podczas uprawiania sportu!<\/p>\n<ul>\n<li>Praktyczny kubek termiczny\u00a0doskonale sprawdzi si\u0119 fanom ciep\u0142ych napoi, kt\u00f3rzy <b>lubi\u0105 mie\u0107 pod r\u0119k\u0105 herbat\u0119 lub kaw\u0119.<\/b><\/li>\n<li>Dzi\u0119ki swojej <b>lekko\u015bci i por\u0119czno\u015bci<\/b>, jest idealn\u0105 alternatyw\u0105 dla tradycyjnej butelki.<\/li>\n<li>Butelka posiada <b>szczeln\u0105 nakr\u0119tk\u0119<\/b>, a tak\u017ce <b>gumow\u0105 uszczelk\u0119, <\/b>kt\u00f3ra chroni przed przeciekaniem i sprawia, \u017ce produkt jest <b>szczelny<\/b>.<\/li>\n<\/ul>\n<\/section><\/div>\n<\/section>\n<section class=\"section\">\n<div class=\"item item-12\">\n<section class=\"image-item\">\n            <img decoding=\"async\" src=\"https:\/\/upload.cdn.baselinker.com\/products\/14476\/8e192339ff02edb31d00b6bf7d3850d6.jpg\" \/><br \/>\n        <\/section>\n<\/p><\/div>\n<\/section>\n<section class=\"section\">\n<div class=\"item item-12\">\n<section class=\"text-item\">\n<p><b>\u2705 Proste i zarazem funkcjonalne rozwi\u0105zanie!<\/b><\/p>\n<ul>\n<li>Bidon sprawdzi si\u0119 u os\u00f3b aktywnych fizycznie. Mo\u017cna go zabra\u0107 ze sob\u0105 na si\u0142ownie, wycieczki rowerowe lub g\u00f3skie.<\/li>\n<li>Nadaje si\u0119 dla dzieci, kt\u00f3re b\u0119d\u0105 mog\u0142y zabra\u0107 butelk\u0119 ze sob\u0105 do szko\u0142y lub na wycieczki.<\/li>\n<li>Przyda si\u0119 r\u00f3wnie\u017c w domu. Z \u0142atwo\u015bci skontrolujesz ile wody wypi\u0142e\u015b w ci\u0105gu dnia.<\/li>\n<\/ul>\n<\/section><\/div>\n<\/section>\n<section class=\"section\">\n<div class=\"item item-12\">\n<section class=\"image-item\">\n            <img decoding=\"async\" src=\"https:\/\/upload.cdn.baselinker.com\/products\/14476\/8e192339ff02edb31d00b6bf7d3850d6.jpg\" \/><br \/>\n        <\/section>\n<\/p><\/div>\n<\/section>\n","protected":false},"excerpt":{"rendered":"<p>TERMOS BUTELKA TERMICZNA NA WOD\u0118 500ML Informacje og\u00f3lne: Materia\u0142: stal nierdzewna Pojemno\u015b\u0107: 500 ml Typ: Butelka termiczna Elegancki i praktyczny Zadbaj o nawodnienie i pij wod\u0119! Wielozadaniowa butelka doskonale sprawdzi si\u0119 w kr\u00f3tkiej podr\u00f3\u017cy jak\u00a0 i w codziennym u\u017cytku, w drodze do pracy czy szko\u0142y. Termos wykonany z wysokiej jako\u015bci materia\u0142\u00f3w, jest niezwykle praktyczny ale<br \/><a class=\"more-link\" href=\"https:\/\/bobimarket.pl\/index.php\/produkt\/termos-butelka-bidon-termiczna-na-wode-500ml\/\"><br \/>\n        Czytaj wi\u0119cej<span class=\"screen-reader-text\"> &#8222;TERMOS BUTELKA BIDON TERMICZNA NA WOD\u0118 500ML&#8221;<\/span><\/a><\/p>\n","protected":false},"featured_media":97719,"template":"","meta":[],"product_cat":[8381],"product_tag":[],"yoast_head":"<!-- This site is optimized with the Yoast SEO plugin v21.0 - https:\/\/yoast.com\/wordpress\/plugins\/seo\/ -->\n<title>TERMOS BUTELKA BIDON TERMICZNA NA WOD\u0118 500ML - BOBIMARKET.pl - Remontuj i urz\u0105dzaj z nami<\/title>\n<meta name=\"robots\" content=\"index, follow, max-snippet:-1, max-image-preview:large, max-video-preview:-1\" \/>\n<link rel=\"canonical\" href=\"https:\/\/bobimarket.pl\/index.php\/produkt\/termos-butelka-bidon-termiczna-na-wode-500ml\/\" \/>\n<meta property=\"og:locale\" content=\"pl_PL\" \/>\n<meta property=\"og:type\" content=\"article\" \/>\n<meta property=\"og:title\" content=\"TERMOS BUTELKA BIDON TERMICZNA NA WOD\u0118 500ML - BOBIMARKET.pl - Remontuj i urz\u0105dzaj z nami\" \/>\n<meta property=\"og:description\" content=\"TERMOS BUTELKA TERMICZNA NA WOD\u0118 500ML Informacje og\u00f3lne: Materia\u0142: stal nierdzewna Pojemno\u015b\u0107: 500 ml Typ: Butelka termiczna Elegancki i praktyczny Zadbaj o nawodnienie i pij wod\u0119! Wielozadaniowa butelka doskonale sprawdzi si\u0119 w kr\u00f3tkiej podr\u00f3\u017cy jak\u00a0 i w codziennym u\u017cytku, w drodze do pracy czy szko\u0142y. Termos wykonany z wysokiej jako\u015bci materia\u0142\u00f3w, jest niezwykle praktyczny ale     Czytaj wi\u0119cej &quot;TERMOS BUTELKA BIDON TERMICZNA NA WOD\u0118 500ML&quot;\" \/>\n<meta property=\"og:url\" content=\"https:\/\/bobimarket.pl\/index.php\/produkt\/termos-butelka-bidon-termiczna-na-wode-500ml\/\" \/>\n<meta property=\"og:site_name\" content=\"BOBIMARKET.pl - Remontuj i urz\u0105dzaj z nami\" \/>\n<meta property=\"article:modified_time\" content=\"2025-02-27T16:39:37+00:00\" \/>\n<meta property=\"og:image\" content=\"https:\/\/upload.cdn.baselinker.com\/products\/14476\/8e192339ff02edb31d00b6bf7d3850d6.jpg\" \/>\n<meta name=\"twitter:card\" content=\"summary_large_image\" \/>\n<meta name=\"twitter:label1\" content=\"Szacowany czas czytania\" \/>\n\t<meta name=\"twitter:data1\" content=\"1 minuta\" \/>\n<script type=\"application\/ld+json\" class=\"yoast-schema-graph\">{\"@context\":\"https:\/\/schema.org\",\"@graph\":[{\"@type\":\"WebPage\",\"@id\":\"https:\/\/bobimarket.pl\/index.php\/produkt\/termos-butelka-bidon-termiczna-na-wode-500ml\/\",\"url\":\"https:\/\/bobimarket.pl\/index.php\/produkt\/termos-butelka-bidon-termiczna-na-wode-500ml\/\",\"name\":\"TERMOS BUTELKA BIDON TERMICZNA NA WOD\u0118 500ML - BOBIMARKET.pl - Remontuj i urz\u0105dzaj z nami\",\"isPartOf\":{\"@id\":\"https:\/\/bobimarket.pl\/#website\"},\"datePublished\":\"2023-08-30T13:01:54+00:00\",\"dateModified\":\"2025-02-27T16:39:37+00:00\",\"breadcrumb\":{\"@id\":\"https:\/\/bobimarket.pl\/index.php\/produkt\/termos-butelka-bidon-termiczna-na-wode-500ml\/#breadcrumb\"},\"inLanguage\":\"pl-PL\",\"potentialAction\":[{\"@type\":\"ReadAction\",\"target\":[\"https:\/\/bobimarket.pl\/index.php\/produkt\/termos-butelka-bidon-termiczna-na-wode-500ml\/\"]}]},{\"@type\":\"BreadcrumbList\",\"@id\":\"https:\/\/bobimarket.pl\/index.php\/produkt\/termos-butelka-bidon-termiczna-na-wode-500ml\/#breadcrumb\",\"itemListElement\":[{\"@type\":\"ListItem\",\"position\":1,\"name\":\"Strona g\u0142\u00f3wna\",\"item\":\"https:\/\/bobimarket.pl\/\"},{\"@type\":\"ListItem\",\"position\":2,\"name\":\"Sklep\",\"item\":\"https:\/\/bobimarket.pl\/index.php\/shop\/\"},{\"@type\":\"ListItem\",\"position\":3,\"name\":\"TERMOS BUTELKA BIDON TERMICZNA NA WOD\u0118 500ML\"}]},{\"@type\":\"WebSite\",\"@id\":\"https:\/\/bobimarket.pl\/#website\",\"url\":\"https:\/\/bobimarket.pl\/\",\"name\":\"BOBIMARKET.pl - Remontuj i urz\u0105dzaj z nami\",\"description\":\"Remontuj i urz\u0105dzaj z nami\",\"publisher\":{\"@id\":\"https:\/\/bobimarket.pl\/#organization\"},\"potentialAction\":[{\"@type\":\"SearchAction\",\"target\":{\"@type\":\"EntryPoint\",\"urlTemplate\":\"https:\/\/bobimarket.pl\/?s={search_term_string}\"},\"query-input\":\"required name=search_term_string\"}],\"inLanguage\":\"pl-PL\"},{\"@type\":\"Organization\",\"@id\":\"https:\/\/bobimarket.pl\/#organization\",\"name\":\"BOBIMARKET.pl\",\"url\":\"https:\/\/bobimarket.pl\/\",\"logo\":{\"@type\":\"ImageObject\",\"inLanguage\":\"pl-PL\",\"@id\":\"https:\/\/bobimarket.pl\/#\/schema\/logo\/image\/\",\"url\":\"https:\/\/bobimarket.pl\/wp-content\/uploads\/2021\/11\/slogan.png\",\"contentUrl\":\"https:\/\/bobimarket.pl\/wp-content\/uploads\/2021\/11\/slogan.png\",\"width\":2000,\"height\":384,\"caption\":\"BOBIMARKET.pl\"},\"image\":{\"@id\":\"https:\/\/bobimarket.pl\/#\/schema\/logo\/image\/\"}}]}<\/script>\n<!-- \/ Yoast SEO plugin. -->","yoast_head_json":{"title":"TERMOS BUTELKA BIDON TERMICZNA NA WOD\u0118 500ML - BOBIMARKET.pl - Remontuj i urz\u0105dzaj z nami","robots":{"index":"index","follow":"follow","max-snippet":"max-snippet:-1","max-image-preview":"max-image-preview:large","max-video-preview":"max-video-preview:-1"},"canonical":"https:\/\/bobimarket.pl\/index.php\/produkt\/termos-butelka-bidon-termiczna-na-wode-500ml\/","og_locale":"pl_PL","og_type":"article","og_title":"TERMOS BUTELKA BIDON TERMICZNA NA WOD\u0118 500ML - BOBIMARKET.pl - Remontuj i urz\u0105dzaj z nami","og_description":"TERMOS BUTELKA TERMICZNA NA WOD\u0118 500ML Informacje og\u00f3lne: Materia\u0142: stal nierdzewna Pojemno\u015b\u0107: 500 ml Typ: Butelka termiczna Elegancki i praktyczny Zadbaj o nawodnienie i pij wod\u0119! Wielozadaniowa butelka doskonale sprawdzi si\u0119 w kr\u00f3tkiej podr\u00f3\u017cy jak\u00a0 i w codziennym u\u017cytku, w drodze do pracy czy szko\u0142y. Termos wykonany z wysokiej jako\u015bci materia\u0142\u00f3w, jest niezwykle praktyczny ale     Czytaj wi\u0119cej \"TERMOS BUTELKA BIDON TERMICZNA NA WOD\u0118 500ML\"","og_url":"https:\/\/bobimarket.pl\/index.php\/produkt\/termos-butelka-bidon-termiczna-na-wode-500ml\/","og_site_name":"BOBIMARKET.pl - Remontuj i urz\u0105dzaj z nami","article_modified_time":"2025-02-27T16:39:37+00:00","og_image":[{"url":"https:\/\/upload.cdn.baselinker.com\/products\/14476\/8e192339ff02edb31d00b6bf7d3850d6.jpg"}],"twitter_card":"summary_large_image","twitter_misc":{"Szacowany czas czytania":"1 minuta"},"schema":{"@context":"https:\/\/schema.org","@graph":[{"@type":"WebPage","@id":"https:\/\/bobimarket.pl\/index.php\/produkt\/termos-butelka-bidon-termiczna-na-wode-500ml\/","url":"https:\/\/bobimarket.pl\/index.php\/produkt\/termos-butelka-bidon-termiczna-na-wode-500ml\/","name":"TERMOS BUTELKA BIDON TERMICZNA NA WOD\u0118 500ML - BOBIMARKET.pl - Remontuj i urz\u0105dzaj z nami","isPartOf":{"@id":"https:\/\/bobimarket.pl\/#website"},"datePublished":"2023-08-30T13:01:54+00:00","dateModified":"2025-02-27T16:39:37+00:00","breadcrumb":{"@id":"https:\/\/bobimarket.pl\/index.php\/produkt\/termos-butelka-bidon-termiczna-na-wode-500ml\/#breadcrumb"},"inLanguage":"pl-PL","potentialAction":[{"@type":"ReadAction","target":["https:\/\/bobimarket.pl\/index.php\/produkt\/termos-butelka-bidon-termiczna-na-wode-500ml\/"]}]},{"@type":"BreadcrumbList","@id":"https:\/\/bobimarket.pl\/index.php\/produkt\/termos-butelka-bidon-termiczna-na-wode-500ml\/#breadcrumb","itemListElement":[{"@type":"ListItem","position":1,"name":"Strona g\u0142\u00f3wna","item":"https:\/\/bobimarket.pl\/"},{"@type":"ListItem","position":2,"name":"Sklep","item":"https:\/\/bobimarket.pl\/index.php\/shop\/"},{"@type":"ListItem","position":3,"name":"TERMOS BUTELKA BIDON TERMICZNA NA WOD\u0118 500ML"}]},{"@type":"WebSite","@id":"https:\/\/bobimarket.pl\/#website","url":"https:\/\/bobimarket.pl\/","name":"BOBIMARKET.pl - Remontuj i urz\u0105dzaj z nami","description":"Remontuj i urz\u0105dzaj z nami","publisher":{"@id":"https:\/\/bobimarket.pl\/#organization"},"potentialAction":[{"@type":"SearchAction","target":{"@type":"EntryPoint","urlTemplate":"https:\/\/bobimarket.pl\/?s={search_term_string}"},"query-input":"required name=search_term_string"}],"inLanguage":"pl-PL"},{"@type":"Organization","@id":"https:\/\/bobimarket.pl\/#organization","name":"BOBIMARKET.pl","url":"https:\/\/bobimarket.pl\/","logo":{"@type":"ImageObject","inLanguage":"pl-PL","@id":"https:\/\/bobimarket.pl\/#\/schema\/logo\/image\/","url":"https:\/\/bobimarket.pl\/wp-content\/uploads\/2021\/11\/slogan.png","contentUrl":"https:\/\/bobimarket.pl\/wp-content\/uploads\/2021\/11\/slogan.png","width":2000,"height":384,"caption":"BOBIMARKET.pl"},"image":{"@id":"https:\/\/bobimarket.pl\/#\/schema\/logo\/image\/"}}]}},"_links":{"self":[{"href":"https:\/\/bobimarket.pl\/index.php\/wp-json\/wp\/v2\/product\/97720"}],"collection":[{"href":"https:\/\/bobimarket.pl\/index.php\/wp-json\/wp\/v2\/product"}],"about":[{"href":"https:\/\/bobimarket.pl\/index.php\/wp-json\/wp\/v2\/types\/product"}],"wp:featuredmedia":[{"embeddable":true,"href":"https:\/\/bobimarket.pl\/index.php\/wp-json\/wp\/v2\/media\/97719"}],"wp:attachment":[{"href":"https:\/\/bobimarket.pl\/index.php\/wp-json\/wp\/v2\/media?parent=97720"}],"wp:term":[{"taxonomy":"product_cat","embeddable":true,"href":"https:\/\/bobimarket.pl\/index.php\/wp-json\/wp\/v2\/product_cat?post=97720"},{"taxonomy":"product_tag","embeddable":true,"href":"https:\/\/bobimarket.pl\/index.php\/wp-json\/wp\/v2\/product_tag?post=97720"}],"curies":[{"name":"wp","href":"https:\/\/api.w.org\/{rel}","templated":true}]}}