{"id":97724,"date":"2023-08-30T13:02:14","date_gmt":"2023-08-30T13:02:14","guid":{"rendered":"https:\/\/bobimarket.pl\/index.php\/produkt\/czajnik-ceramiczny-z-filizanka-na-prezent-039l\/"},"modified":"2025-02-27T16:39:40","modified_gmt":"2025-02-27T16:39:40","slug":"czajnik-ceramiczny-z-filizanka-na-prezent-039l","status":"publish","type":"product","link":"https:\/\/bobimarket.pl\/index.php\/produkt\/czajnik-ceramiczny-z-filizanka-na-prezent-039l\/","title":{"rendered":"CZAJNIK CERAMICZNY Z FILI\u017bANK\u0104 NA PREZENT 0,39L"},"content":{"rendered":"<section class=\"section\">\n<div class=\"item item-12\">\n<section class=\"text-item\">\n<h1>CZAJNIK CERAMICZNY Z FILI\u017bANK\u0104 NA PREZENT 0,39L<\/h1>\n<p><b>Informacje og\u00f3lne:<\/b><\/p>\n<ul>\n<li>Pojemno\u015b\u0107 czajniczek: <b>390ml<\/b><\/li>\n<li>Pojemno\u015b\u0107 fili\u017canki: <b>260 ml<\/b><\/li>\n<li>\u015arednica spodka: <b>15cm<\/b><\/li>\n<li>Pude\u0142ko prezentowe<\/li>\n<li>Kwiatowy wz\u00f3r<\/li>\n<\/ul>\n<\/section><\/div>\n<\/section>\n<section class=\"section\">\n<div class=\"item item-12\">\n<section class=\"image-item\">\n            <img decoding=\"async\" src=\"https:\/\/upload.cdn.baselinker.com\/products\/14476\/5348a6b526d1cb1985cba06c33d335d1.jpg\" \/><br \/>\n        <\/section>\n<\/p><\/div>\n<\/section>\n<section class=\"section\">\n<div class=\"item item-12\">\n<section class=\"text-item\">\n<h2>FILI\u017bANKA PORCELANOWA + SPODEK + CZAJNICZEK<\/h2>\n<p>\u015aliczny zestaw sk\u0142adaj\u0105cy si\u0119 z 3 element\u00f3w:\u00a0 czajniczka, spodka oraz fili\u017canki. Komplet idealnie si\u0119 sprawdzi jako <b>prezent lub do u\u017cytku domowego.<\/b> Pi\u0119kna kolorystyka, oraz\u00a0<b>nowoczesny design<\/b> sprawi, \u017ce wpasuj\u0119 si\u0119 do ka\u017cdej kuchni i pomo\u017ce poczy\u0107 \u015bwi\u0105teczny klimat. Delikatny wz\u00f3r przypadnie do gustu mi\u0142o\u015bnikom minimalistycznych zdobie\u0144. Produkt wykonany jest z wysokiej jako\u015bci porcelany. Fili\u017canka o pojemno\u015bci <b>260 ml<\/b> zagwarantuje pyszn\u0105 herbat\u0119 lub kaw\u0119.<\/p>\n<\/section><\/div>\n<\/section>\n<section class=\"section\">\n<div class=\"item item-6\">\n<section class=\"image-item\">\n            <img decoding=\"async\" src=\"https:\/\/upload.cdn.baselinker.com\/products\/14476\/9c28d6b154ead5fc4939ae7e5fb01461.jpg\" \/><br \/>\n        <\/section>\n<\/p><\/div>\n<div class=\"item item-6\">\n<section class=\"text-item\">\n<h1>Zestaw zapakowany jest w eleganckie opakowanie. Idealna sprawdzi si\u0119 jako prezent do serca.<\/h1>\n<\/section><\/div>\n<\/section>\n","protected":false},"excerpt":{"rendered":"<p>CZAJNIK CERAMICZNY Z FILI\u017bANK\u0104 NA PREZENT 0,39L Informacje og\u00f3lne: Pojemno\u015b\u0107 czajniczek: 390ml Pojemno\u015b\u0107 fili\u017canki: 260 ml \u015arednica spodka: 15cm Pude\u0142ko prezentowe Kwiatowy wz\u00f3r FILI\u017bANKA PORCELANOWA + SPODEK + CZAJNICZEK \u015aliczny zestaw sk\u0142adaj\u0105cy si\u0119 z 3 element\u00f3w:\u00a0 czajniczka, spodka oraz fili\u017canki. Komplet idealnie si\u0119 sprawdzi jako prezent lub do u\u017cytku domowego. Pi\u0119kna kolorystyka, oraz\u00a0nowoczesny design sprawi,<br \/><a class=\"more-link\" href=\"https:\/\/bobimarket.pl\/index.php\/produkt\/czajnik-ceramiczny-z-filizanka-na-prezent-039l\/\"><br \/>\n        Czytaj wi\u0119cej<span class=\"screen-reader-text\"> &#8222;CZAJNIK CERAMICZNY Z FILI\u017bANK\u0104 NA PREZENT 0,39L&#8221;<\/span><\/a><\/p>\n","protected":false},"featured_media":97721,"template":"","meta":[],"product_cat":[8393],"product_tag":[],"yoast_head":"<!-- This site is optimized with the Yoast SEO plugin v21.0 - https:\/\/yoast.com\/wordpress\/plugins\/seo\/ -->\n<title>CZAJNIK CERAMICZNY Z FILI\u017bANK\u0104 NA PREZENT 0,39L - BOBIMARKET.pl - Remontuj i urz\u0105dzaj z nami<\/title>\n<meta name=\"robots\" content=\"index, follow, max-snippet:-1, max-image-preview:large, max-video-preview:-1\" \/>\n<link rel=\"canonical\" href=\"https:\/\/bobimarket.pl\/index.php\/produkt\/czajnik-ceramiczny-z-filizanka-na-prezent-039l\/\" \/>\n<meta property=\"og:locale\" content=\"pl_PL\" \/>\n<meta property=\"og:type\" content=\"article\" \/>\n<meta property=\"og:title\" content=\"CZAJNIK CERAMICZNY Z FILI\u017bANK\u0104 NA PREZENT 0,39L - BOBIMARKET.pl - Remontuj i urz\u0105dzaj z nami\" \/>\n<meta property=\"og:description\" content=\"CZAJNIK CERAMICZNY Z FILI\u017bANK\u0104 NA PREZENT 0,39L Informacje og\u00f3lne: Pojemno\u015b\u0107 czajniczek: 390ml Pojemno\u015b\u0107 fili\u017canki: 260 ml \u015arednica spodka: 15cm Pude\u0142ko prezentowe Kwiatowy wz\u00f3r FILI\u017bANKA PORCELANOWA + SPODEK + CZAJNICZEK \u015aliczny zestaw sk\u0142adaj\u0105cy si\u0119 z 3 element\u00f3w:\u00a0 czajniczka, spodka oraz fili\u017canki. Komplet idealnie si\u0119 sprawdzi jako prezent lub do u\u017cytku domowego. Pi\u0119kna kolorystyka, oraz\u00a0nowoczesny design sprawi,     Czytaj wi\u0119cej &quot;CZAJNIK CERAMICZNY Z FILI\u017bANK\u0104 NA PREZENT 0,39L&quot;\" \/>\n<meta property=\"og:url\" content=\"https:\/\/bobimarket.pl\/index.php\/produkt\/czajnik-ceramiczny-z-filizanka-na-prezent-039l\/\" \/>\n<meta property=\"og:site_name\" content=\"BOBIMARKET.pl - Remontuj i urz\u0105dzaj z nami\" \/>\n<meta property=\"article:modified_time\" content=\"2025-02-27T16:39:40+00:00\" \/>\n<meta property=\"og:image\" content=\"https:\/\/upload.cdn.baselinker.com\/products\/14476\/5348a6b526d1cb1985cba06c33d335d1.jpg\" \/>\n<meta name=\"twitter:card\" content=\"summary_large_image\" \/>\n<meta name=\"twitter:label1\" content=\"Szacowany czas czytania\" \/>\n\t<meta name=\"twitter:data1\" content=\"1 minuta\" \/>\n<script type=\"application\/ld+json\" class=\"yoast-schema-graph\">{\"@context\":\"https:\/\/schema.org\",\"@graph\":[{\"@type\":\"WebPage\",\"@id\":\"https:\/\/bobimarket.pl\/index.php\/produkt\/czajnik-ceramiczny-z-filizanka-na-prezent-039l\/\",\"url\":\"https:\/\/bobimarket.pl\/index.php\/produkt\/czajnik-ceramiczny-z-filizanka-na-prezent-039l\/\",\"name\":\"CZAJNIK CERAMICZNY Z FILI\u017bANK\u0104 NA PREZENT 0,39L - BOBIMARKET.pl - Remontuj i urz\u0105dzaj z nami\",\"isPartOf\":{\"@id\":\"https:\/\/bobimarket.pl\/#website\"},\"datePublished\":\"2023-08-30T13:02:14+00:00\",\"dateModified\":\"2025-02-27T16:39:40+00:00\",\"breadcrumb\":{\"@id\":\"https:\/\/bobimarket.pl\/index.php\/produkt\/czajnik-ceramiczny-z-filizanka-na-prezent-039l\/#breadcrumb\"},\"inLanguage\":\"pl-PL\",\"potentialAction\":[{\"@type\":\"ReadAction\",\"target\":[\"https:\/\/bobimarket.pl\/index.php\/produkt\/czajnik-ceramiczny-z-filizanka-na-prezent-039l\/\"]}]},{\"@type\":\"BreadcrumbList\",\"@id\":\"https:\/\/bobimarket.pl\/index.php\/produkt\/czajnik-ceramiczny-z-filizanka-na-prezent-039l\/#breadcrumb\",\"itemListElement\":[{\"@type\":\"ListItem\",\"position\":1,\"name\":\"Strona g\u0142\u00f3wna\",\"item\":\"https:\/\/bobimarket.pl\/\"},{\"@type\":\"ListItem\",\"position\":2,\"name\":\"Sklep\",\"item\":\"https:\/\/bobimarket.pl\/index.php\/shop\/\"},{\"@type\":\"ListItem\",\"position\":3,\"name\":\"CZAJNIK CERAMICZNY Z FILI\u017bANK\u0104 NA PREZENT 0,39L\"}]},{\"@type\":\"WebSite\",\"@id\":\"https:\/\/bobimarket.pl\/#website\",\"url\":\"https:\/\/bobimarket.pl\/\",\"name\":\"BOBIMARKET.pl - Remontuj i urz\u0105dzaj z nami\",\"description\":\"Remontuj i urz\u0105dzaj z nami\",\"publisher\":{\"@id\":\"https:\/\/bobimarket.pl\/#organization\"},\"potentialAction\":[{\"@type\":\"SearchAction\",\"target\":{\"@type\":\"EntryPoint\",\"urlTemplate\":\"https:\/\/bobimarket.pl\/?s={search_term_string}\"},\"query-input\":\"required name=search_term_string\"}],\"inLanguage\":\"pl-PL\"},{\"@type\":\"Organization\",\"@id\":\"https:\/\/bobimarket.pl\/#organization\",\"name\":\"BOBIMARKET.pl\",\"url\":\"https:\/\/bobimarket.pl\/\",\"logo\":{\"@type\":\"ImageObject\",\"inLanguage\":\"pl-PL\",\"@id\":\"https:\/\/bobimarket.pl\/#\/schema\/logo\/image\/\",\"url\":\"https:\/\/bobimarket.pl\/wp-content\/uploads\/2021\/11\/slogan.png\",\"contentUrl\":\"https:\/\/bobimarket.pl\/wp-content\/uploads\/2021\/11\/slogan.png\",\"width\":2000,\"height\":384,\"caption\":\"BOBIMARKET.pl\"},\"image\":{\"@id\":\"https:\/\/bobimarket.pl\/#\/schema\/logo\/image\/\"}}]}<\/script>\n<!-- \/ Yoast SEO plugin. -->","yoast_head_json":{"title":"CZAJNIK CERAMICZNY Z FILI\u017bANK\u0104 NA PREZENT 0,39L - BOBIMARKET.pl - Remontuj i urz\u0105dzaj z nami","robots":{"index":"index","follow":"follow","max-snippet":"max-snippet:-1","max-image-preview":"max-image-preview:large","max-video-preview":"max-video-preview:-1"},"canonical":"https:\/\/bobimarket.pl\/index.php\/produkt\/czajnik-ceramiczny-z-filizanka-na-prezent-039l\/","og_locale":"pl_PL","og_type":"article","og_title":"CZAJNIK CERAMICZNY Z FILI\u017bANK\u0104 NA PREZENT 0,39L - BOBIMARKET.pl - Remontuj i urz\u0105dzaj z nami","og_description":"CZAJNIK CERAMICZNY Z FILI\u017bANK\u0104 NA PREZENT 0,39L Informacje og\u00f3lne: Pojemno\u015b\u0107 czajniczek: 390ml Pojemno\u015b\u0107 fili\u017canki: 260 ml \u015arednica spodka: 15cm Pude\u0142ko prezentowe Kwiatowy wz\u00f3r FILI\u017bANKA PORCELANOWA + SPODEK + CZAJNICZEK \u015aliczny zestaw sk\u0142adaj\u0105cy si\u0119 z 3 element\u00f3w:\u00a0 czajniczka, spodka oraz fili\u017canki. Komplet idealnie si\u0119 sprawdzi jako prezent lub do u\u017cytku domowego. Pi\u0119kna kolorystyka, oraz\u00a0nowoczesny design sprawi,     Czytaj wi\u0119cej \"CZAJNIK CERAMICZNY Z FILI\u017bANK\u0104 NA PREZENT 0,39L\"","og_url":"https:\/\/bobimarket.pl\/index.php\/produkt\/czajnik-ceramiczny-z-filizanka-na-prezent-039l\/","og_site_name":"BOBIMARKET.pl - Remontuj i urz\u0105dzaj z nami","article_modified_time":"2025-02-27T16:39:40+00:00","og_image":[{"url":"https:\/\/upload.cdn.baselinker.com\/products\/14476\/5348a6b526d1cb1985cba06c33d335d1.jpg"}],"twitter_card":"summary_large_image","twitter_misc":{"Szacowany czas czytania":"1 minuta"},"schema":{"@context":"https:\/\/schema.org","@graph":[{"@type":"WebPage","@id":"https:\/\/bobimarket.pl\/index.php\/produkt\/czajnik-ceramiczny-z-filizanka-na-prezent-039l\/","url":"https:\/\/bobimarket.pl\/index.php\/produkt\/czajnik-ceramiczny-z-filizanka-na-prezent-039l\/","name":"CZAJNIK CERAMICZNY Z FILI\u017bANK\u0104 NA PREZENT 0,39L - BOBIMARKET.pl - Remontuj i urz\u0105dzaj z nami","isPartOf":{"@id":"https:\/\/bobimarket.pl\/#website"},"datePublished":"2023-08-30T13:02:14+00:00","dateModified":"2025-02-27T16:39:40+00:00","breadcrumb":{"@id":"https:\/\/bobimarket.pl\/index.php\/produkt\/czajnik-ceramiczny-z-filizanka-na-prezent-039l\/#breadcrumb"},"inLanguage":"pl-PL","potentialAction":[{"@type":"ReadAction","target":["https:\/\/bobimarket.pl\/index.php\/produkt\/czajnik-ceramiczny-z-filizanka-na-prezent-039l\/"]}]},{"@type":"BreadcrumbList","@id":"https:\/\/bobimarket.pl\/index.php\/produkt\/czajnik-ceramiczny-z-filizanka-na-prezent-039l\/#breadcrumb","itemListElement":[{"@type":"ListItem","position":1,"name":"Strona g\u0142\u00f3wna","item":"https:\/\/bobimarket.pl\/"},{"@type":"ListItem","position":2,"name":"Sklep","item":"https:\/\/bobimarket.pl\/index.php\/shop\/"},{"@type":"ListItem","position":3,"name":"CZAJNIK CERAMICZNY Z FILI\u017bANK\u0104 NA PREZENT 0,39L"}]},{"@type":"WebSite","@id":"https:\/\/bobimarket.pl\/#website","url":"https:\/\/bobimarket.pl\/","name":"BOBIMARKET.pl - Remontuj i urz\u0105dzaj z nami","description":"Remontuj i urz\u0105dzaj z nami","publisher":{"@id":"https:\/\/bobimarket.pl\/#organization"},"potentialAction":[{"@type":"SearchAction","target":{"@type":"EntryPoint","urlTemplate":"https:\/\/bobimarket.pl\/?s={search_term_string}"},"query-input":"required name=search_term_string"}],"inLanguage":"pl-PL"},{"@type":"Organization","@id":"https:\/\/bobimarket.pl\/#organization","name":"BOBIMARKET.pl","url":"https:\/\/bobimarket.pl\/","logo":{"@type":"ImageObject","inLanguage":"pl-PL","@id":"https:\/\/bobimarket.pl\/#\/schema\/logo\/image\/","url":"https:\/\/bobimarket.pl\/wp-content\/uploads\/2021\/11\/slogan.png","contentUrl":"https:\/\/bobimarket.pl\/wp-content\/uploads\/2021\/11\/slogan.png","width":2000,"height":384,"caption":"BOBIMARKET.pl"},"image":{"@id":"https:\/\/bobimarket.pl\/#\/schema\/logo\/image\/"}}]}},"_links":{"self":[{"href":"https:\/\/bobimarket.pl\/index.php\/wp-json\/wp\/v2\/product\/97724"}],"collection":[{"href":"https:\/\/bobimarket.pl\/index.php\/wp-json\/wp\/v2\/product"}],"about":[{"href":"https:\/\/bobimarket.pl\/index.php\/wp-json\/wp\/v2\/types\/product"}],"wp:featuredmedia":[{"embeddable":true,"href":"https:\/\/bobimarket.pl\/index.php\/wp-json\/wp\/v2\/media\/97721"}],"wp:attachment":[{"href":"https:\/\/bobimarket.pl\/index.php\/wp-json\/wp\/v2\/media?parent=97724"}],"wp:term":[{"taxonomy":"product_cat","embeddable":true,"href":"https:\/\/bobimarket.pl\/index.php\/wp-json\/wp\/v2\/product_cat?post=97724"},{"taxonomy":"product_tag","embeddable":true,"href":"https:\/\/bobimarket.pl\/index.php\/wp-json\/wp\/v2\/product_tag?post=97724"}],"curies":[{"name":"wp","href":"https:\/\/api.w.org\/{rel}","templated":true}]}}