{"id":97729,"date":"2023-08-30T13:02:25","date_gmt":"2023-08-30T13:02:25","guid":{"rendered":"https:\/\/bobimarket.pl\/index.php\/produkt\/zestaw-pojemnikow-komplet-kawa-herbata-cukier\/"},"modified":"2025-02-27T16:39:44","modified_gmt":"2025-02-27T16:39:44","slug":"zestaw-pojemnikow-komplet-kawa-herbata-cukier","status":"publish","type":"product","link":"https:\/\/bobimarket.pl\/index.php\/produkt\/zestaw-pojemnikow-komplet-kawa-herbata-cukier\/","title":{"rendered":"ZESTAW POJEMNIK\u00d3W KOMPLET KAWA HERBATA CUKIER"},"content":{"rendered":"<section class=\"section\">\n<div class=\"item item-12\">\n<section class=\"text-item\">\n<h2>ZESTAW POJEMNIK\u00d3W KOMPLET KAWA HERBATA CUKIER<\/h2>\n<p><b>Wymiary pojemnik\u00f3w:<\/b><\/p>\n<ul>\n<li>Szeroko\u015b\u0107:\u00a0 <b>11,5 cm<\/b><\/li>\n<li>Wysoko\u015b\u0107: <b>12 cm<\/b><\/li>\n<li>D\u0142ugo\u015b\u0107: <b>11,5 cm<\/b><\/li>\n<\/ul>\n<p><b>Komplet sk\u0142ada si\u0119 z 3 kwadratowych pojemnik\u00f3w z napisem:<\/b><\/p>\n<ul>\n<li>kawa<\/li>\n<li>herbata<\/li>\n<li>cukier<\/li>\n<\/ul>\n<\/section><\/div>\n<\/section>\n<section class=\"section\">\n<div class=\"item item-12\">\n<section class=\"image-item\">\n            <img decoding=\"async\" src=\"https:\/\/upload.cdn.baselinker.com\/products\/14476\/b3ead8703dc64fe7eea235445178e386.jpg\" \/><br \/>\n        <\/section>\n<\/p><\/div>\n<\/section>\n<section class=\"section\">\n<div class=\"item item-12\">\n<section class=\"text-item\">\n<h2>Funkcjonalny i estetyczny zestaw pojemnik\u00f3w kuchennych!<\/h2>\n<p>Minimalistyczny zestaw kwadratowych pojemnik\u00f3w kuchennych z bambusowymi pokrywami. Pojemniki z kompletu przeznaczone s\u0105 do przechowywania: kawy, herbaty i cukru. Ka\u017cdy z pojemnik\u00f3w posiada napis, kt\u00f3ry u\u0142atwia rozpoznanie jego zawarto\u015bci oraz <b>uchwyt<\/b> u\u0142atwiaj\u0105cy przenoszenie.<\/p>\n<p><b>\u2705 B\u0119d\u0105 ozdob\u0105 ka\u017cdej kuchni\u0119 <\/b><\/p>\n<ul>\n<li><b>Minimalistyczny design &#8211;<\/b> bia\u0142y korpus w po\u0142\u0105czeniu z drewnianymi pokrywkami sprawia, \u017ce komplet jest nie tylko funkcjonalny, ale i pi\u0119knie si\u0119 prezentuje. \u015amia\u0142o mo\u017ce s\u0142u\u017cy\u0107 jako ozdoba na kuchennym blacie.<\/li>\n<\/ul>\n<p><b>\u2705 Dobra organizacja to podstawa! <\/b><\/p>\n<ul>\n<li><b>Proste i funkcjonalne<\/b> rozwi\u0105zanie do Twojego domu! Pojemniki doskonale sprawdz\u0105 si\u0119 w ka\u017cdej kuchni. W \u0142atwy spos\u00f3b pozwol\u0105 uporz\u0105dkowa\u0107 dost\u0119pn\u0105 przestrze\u0144.<\/li>\n<li>Wygodne i <b>szczelne zapi\u0119cie<\/b>\u00a0na pokrywie gwarantuje komfortowe u\u017cytkowanie pojemnika! Organizery pozwol\u0105 Ci to na bie\u017c\u0105co kontrolowa\u0107 ilo\u015b\u0107 posiadanych zapas\u00f3w.<\/li>\n<\/ul>\n<\/section><\/div>\n<\/section>\n<section class=\"section\">\n<div class=\"item item-12\">\n<section class=\"image-item\">\n            <img decoding=\"async\" src=\"https:\/\/upload.cdn.baselinker.com\/products\/14476\/16efe6f5c4ad1f2fbcda33bd63348b46.jpg\" \/><br \/>\n        <\/section>\n<\/p><\/div>\n<\/section>\n<section class=\"section\">\n<div class=\"item item-12\">\n<section class=\"text-item\">\n<p><b>\u2705 <\/b>Pojemnik <b>mo\u017cna umie\u015bci\u0107 w szafce kuchennej<\/b> lub wysuwanej szufladzie. Idealnie sprawdz\u0105 si\u0119 r\u00f3wnie\u017c jako element dekoracyjny na blacie kuchennym.<\/p>\n<p><b>\u2705 <\/b>Kilka pojemnik\u00f3w mo\u017cna u\u0142o\u017cy\u0107 na sobie pi\u0119trowo i\u00a0<b>zaoszcz\u0119dzi\u0107 miejsce<\/b>\u00a0w spi\u017carni lub na p\u00f3\u0142ce!<\/p>\n<p><b>\u2705 <\/b>Pojemnik <b>u\u0142atwia segregacj\u0119<\/b> produkt\u00f3w spo\u017cywczych. Znajdziesz w nich kaw\u0119, cukier i herbat\u0119 &#8211; czyli 3 rzeczy po kt\u00f3re si\u0119gasz w kuchni najcz\u0119\u015bciej.<\/p>\n<\/p>\n<\/section><\/div>\n<\/section>\n","protected":false},"excerpt":{"rendered":"<p>ZESTAW POJEMNIK\u00d3W KOMPLET KAWA HERBATA CUKIER Wymiary pojemnik\u00f3w: Szeroko\u015b\u0107:\u00a0 11,5 cm Wysoko\u015b\u0107: 12 cm D\u0142ugo\u015b\u0107: 11,5 cm Komplet sk\u0142ada si\u0119 z 3 kwadratowych pojemnik\u00f3w z napisem: kawa herbata cukier Funkcjonalny i estetyczny zestaw pojemnik\u00f3w kuchennych! Minimalistyczny zestaw kwadratowych pojemnik\u00f3w kuchennych z bambusowymi pokrywami. Pojemniki z kompletu przeznaczone s\u0105 do przechowywania: kawy, herbaty i cukru. Ka\u017cdy<br \/><a class=\"more-link\" href=\"https:\/\/bobimarket.pl\/index.php\/produkt\/zestaw-pojemnikow-komplet-kawa-herbata-cukier\/\"><br \/>\n        Czytaj wi\u0119cej<span class=\"screen-reader-text\"> &#8222;ZESTAW POJEMNIK\u00d3W KOMPLET KAWA HERBATA CUKIER&#8221;<\/span><\/a><\/p>\n","protected":false},"featured_media":97725,"template":"","meta":[],"product_cat":[8070],"product_tag":[],"yoast_head":"<!-- This site is optimized with the Yoast SEO plugin v21.0 - https:\/\/yoast.com\/wordpress\/plugins\/seo\/ -->\n<title>ZESTAW POJEMNIK\u00d3W KOMPLET KAWA HERBATA CUKIER - BOBIMARKET.pl - Remontuj i urz\u0105dzaj z nami<\/title>\n<meta name=\"robots\" content=\"index, follow, max-snippet:-1, max-image-preview:large, max-video-preview:-1\" \/>\n<link rel=\"canonical\" href=\"https:\/\/bobimarket.pl\/index.php\/produkt\/zestaw-pojemnikow-komplet-kawa-herbata-cukier\/\" \/>\n<meta property=\"og:locale\" content=\"pl_PL\" \/>\n<meta property=\"og:type\" content=\"article\" \/>\n<meta property=\"og:title\" content=\"ZESTAW POJEMNIK\u00d3W KOMPLET KAWA HERBATA CUKIER - BOBIMARKET.pl - Remontuj i urz\u0105dzaj z nami\" \/>\n<meta property=\"og:description\" content=\"ZESTAW POJEMNIK\u00d3W KOMPLET KAWA HERBATA CUKIER Wymiary pojemnik\u00f3w: Szeroko\u015b\u0107:\u00a0 11,5 cm Wysoko\u015b\u0107: 12 cm D\u0142ugo\u015b\u0107: 11,5 cm Komplet sk\u0142ada si\u0119 z 3 kwadratowych pojemnik\u00f3w z napisem: kawa herbata cukier Funkcjonalny i estetyczny zestaw pojemnik\u00f3w kuchennych! Minimalistyczny zestaw kwadratowych pojemnik\u00f3w kuchennych z bambusowymi pokrywami. Pojemniki z kompletu przeznaczone s\u0105 do przechowywania: kawy, herbaty i cukru. Ka\u017cdy     Czytaj wi\u0119cej &quot;ZESTAW POJEMNIK\u00d3W KOMPLET KAWA HERBATA CUKIER&quot;\" \/>\n<meta property=\"og:url\" content=\"https:\/\/bobimarket.pl\/index.php\/produkt\/zestaw-pojemnikow-komplet-kawa-herbata-cukier\/\" \/>\n<meta property=\"og:site_name\" content=\"BOBIMARKET.pl - Remontuj i urz\u0105dzaj z nami\" \/>\n<meta property=\"article:modified_time\" content=\"2025-02-27T16:39:44+00:00\" \/>\n<meta property=\"og:image\" content=\"https:\/\/upload.cdn.baselinker.com\/products\/14476\/b3ead8703dc64fe7eea235445178e386.jpg\" \/>\n<meta name=\"twitter:card\" content=\"summary_large_image\" \/>\n<meta name=\"twitter:label1\" content=\"Szacowany czas czytania\" \/>\n\t<meta name=\"twitter:data1\" content=\"1 minuta\" \/>\n<script type=\"application\/ld+json\" class=\"yoast-schema-graph\">{\"@context\":\"https:\/\/schema.org\",\"@graph\":[{\"@type\":\"WebPage\",\"@id\":\"https:\/\/bobimarket.pl\/index.php\/produkt\/zestaw-pojemnikow-komplet-kawa-herbata-cukier\/\",\"url\":\"https:\/\/bobimarket.pl\/index.php\/produkt\/zestaw-pojemnikow-komplet-kawa-herbata-cukier\/\",\"name\":\"ZESTAW POJEMNIK\u00d3W KOMPLET KAWA HERBATA CUKIER - BOBIMARKET.pl - Remontuj i urz\u0105dzaj z nami\",\"isPartOf\":{\"@id\":\"https:\/\/bobimarket.pl\/#website\"},\"datePublished\":\"2023-08-30T13:02:25+00:00\",\"dateModified\":\"2025-02-27T16:39:44+00:00\",\"breadcrumb\":{\"@id\":\"https:\/\/bobimarket.pl\/index.php\/produkt\/zestaw-pojemnikow-komplet-kawa-herbata-cukier\/#breadcrumb\"},\"inLanguage\":\"pl-PL\",\"potentialAction\":[{\"@type\":\"ReadAction\",\"target\":[\"https:\/\/bobimarket.pl\/index.php\/produkt\/zestaw-pojemnikow-komplet-kawa-herbata-cukier\/\"]}]},{\"@type\":\"BreadcrumbList\",\"@id\":\"https:\/\/bobimarket.pl\/index.php\/produkt\/zestaw-pojemnikow-komplet-kawa-herbata-cukier\/#breadcrumb\",\"itemListElement\":[{\"@type\":\"ListItem\",\"position\":1,\"name\":\"Strona g\u0142\u00f3wna\",\"item\":\"https:\/\/bobimarket.pl\/\"},{\"@type\":\"ListItem\",\"position\":2,\"name\":\"Sklep\",\"item\":\"https:\/\/bobimarket.pl\/index.php\/shop\/\"},{\"@type\":\"ListItem\",\"position\":3,\"name\":\"ZESTAW POJEMNIK\u00d3W KOMPLET KAWA HERBATA CUKIER\"}]},{\"@type\":\"WebSite\",\"@id\":\"https:\/\/bobimarket.pl\/#website\",\"url\":\"https:\/\/bobimarket.pl\/\",\"name\":\"BOBIMARKET.pl - Remontuj i urz\u0105dzaj z nami\",\"description\":\"Remontuj i urz\u0105dzaj z nami\",\"publisher\":{\"@id\":\"https:\/\/bobimarket.pl\/#organization\"},\"potentialAction\":[{\"@type\":\"SearchAction\",\"target\":{\"@type\":\"EntryPoint\",\"urlTemplate\":\"https:\/\/bobimarket.pl\/?s={search_term_string}\"},\"query-input\":\"required name=search_term_string\"}],\"inLanguage\":\"pl-PL\"},{\"@type\":\"Organization\",\"@id\":\"https:\/\/bobimarket.pl\/#organization\",\"name\":\"BOBIMARKET.pl\",\"url\":\"https:\/\/bobimarket.pl\/\",\"logo\":{\"@type\":\"ImageObject\",\"inLanguage\":\"pl-PL\",\"@id\":\"https:\/\/bobimarket.pl\/#\/schema\/logo\/image\/\",\"url\":\"https:\/\/bobimarket.pl\/wp-content\/uploads\/2021\/11\/slogan.png\",\"contentUrl\":\"https:\/\/bobimarket.pl\/wp-content\/uploads\/2021\/11\/slogan.png\",\"width\":2000,\"height\":384,\"caption\":\"BOBIMARKET.pl\"},\"image\":{\"@id\":\"https:\/\/bobimarket.pl\/#\/schema\/logo\/image\/\"}}]}<\/script>\n<!-- \/ Yoast SEO plugin. -->","yoast_head_json":{"title":"ZESTAW POJEMNIK\u00d3W KOMPLET KAWA HERBATA CUKIER - BOBIMARKET.pl - Remontuj i urz\u0105dzaj z nami","robots":{"index":"index","follow":"follow","max-snippet":"max-snippet:-1","max-image-preview":"max-image-preview:large","max-video-preview":"max-video-preview:-1"},"canonical":"https:\/\/bobimarket.pl\/index.php\/produkt\/zestaw-pojemnikow-komplet-kawa-herbata-cukier\/","og_locale":"pl_PL","og_type":"article","og_title":"ZESTAW POJEMNIK\u00d3W KOMPLET KAWA HERBATA CUKIER - BOBIMARKET.pl - Remontuj i urz\u0105dzaj z nami","og_description":"ZESTAW POJEMNIK\u00d3W KOMPLET KAWA HERBATA CUKIER Wymiary pojemnik\u00f3w: Szeroko\u015b\u0107:\u00a0 11,5 cm Wysoko\u015b\u0107: 12 cm D\u0142ugo\u015b\u0107: 11,5 cm Komplet sk\u0142ada si\u0119 z 3 kwadratowych pojemnik\u00f3w z napisem: kawa herbata cukier Funkcjonalny i estetyczny zestaw pojemnik\u00f3w kuchennych! Minimalistyczny zestaw kwadratowych pojemnik\u00f3w kuchennych z bambusowymi pokrywami. Pojemniki z kompletu przeznaczone s\u0105 do przechowywania: kawy, herbaty i cukru. Ka\u017cdy     Czytaj wi\u0119cej \"ZESTAW POJEMNIK\u00d3W KOMPLET KAWA HERBATA CUKIER\"","og_url":"https:\/\/bobimarket.pl\/index.php\/produkt\/zestaw-pojemnikow-komplet-kawa-herbata-cukier\/","og_site_name":"BOBIMARKET.pl - Remontuj i urz\u0105dzaj z nami","article_modified_time":"2025-02-27T16:39:44+00:00","og_image":[{"url":"https:\/\/upload.cdn.baselinker.com\/products\/14476\/b3ead8703dc64fe7eea235445178e386.jpg"}],"twitter_card":"summary_large_image","twitter_misc":{"Szacowany czas czytania":"1 minuta"},"schema":{"@context":"https:\/\/schema.org","@graph":[{"@type":"WebPage","@id":"https:\/\/bobimarket.pl\/index.php\/produkt\/zestaw-pojemnikow-komplet-kawa-herbata-cukier\/","url":"https:\/\/bobimarket.pl\/index.php\/produkt\/zestaw-pojemnikow-komplet-kawa-herbata-cukier\/","name":"ZESTAW POJEMNIK\u00d3W KOMPLET KAWA HERBATA CUKIER - BOBIMARKET.pl - Remontuj i urz\u0105dzaj z nami","isPartOf":{"@id":"https:\/\/bobimarket.pl\/#website"},"datePublished":"2023-08-30T13:02:25+00:00","dateModified":"2025-02-27T16:39:44+00:00","breadcrumb":{"@id":"https:\/\/bobimarket.pl\/index.php\/produkt\/zestaw-pojemnikow-komplet-kawa-herbata-cukier\/#breadcrumb"},"inLanguage":"pl-PL","potentialAction":[{"@type":"ReadAction","target":["https:\/\/bobimarket.pl\/index.php\/produkt\/zestaw-pojemnikow-komplet-kawa-herbata-cukier\/"]}]},{"@type":"BreadcrumbList","@id":"https:\/\/bobimarket.pl\/index.php\/produkt\/zestaw-pojemnikow-komplet-kawa-herbata-cukier\/#breadcrumb","itemListElement":[{"@type":"ListItem","position":1,"name":"Strona g\u0142\u00f3wna","item":"https:\/\/bobimarket.pl\/"},{"@type":"ListItem","position":2,"name":"Sklep","item":"https:\/\/bobimarket.pl\/index.php\/shop\/"},{"@type":"ListItem","position":3,"name":"ZESTAW POJEMNIK\u00d3W KOMPLET KAWA HERBATA CUKIER"}]},{"@type":"WebSite","@id":"https:\/\/bobimarket.pl\/#website","url":"https:\/\/bobimarket.pl\/","name":"BOBIMARKET.pl - Remontuj i urz\u0105dzaj z nami","description":"Remontuj i urz\u0105dzaj z nami","publisher":{"@id":"https:\/\/bobimarket.pl\/#organization"},"potentialAction":[{"@type":"SearchAction","target":{"@type":"EntryPoint","urlTemplate":"https:\/\/bobimarket.pl\/?s={search_term_string}"},"query-input":"required name=search_term_string"}],"inLanguage":"pl-PL"},{"@type":"Organization","@id":"https:\/\/bobimarket.pl\/#organization","name":"BOBIMARKET.pl","url":"https:\/\/bobimarket.pl\/","logo":{"@type":"ImageObject","inLanguage":"pl-PL","@id":"https:\/\/bobimarket.pl\/#\/schema\/logo\/image\/","url":"https:\/\/bobimarket.pl\/wp-content\/uploads\/2021\/11\/slogan.png","contentUrl":"https:\/\/bobimarket.pl\/wp-content\/uploads\/2021\/11\/slogan.png","width":2000,"height":384,"caption":"BOBIMARKET.pl"},"image":{"@id":"https:\/\/bobimarket.pl\/#\/schema\/logo\/image\/"}}]}},"_links":{"self":[{"href":"https:\/\/bobimarket.pl\/index.php\/wp-json\/wp\/v2\/product\/97729"}],"collection":[{"href":"https:\/\/bobimarket.pl\/index.php\/wp-json\/wp\/v2\/product"}],"about":[{"href":"https:\/\/bobimarket.pl\/index.php\/wp-json\/wp\/v2\/types\/product"}],"wp:featuredmedia":[{"embeddable":true,"href":"https:\/\/bobimarket.pl\/index.php\/wp-json\/wp\/v2\/media\/97725"}],"wp:attachment":[{"href":"https:\/\/bobimarket.pl\/index.php\/wp-json\/wp\/v2\/media?parent=97729"}],"wp:term":[{"taxonomy":"product_cat","embeddable":true,"href":"https:\/\/bobimarket.pl\/index.php\/wp-json\/wp\/v2\/product_cat?post=97729"},{"taxonomy":"product_tag","embeddable":true,"href":"https:\/\/bobimarket.pl\/index.php\/wp-json\/wp\/v2\/product_tag?post=97729"}],"curies":[{"name":"wp","href":"https:\/\/api.w.org\/{rel}","templated":true}]}}