{"id":97950,"date":"2023-08-30T13:20:42","date_gmt":"2023-08-30T13:20:42","guid":{"rendered":"https:\/\/bobimarket.pl\/index.php\/produkt\/drut-ogrodniczy-stal-do-kwiatow-fasoli-50-m-11mm\/"},"modified":"2025-02-27T16:41:51","modified_gmt":"2025-02-27T16:41:51","slug":"drut-ogrodniczy-stal-do-kwiatow-fasoli-50-m-11mm","status":"publish","type":"product","link":"https:\/\/bobimarket.pl\/index.php\/produkt\/drut-ogrodniczy-stal-do-kwiatow-fasoli-50-m-11mm\/","title":{"rendered":"DRUT OGRODNICZY STAL DO KWIAT\u00d3W FASOLI 50 M 1,1MM"},"content":{"rendered":"<section class=\"section\">\n<div class=\"item item-12\">\n<section class=\"text-item\">\n<h2>DRUT OGRODNICZY\u00a0 PCV DO KWIAT\u00d3W FASOLI 50 M 1,1 MM<\/h2>\n<p><b>Dane techniczne:<\/b><\/p>\n<ul>\n<li>D\u0142ugo\u015b\u0107: <b>50m<\/b><\/li>\n<li>\u015arednica: <b>1,1mm<\/b><\/li>\n<li>Materia\u0142:<b> stal, ocynkowany<\/b><\/li>\n<\/ul>\n<\/section><\/div>\n<\/section>\n<section class=\"section\">\n<div class=\"item item-12\">\n<section class=\"image-item\">\n<\/section><\/div>\n<\/section>\n<section class=\"section\">\n<div class=\"item item-12\">\n<section class=\"text-item\">\n<h2>W tym sezonie zadbaj o sw\u00f3j ogr\u00f3d !<\/h2>\n<p>Drut ogrodniczy to idealny pomocnik w Twoim ogrodzie.<b> Mi\u0119kkie, stalowy, ocynkowany drut<\/b> jest przeznaczony do podwi\u0105zywania ro\u015blin podp\u00f3rek, drabinek, tyczek lub pergoli.<\/p>\n<p><b>\u2705 <\/b>Doskonale sprawdzi si\u0119 w ogr\u00f3dkach, na dzia\u0142kach lub na polach uprawnych.<\/p>\n<p><b>\u2705 Mi\u0119kki i elastyczny <\/b>pozwala ostro\u017cnie obchodzi\u0107 si\u0119 z \u0142odyg, tak aby nie uszkodzi\u0107 ro\u015bliny.<\/p>\n<\/section><\/div>\n<\/section>\n<section class=\"section\">\n<div class=\"item item-12\">\n<section class=\"image-item\">\n<\/section><\/div>\n<\/section>\n<section class=\"section\">\n<div class=\"item item-12\">\n<section class=\"text-item\">\n<p>\u2705 <b>Zastosowanie:<\/b><\/p>\n<ul>\n<li>Drut <b>zapobiega wyginaniu si\u0119 ro\u015blin<\/b>. Sprawia, \u017ce ro\u015blina trzymaj\u0105 si\u0119\u00a0 w pionie, dodatkowo chronione przed silnym wiatrem.<\/li>\n<li>Nadaje si\u0119 r\u00f3wnie\u017c <b>do podwi\u0105zywania ro\u015blin, pn\u0105czy i m\u0142odych drzewek.<\/b><\/li>\n<\/ul>\n<\/section><\/div>\n<\/section>\n","protected":false},"excerpt":{"rendered":"<p>DRUT OGRODNICZY\u00a0 PCV DO KWIAT\u00d3W FASOLI 50 M 1,1 MM Dane techniczne: D\u0142ugo\u015b\u0107: 50m \u015arednica: 1,1mm Materia\u0142: stal, ocynkowany W tym sezonie zadbaj o sw\u00f3j ogr\u00f3d ! Drut ogrodniczy to idealny pomocnik w Twoim ogrodzie. Mi\u0119kkie, stalowy, ocynkowany drut jest przeznaczony do podwi\u0105zywania ro\u015blin podp\u00f3rek, drabinek, tyczek lub pergoli. \u2705 Doskonale sprawdzi si\u0119 w ogr\u00f3dkach,<br \/><a class=\"more-link\" href=\"https:\/\/bobimarket.pl\/index.php\/produkt\/drut-ogrodniczy-stal-do-kwiatow-fasoli-50-m-11mm\/\"><br \/>\n        Czytaj wi\u0119cej<span class=\"screen-reader-text\"> &#8222;DRUT OGRODNICZY STAL DO KWIAT\u00d3W FASOLI 50 M 1,1MM&#8221;<\/span><\/a><\/p>\n","protected":false},"featured_media":97949,"template":"","meta":[],"product_cat":[8306],"product_tag":[],"yoast_head":"<!-- This site is optimized with the Yoast SEO plugin v21.0 - https:\/\/yoast.com\/wordpress\/plugins\/seo\/ -->\n<title>DRUT OGRODNICZY STAL DO KWIAT\u00d3W FASOLI 50 M 1,1MM - BOBIMARKET.pl - Remontuj i urz\u0105dzaj z nami<\/title>\n<meta name=\"robots\" content=\"index, follow, max-snippet:-1, max-image-preview:large, max-video-preview:-1\" \/>\n<link rel=\"canonical\" href=\"https:\/\/bobimarket.pl\/index.php\/produkt\/drut-ogrodniczy-stal-do-kwiatow-fasoli-50-m-11mm\/\" \/>\n<meta property=\"og:locale\" content=\"pl_PL\" \/>\n<meta property=\"og:type\" content=\"article\" \/>\n<meta property=\"og:title\" content=\"DRUT OGRODNICZY STAL DO KWIAT\u00d3W FASOLI 50 M 1,1MM - BOBIMARKET.pl - Remontuj i urz\u0105dzaj z nami\" \/>\n<meta property=\"og:description\" content=\"DRUT OGRODNICZY\u00a0 PCV DO KWIAT\u00d3W FASOLI 50 M 1,1 MM Dane techniczne: D\u0142ugo\u015b\u0107: 50m \u015arednica: 1,1mm Materia\u0142: stal, ocynkowany W tym sezonie zadbaj o sw\u00f3j ogr\u00f3d ! Drut ogrodniczy to idealny pomocnik w Twoim ogrodzie. Mi\u0119kkie, stalowy, ocynkowany drut jest przeznaczony do podwi\u0105zywania ro\u015blin podp\u00f3rek, drabinek, tyczek lub pergoli. \u2705 Doskonale sprawdzi si\u0119 w ogr\u00f3dkach,     Czytaj wi\u0119cej &quot;DRUT OGRODNICZY STAL DO KWIAT\u00d3W FASOLI 50 M 1,1MM&quot;\" \/>\n<meta property=\"og:url\" content=\"https:\/\/bobimarket.pl\/index.php\/produkt\/drut-ogrodniczy-stal-do-kwiatow-fasoli-50-m-11mm\/\" \/>\n<meta property=\"og:site_name\" content=\"BOBIMARKET.pl - Remontuj i urz\u0105dzaj z nami\" \/>\n<meta property=\"article:modified_time\" content=\"2025-02-27T16:41:51+00:00\" \/>\n<meta property=\"og:image\" content=\"https:\/\/bobimarket.pl\/wp-content\/uploads\/2021\/11\/slogan.png\" \/>\n\t<meta property=\"og:image:width\" content=\"2000\" \/>\n\t<meta property=\"og:image:height\" content=\"384\" \/>\n\t<meta property=\"og:image:type\" content=\"image\/png\" \/>\n<meta name=\"twitter:card\" content=\"summary_large_image\" \/>\n<meta name=\"twitter:label1\" content=\"Szacowany czas czytania\" \/>\n\t<meta name=\"twitter:data1\" content=\"1 minuta\" \/>\n<script type=\"application\/ld+json\" class=\"yoast-schema-graph\">{\"@context\":\"https:\/\/schema.org\",\"@graph\":[{\"@type\":\"WebPage\",\"@id\":\"https:\/\/bobimarket.pl\/index.php\/produkt\/drut-ogrodniczy-stal-do-kwiatow-fasoli-50-m-11mm\/\",\"url\":\"https:\/\/bobimarket.pl\/index.php\/produkt\/drut-ogrodniczy-stal-do-kwiatow-fasoli-50-m-11mm\/\",\"name\":\"DRUT OGRODNICZY STAL DO KWIAT\u00d3W FASOLI 50 M 1,1MM - BOBIMARKET.pl - Remontuj i urz\u0105dzaj z nami\",\"isPartOf\":{\"@id\":\"https:\/\/bobimarket.pl\/#website\"},\"datePublished\":\"2023-08-30T13:20:42+00:00\",\"dateModified\":\"2025-02-27T16:41:51+00:00\",\"breadcrumb\":{\"@id\":\"https:\/\/bobimarket.pl\/index.php\/produkt\/drut-ogrodniczy-stal-do-kwiatow-fasoli-50-m-11mm\/#breadcrumb\"},\"inLanguage\":\"pl-PL\",\"potentialAction\":[{\"@type\":\"ReadAction\",\"target\":[\"https:\/\/bobimarket.pl\/index.php\/produkt\/drut-ogrodniczy-stal-do-kwiatow-fasoli-50-m-11mm\/\"]}]},{\"@type\":\"BreadcrumbList\",\"@id\":\"https:\/\/bobimarket.pl\/index.php\/produkt\/drut-ogrodniczy-stal-do-kwiatow-fasoli-50-m-11mm\/#breadcrumb\",\"itemListElement\":[{\"@type\":\"ListItem\",\"position\":1,\"name\":\"Strona g\u0142\u00f3wna\",\"item\":\"https:\/\/bobimarket.pl\/\"},{\"@type\":\"ListItem\",\"position\":2,\"name\":\"Sklep\",\"item\":\"https:\/\/bobimarket.pl\/index.php\/shop\/\"},{\"@type\":\"ListItem\",\"position\":3,\"name\":\"DRUT OGRODNICZY STAL DO KWIAT\u00d3W FASOLI 50 M 1,1MM\"}]},{\"@type\":\"WebSite\",\"@id\":\"https:\/\/bobimarket.pl\/#website\",\"url\":\"https:\/\/bobimarket.pl\/\",\"name\":\"BOBIMARKET.pl - Remontuj i urz\u0105dzaj z nami\",\"description\":\"Remontuj i urz\u0105dzaj z nami\",\"publisher\":{\"@id\":\"https:\/\/bobimarket.pl\/#organization\"},\"potentialAction\":[{\"@type\":\"SearchAction\",\"target\":{\"@type\":\"EntryPoint\",\"urlTemplate\":\"https:\/\/bobimarket.pl\/?s={search_term_string}\"},\"query-input\":\"required name=search_term_string\"}],\"inLanguage\":\"pl-PL\"},{\"@type\":\"Organization\",\"@id\":\"https:\/\/bobimarket.pl\/#organization\",\"name\":\"BOBIMARKET.pl\",\"url\":\"https:\/\/bobimarket.pl\/\",\"logo\":{\"@type\":\"ImageObject\",\"inLanguage\":\"pl-PL\",\"@id\":\"https:\/\/bobimarket.pl\/#\/schema\/logo\/image\/\",\"url\":\"https:\/\/bobimarket.pl\/wp-content\/uploads\/2021\/11\/slogan.png\",\"contentUrl\":\"https:\/\/bobimarket.pl\/wp-content\/uploads\/2021\/11\/slogan.png\",\"width\":2000,\"height\":384,\"caption\":\"BOBIMARKET.pl\"},\"image\":{\"@id\":\"https:\/\/bobimarket.pl\/#\/schema\/logo\/image\/\"}}]}<\/script>\n<!-- \/ Yoast SEO plugin. -->","yoast_head_json":{"title":"DRUT OGRODNICZY STAL DO KWIAT\u00d3W FASOLI 50 M 1,1MM - BOBIMARKET.pl - Remontuj i urz\u0105dzaj z nami","robots":{"index":"index","follow":"follow","max-snippet":"max-snippet:-1","max-image-preview":"max-image-preview:large","max-video-preview":"max-video-preview:-1"},"canonical":"https:\/\/bobimarket.pl\/index.php\/produkt\/drut-ogrodniczy-stal-do-kwiatow-fasoli-50-m-11mm\/","og_locale":"pl_PL","og_type":"article","og_title":"DRUT OGRODNICZY STAL DO KWIAT\u00d3W FASOLI 50 M 1,1MM - BOBIMARKET.pl - Remontuj i urz\u0105dzaj z nami","og_description":"DRUT OGRODNICZY\u00a0 PCV DO KWIAT\u00d3W FASOLI 50 M 1,1 MM Dane techniczne: D\u0142ugo\u015b\u0107: 50m \u015arednica: 1,1mm Materia\u0142: stal, ocynkowany W tym sezonie zadbaj o sw\u00f3j ogr\u00f3d ! Drut ogrodniczy to idealny pomocnik w Twoim ogrodzie. Mi\u0119kkie, stalowy, ocynkowany drut jest przeznaczony do podwi\u0105zywania ro\u015blin podp\u00f3rek, drabinek, tyczek lub pergoli. \u2705 Doskonale sprawdzi si\u0119 w ogr\u00f3dkach,     Czytaj wi\u0119cej \"DRUT OGRODNICZY STAL DO KWIAT\u00d3W FASOLI 50 M 1,1MM\"","og_url":"https:\/\/bobimarket.pl\/index.php\/produkt\/drut-ogrodniczy-stal-do-kwiatow-fasoli-50-m-11mm\/","og_site_name":"BOBIMARKET.pl - Remontuj i urz\u0105dzaj z nami","article_modified_time":"2025-02-27T16:41:51+00:00","og_image":[{"width":2000,"height":384,"url":"https:\/\/bobimarket.pl\/wp-content\/uploads\/2021\/11\/slogan.png","type":"image\/png"}],"twitter_card":"summary_large_image","twitter_misc":{"Szacowany czas czytania":"1 minuta"},"schema":{"@context":"https:\/\/schema.org","@graph":[{"@type":"WebPage","@id":"https:\/\/bobimarket.pl\/index.php\/produkt\/drut-ogrodniczy-stal-do-kwiatow-fasoli-50-m-11mm\/","url":"https:\/\/bobimarket.pl\/index.php\/produkt\/drut-ogrodniczy-stal-do-kwiatow-fasoli-50-m-11mm\/","name":"DRUT OGRODNICZY STAL DO KWIAT\u00d3W FASOLI 50 M 1,1MM - BOBIMARKET.pl - Remontuj i urz\u0105dzaj z nami","isPartOf":{"@id":"https:\/\/bobimarket.pl\/#website"},"datePublished":"2023-08-30T13:20:42+00:00","dateModified":"2025-02-27T16:41:51+00:00","breadcrumb":{"@id":"https:\/\/bobimarket.pl\/index.php\/produkt\/drut-ogrodniczy-stal-do-kwiatow-fasoli-50-m-11mm\/#breadcrumb"},"inLanguage":"pl-PL","potentialAction":[{"@type":"ReadAction","target":["https:\/\/bobimarket.pl\/index.php\/produkt\/drut-ogrodniczy-stal-do-kwiatow-fasoli-50-m-11mm\/"]}]},{"@type":"BreadcrumbList","@id":"https:\/\/bobimarket.pl\/index.php\/produkt\/drut-ogrodniczy-stal-do-kwiatow-fasoli-50-m-11mm\/#breadcrumb","itemListElement":[{"@type":"ListItem","position":1,"name":"Strona g\u0142\u00f3wna","item":"https:\/\/bobimarket.pl\/"},{"@type":"ListItem","position":2,"name":"Sklep","item":"https:\/\/bobimarket.pl\/index.php\/shop\/"},{"@type":"ListItem","position":3,"name":"DRUT OGRODNICZY STAL DO KWIAT\u00d3W FASOLI 50 M 1,1MM"}]},{"@type":"WebSite","@id":"https:\/\/bobimarket.pl\/#website","url":"https:\/\/bobimarket.pl\/","name":"BOBIMARKET.pl - Remontuj i urz\u0105dzaj z nami","description":"Remontuj i urz\u0105dzaj z nami","publisher":{"@id":"https:\/\/bobimarket.pl\/#organization"},"potentialAction":[{"@type":"SearchAction","target":{"@type":"EntryPoint","urlTemplate":"https:\/\/bobimarket.pl\/?s={search_term_string}"},"query-input":"required name=search_term_string"}],"inLanguage":"pl-PL"},{"@type":"Organization","@id":"https:\/\/bobimarket.pl\/#organization","name":"BOBIMARKET.pl","url":"https:\/\/bobimarket.pl\/","logo":{"@type":"ImageObject","inLanguage":"pl-PL","@id":"https:\/\/bobimarket.pl\/#\/schema\/logo\/image\/","url":"https:\/\/bobimarket.pl\/wp-content\/uploads\/2021\/11\/slogan.png","contentUrl":"https:\/\/bobimarket.pl\/wp-content\/uploads\/2021\/11\/slogan.png","width":2000,"height":384,"caption":"BOBIMARKET.pl"},"image":{"@id":"https:\/\/bobimarket.pl\/#\/schema\/logo\/image\/"}}]}},"_links":{"self":[{"href":"https:\/\/bobimarket.pl\/index.php\/wp-json\/wp\/v2\/product\/97950"}],"collection":[{"href":"https:\/\/bobimarket.pl\/index.php\/wp-json\/wp\/v2\/product"}],"about":[{"href":"https:\/\/bobimarket.pl\/index.php\/wp-json\/wp\/v2\/types\/product"}],"wp:featuredmedia":[{"embeddable":true,"href":"https:\/\/bobimarket.pl\/index.php\/wp-json\/wp\/v2\/media\/97949"}],"wp:attachment":[{"href":"https:\/\/bobimarket.pl\/index.php\/wp-json\/wp\/v2\/media?parent=97950"}],"wp:term":[{"taxonomy":"product_cat","embeddable":true,"href":"https:\/\/bobimarket.pl\/index.php\/wp-json\/wp\/v2\/product_cat?post=97950"},{"taxonomy":"product_tag","embeddable":true,"href":"https:\/\/bobimarket.pl\/index.php\/wp-json\/wp\/v2\/product_tag?post=97950"}],"curies":[{"name":"wp","href":"https:\/\/api.w.org\/{rel}","templated":true}]}}