{"id":98029,"date":"2023-08-30T13:25:03","date_gmt":"2023-08-30T13:25:03","guid":{"rendered":"https:\/\/bobimarket.pl\/index.php\/produkt\/lamelka-tarcza-listkowa-lamelkowa-125mm-gr40-2\/"},"modified":"2025-02-27T16:42:34","modified_gmt":"2025-02-27T16:42:34","slug":"lamelka-tarcza-listkowa-lamelkowa-125mm-gr40-2","status":"publish","type":"product","link":"https:\/\/bobimarket.pl\/index.php\/produkt\/lamelka-tarcza-listkowa-lamelkowa-125mm-gr40-2\/","title":{"rendered":"LAMELKA TARCZA LISTKOWA LAMELKOWA 125mm GR40"},"content":{"rendered":"<section class=\"section\">\n<div class=\"item item-12\">\n<section class=\"text-item\">\n<h2>LAMELKA TARCZA LISTKOWA LAMELKOWA 125mm GR40<\/h2>\n<p><b>Dane techniczne:<\/b><\/p>\n<ul>\n<li>\u015arednica:<b> 125 mm <\/b><\/li>\n<li>Gradacja:<b> 40<\/b><\/li>\n<li>ilo\u015b\u0107 listk\u00f3w:<b> 80 listk\u00f3w<\/b><\/li>\n<li>wymiar listka: <b>28mm x 16mm <\/b><\/li>\n<li>Materia\u0142 \u015bciernicy: <b>kalcylowany tlenek glinu <\/b><\/li>\n<li>Maksymalna pr\u0119dko\u015b\u0107 robocza: <b>12000 RPM<\/b><\/li>\n<\/ul>\n<\/section><\/div>\n<\/section>\n<section class=\"section\">\n<div class=\"item item-12\">\n<section class=\"image-item\">\n            <img decoding=\"async\" src=\"https:\/\/upload.cdn.baselinker.com\/products\/14476\/64f48ced113d61ae2feeb1b7a78cc566.jpg\" \/><br \/>\n        <\/section>\n<\/p><\/div>\n<\/section>\n<section class=\"section\">\n<div class=\"item item-12\">\n<section class=\"text-item\">\n<h2>Lamelka to narz\u0119dzia uniwersalne, o bardzo szerokim zakresie zastosowa\u0144!<\/h2>\n<p>Tarcza \u015bcierna listowa to przydatne narz\u0119dzie, kt\u00f3ra nadaje si\u0119 jako nak\u0142adka do szlifierki k\u0105towej. Jej zalet\u0105 jest szerokie zastosowanie, gdy\u017c narz\u0119dzie\u00a0 przyda si\u0119 w warsztacie lub zak\u0142adzie przemys\u0142owym. Lamelka przeznaczona jest to szlifowania powierzchni metalowych i drewnianych. Pomo\u017ce Ci w pozbyciu si\u0119 starych pow\u0142ok z powierzchni lub usuni\u0119ciu z nich rdz\u0119.<\/p>\n<p><b>\u2705 <\/b>Mo\u017ce by\u0107 stosowana we wi\u0119kszo\u015bci rodzajach szlifierek r\u0119cznych dost\u0119pnych na naszym rynku.<\/p>\n<p><b>\u2705 <\/b>Temperatura wygrzewania <b>wynosi ponad 1050\u00b0C,\u00a0<\/b> w tak wysokiej temperaturze materia\u0142 uzyskuje bardzo wysok\u0105 czysto\u015b\u0107 i twardo\u015b\u0107 (9 na 10 w skali Mosha, twardo\u015b\u0107 10 posiada diament) oraz ostro\u015b\u0107.<\/p>\n<p><b>\u2705 <\/b>Uzyskuje 50% wi\u0119ksza wydajno\u015b\u0107. Idealny do szlifowania twardych metali. Nie nale\u017cy stosowa\u0107 w drewnie.<\/p>\n<\/section><\/div>\n<\/section>\n<section class=\"section\">\n<div class=\"item item-12\">\n<section class=\"image-item\">\n            <img decoding=\"async\" src=\"https:\/\/upload.cdn.baselinker.com\/products\/14476\/e2eb9c74c0ed2fbbde145fe7bc1dd47f.jpg\" \/><br \/>\n        <\/section>\n<\/p><\/div>\n<\/section>\n<section class=\"section\">\n<div class=\"item item-12\">\n<section class=\"text-item\">\n<h2>\u2705 Zastosowanie<\/h2>\n<ul>\n<li>Do agresywnego czyszczenia z rdzy i czyszczenia spaw\u00f3w<\/li>\n<li>Usuwanie starych pow\u0142ok lakierniczych i malarskich<\/li>\n<li>Czyszczenie betonu, kamienia.<\/li>\n<li>Zdzieranie i szlifowanie (wyg\u0142adzanie) szw\u00f3w spawalniczych podczas jednej operacji.<\/li>\n<li>Ukosowanie i ogradowywanie kraw\u0119dzi.<\/li>\n<li>Ukosowanie kraw\u0119dzi do spawania.<\/li>\n<li>Wszelkie prace zwi\u0105zane z wyka\u0144czaniem powierzchni.<\/li>\n<li>Tarcze listkowe szlifuj\u0105 r\u00f3wnie dobrze stal zwyk\u0142\u0105 jak i nierdzewn\u0105. U\u017cywane s\u0105 r\u00f3wnie\u017c z powodzeniem do twardych materia\u0142\u00f3w, jak stal w\u0119glowa oraz mi\u0119kkich, jak aluminium, plastik i drewno.<\/li>\n<\/ul>\n<\/section><\/div>\n<\/section>\n<section class=\"section\">\n<div class=\"item item-12\">\n<section class=\"image-item\">\n            <img decoding=\"async\" src=\"https:\/\/upload.cdn.baselinker.com\/products\/14476\/5bd6a129c1dccba2c92f0304fa21297c.jpg\" \/><br \/>\n        <\/section>\n<\/p><\/div>\n<\/section>\n","protected":false},"excerpt":{"rendered":"<p>LAMELKA TARCZA LISTKOWA LAMELKOWA 125mm GR40 Dane techniczne: \u015arednica: 125 mm Gradacja: 40 ilo\u015b\u0107 listk\u00f3w: 80 listk\u00f3w wymiar listka: 28mm x 16mm Materia\u0142 \u015bciernicy: kalcylowany tlenek glinu Maksymalna pr\u0119dko\u015b\u0107 robocza: 12000 RPM Lamelka to narz\u0119dzia uniwersalne, o bardzo szerokim zakresie zastosowa\u0144! Tarcza \u015bcierna listowa to przydatne narz\u0119dzie, kt\u00f3ra nadaje si\u0119 jako nak\u0142adka do szlifierki k\u0105towej.<br \/><a class=\"more-link\" href=\"https:\/\/bobimarket.pl\/index.php\/produkt\/lamelka-tarcza-listkowa-lamelkowa-125mm-gr40-2\/\"><br \/>\n        Czytaj wi\u0119cej<span class=\"screen-reader-text\"> &#8222;LAMELKA TARCZA LISTKOWA LAMELKOWA 125mm GR40&#8221;<\/span><\/a><\/p>\n","protected":false},"featured_media":98022,"template":"","meta":[],"product_cat":[8274],"product_tag":[],"yoast_head":"<!-- This site is optimized with the Yoast SEO plugin v21.0 - https:\/\/yoast.com\/wordpress\/plugins\/seo\/ -->\n<title>LAMELKA TARCZA LISTKOWA LAMELKOWA 125mm GR40 - BOBIMARKET.pl - Remontuj i urz\u0105dzaj z nami<\/title>\n<meta name=\"robots\" content=\"index, follow, max-snippet:-1, max-image-preview:large, max-video-preview:-1\" \/>\n<link rel=\"canonical\" href=\"https:\/\/bobimarket.pl\/index.php\/produkt\/lamelka-tarcza-listkowa-lamelkowa-125mm-gr40-2\/\" \/>\n<meta property=\"og:locale\" content=\"pl_PL\" \/>\n<meta property=\"og:type\" content=\"article\" \/>\n<meta property=\"og:title\" content=\"LAMELKA TARCZA LISTKOWA LAMELKOWA 125mm GR40 - BOBIMARKET.pl - Remontuj i urz\u0105dzaj z nami\" \/>\n<meta property=\"og:description\" content=\"LAMELKA TARCZA LISTKOWA LAMELKOWA 125mm GR40 Dane techniczne: \u015arednica: 125 mm Gradacja: 40 ilo\u015b\u0107 listk\u00f3w: 80 listk\u00f3w wymiar listka: 28mm x 16mm Materia\u0142 \u015bciernicy: kalcylowany tlenek glinu Maksymalna pr\u0119dko\u015b\u0107 robocza: 12000 RPM Lamelka to narz\u0119dzia uniwersalne, o bardzo szerokim zakresie zastosowa\u0144! Tarcza \u015bcierna listowa to przydatne narz\u0119dzie, kt\u00f3ra nadaje si\u0119 jako nak\u0142adka do szlifierki k\u0105towej.     Czytaj wi\u0119cej &quot;LAMELKA TARCZA LISTKOWA LAMELKOWA 125mm GR40&quot;\" \/>\n<meta property=\"og:url\" content=\"https:\/\/bobimarket.pl\/index.php\/produkt\/lamelka-tarcza-listkowa-lamelkowa-125mm-gr40-2\/\" \/>\n<meta property=\"og:site_name\" content=\"BOBIMARKET.pl - Remontuj i urz\u0105dzaj z nami\" \/>\n<meta property=\"article:modified_time\" content=\"2025-02-27T16:42:34+00:00\" \/>\n<meta property=\"og:image\" content=\"https:\/\/upload.cdn.baselinker.com\/products\/14476\/64f48ced113d61ae2feeb1b7a78cc566.jpg\" \/>\n<meta name=\"twitter:card\" content=\"summary_large_image\" \/>\n<meta name=\"twitter:label1\" content=\"Szacowany czas czytania\" \/>\n\t<meta name=\"twitter:data1\" content=\"1 minuta\" \/>\n<script type=\"application\/ld+json\" class=\"yoast-schema-graph\">{\"@context\":\"https:\/\/schema.org\",\"@graph\":[{\"@type\":\"WebPage\",\"@id\":\"https:\/\/bobimarket.pl\/index.php\/produkt\/lamelka-tarcza-listkowa-lamelkowa-125mm-gr40-2\/\",\"url\":\"https:\/\/bobimarket.pl\/index.php\/produkt\/lamelka-tarcza-listkowa-lamelkowa-125mm-gr40-2\/\",\"name\":\"LAMELKA TARCZA LISTKOWA LAMELKOWA 125mm GR40 - BOBIMARKET.pl - Remontuj i urz\u0105dzaj z nami\",\"isPartOf\":{\"@id\":\"https:\/\/bobimarket.pl\/#website\"},\"datePublished\":\"2023-08-30T13:25:03+00:00\",\"dateModified\":\"2025-02-27T16:42:34+00:00\",\"breadcrumb\":{\"@id\":\"https:\/\/bobimarket.pl\/index.php\/produkt\/lamelka-tarcza-listkowa-lamelkowa-125mm-gr40-2\/#breadcrumb\"},\"inLanguage\":\"pl-PL\",\"potentialAction\":[{\"@type\":\"ReadAction\",\"target\":[\"https:\/\/bobimarket.pl\/index.php\/produkt\/lamelka-tarcza-listkowa-lamelkowa-125mm-gr40-2\/\"]}]},{\"@type\":\"BreadcrumbList\",\"@id\":\"https:\/\/bobimarket.pl\/index.php\/produkt\/lamelka-tarcza-listkowa-lamelkowa-125mm-gr40-2\/#breadcrumb\",\"itemListElement\":[{\"@type\":\"ListItem\",\"position\":1,\"name\":\"Strona g\u0142\u00f3wna\",\"item\":\"https:\/\/bobimarket.pl\/\"},{\"@type\":\"ListItem\",\"position\":2,\"name\":\"Sklep\",\"item\":\"https:\/\/bobimarket.pl\/index.php\/shop\/\"},{\"@type\":\"ListItem\",\"position\":3,\"name\":\"LAMELKA TARCZA LISTKOWA LAMELKOWA 125mm GR40\"}]},{\"@type\":\"WebSite\",\"@id\":\"https:\/\/bobimarket.pl\/#website\",\"url\":\"https:\/\/bobimarket.pl\/\",\"name\":\"BOBIMARKET.pl - Remontuj i urz\u0105dzaj z nami\",\"description\":\"Remontuj i urz\u0105dzaj z nami\",\"publisher\":{\"@id\":\"https:\/\/bobimarket.pl\/#organization\"},\"potentialAction\":[{\"@type\":\"SearchAction\",\"target\":{\"@type\":\"EntryPoint\",\"urlTemplate\":\"https:\/\/bobimarket.pl\/?s={search_term_string}\"},\"query-input\":\"required name=search_term_string\"}],\"inLanguage\":\"pl-PL\"},{\"@type\":\"Organization\",\"@id\":\"https:\/\/bobimarket.pl\/#organization\",\"name\":\"BOBIMARKET.pl\",\"url\":\"https:\/\/bobimarket.pl\/\",\"logo\":{\"@type\":\"ImageObject\",\"inLanguage\":\"pl-PL\",\"@id\":\"https:\/\/bobimarket.pl\/#\/schema\/logo\/image\/\",\"url\":\"https:\/\/bobimarket.pl\/wp-content\/uploads\/2021\/11\/slogan.png\",\"contentUrl\":\"https:\/\/bobimarket.pl\/wp-content\/uploads\/2021\/11\/slogan.png\",\"width\":2000,\"height\":384,\"caption\":\"BOBIMARKET.pl\"},\"image\":{\"@id\":\"https:\/\/bobimarket.pl\/#\/schema\/logo\/image\/\"}}]}<\/script>\n<!-- \/ Yoast SEO plugin. -->","yoast_head_json":{"title":"LAMELKA TARCZA LISTKOWA LAMELKOWA 125mm GR40 - BOBIMARKET.pl - Remontuj i urz\u0105dzaj z nami","robots":{"index":"index","follow":"follow","max-snippet":"max-snippet:-1","max-image-preview":"max-image-preview:large","max-video-preview":"max-video-preview:-1"},"canonical":"https:\/\/bobimarket.pl\/index.php\/produkt\/lamelka-tarcza-listkowa-lamelkowa-125mm-gr40-2\/","og_locale":"pl_PL","og_type":"article","og_title":"LAMELKA TARCZA LISTKOWA LAMELKOWA 125mm GR40 - BOBIMARKET.pl - Remontuj i urz\u0105dzaj z nami","og_description":"LAMELKA TARCZA LISTKOWA LAMELKOWA 125mm GR40 Dane techniczne: \u015arednica: 125 mm Gradacja: 40 ilo\u015b\u0107 listk\u00f3w: 80 listk\u00f3w wymiar listka: 28mm x 16mm Materia\u0142 \u015bciernicy: kalcylowany tlenek glinu Maksymalna pr\u0119dko\u015b\u0107 robocza: 12000 RPM Lamelka to narz\u0119dzia uniwersalne, o bardzo szerokim zakresie zastosowa\u0144! Tarcza \u015bcierna listowa to przydatne narz\u0119dzie, kt\u00f3ra nadaje si\u0119 jako nak\u0142adka do szlifierki k\u0105towej.     Czytaj wi\u0119cej \"LAMELKA TARCZA LISTKOWA LAMELKOWA 125mm GR40\"","og_url":"https:\/\/bobimarket.pl\/index.php\/produkt\/lamelka-tarcza-listkowa-lamelkowa-125mm-gr40-2\/","og_site_name":"BOBIMARKET.pl - Remontuj i urz\u0105dzaj z nami","article_modified_time":"2025-02-27T16:42:34+00:00","og_image":[{"url":"https:\/\/upload.cdn.baselinker.com\/products\/14476\/64f48ced113d61ae2feeb1b7a78cc566.jpg"}],"twitter_card":"summary_large_image","twitter_misc":{"Szacowany czas czytania":"1 minuta"},"schema":{"@context":"https:\/\/schema.org","@graph":[{"@type":"WebPage","@id":"https:\/\/bobimarket.pl\/index.php\/produkt\/lamelka-tarcza-listkowa-lamelkowa-125mm-gr40-2\/","url":"https:\/\/bobimarket.pl\/index.php\/produkt\/lamelka-tarcza-listkowa-lamelkowa-125mm-gr40-2\/","name":"LAMELKA TARCZA LISTKOWA LAMELKOWA 125mm GR40 - BOBIMARKET.pl - Remontuj i urz\u0105dzaj z nami","isPartOf":{"@id":"https:\/\/bobimarket.pl\/#website"},"datePublished":"2023-08-30T13:25:03+00:00","dateModified":"2025-02-27T16:42:34+00:00","breadcrumb":{"@id":"https:\/\/bobimarket.pl\/index.php\/produkt\/lamelka-tarcza-listkowa-lamelkowa-125mm-gr40-2\/#breadcrumb"},"inLanguage":"pl-PL","potentialAction":[{"@type":"ReadAction","target":["https:\/\/bobimarket.pl\/index.php\/produkt\/lamelka-tarcza-listkowa-lamelkowa-125mm-gr40-2\/"]}]},{"@type":"BreadcrumbList","@id":"https:\/\/bobimarket.pl\/index.php\/produkt\/lamelka-tarcza-listkowa-lamelkowa-125mm-gr40-2\/#breadcrumb","itemListElement":[{"@type":"ListItem","position":1,"name":"Strona g\u0142\u00f3wna","item":"https:\/\/bobimarket.pl\/"},{"@type":"ListItem","position":2,"name":"Sklep","item":"https:\/\/bobimarket.pl\/index.php\/shop\/"},{"@type":"ListItem","position":3,"name":"LAMELKA TARCZA LISTKOWA LAMELKOWA 125mm GR40"}]},{"@type":"WebSite","@id":"https:\/\/bobimarket.pl\/#website","url":"https:\/\/bobimarket.pl\/","name":"BOBIMARKET.pl - Remontuj i urz\u0105dzaj z nami","description":"Remontuj i urz\u0105dzaj z nami","publisher":{"@id":"https:\/\/bobimarket.pl\/#organization"},"potentialAction":[{"@type":"SearchAction","target":{"@type":"EntryPoint","urlTemplate":"https:\/\/bobimarket.pl\/?s={search_term_string}"},"query-input":"required name=search_term_string"}],"inLanguage":"pl-PL"},{"@type":"Organization","@id":"https:\/\/bobimarket.pl\/#organization","name":"BOBIMARKET.pl","url":"https:\/\/bobimarket.pl\/","logo":{"@type":"ImageObject","inLanguage":"pl-PL","@id":"https:\/\/bobimarket.pl\/#\/schema\/logo\/image\/","url":"https:\/\/bobimarket.pl\/wp-content\/uploads\/2021\/11\/slogan.png","contentUrl":"https:\/\/bobimarket.pl\/wp-content\/uploads\/2021\/11\/slogan.png","width":2000,"height":384,"caption":"BOBIMARKET.pl"},"image":{"@id":"https:\/\/bobimarket.pl\/#\/schema\/logo\/image\/"}}]}},"_links":{"self":[{"href":"https:\/\/bobimarket.pl\/index.php\/wp-json\/wp\/v2\/product\/98029"}],"collection":[{"href":"https:\/\/bobimarket.pl\/index.php\/wp-json\/wp\/v2\/product"}],"about":[{"href":"https:\/\/bobimarket.pl\/index.php\/wp-json\/wp\/v2\/types\/product"}],"wp:featuredmedia":[{"embeddable":true,"href":"https:\/\/bobimarket.pl\/index.php\/wp-json\/wp\/v2\/media\/98022"}],"wp:attachment":[{"href":"https:\/\/bobimarket.pl\/index.php\/wp-json\/wp\/v2\/media?parent=98029"}],"wp:term":[{"taxonomy":"product_cat","embeddable":true,"href":"https:\/\/bobimarket.pl\/index.php\/wp-json\/wp\/v2\/product_cat?post=98029"},{"taxonomy":"product_tag","embeddable":true,"href":"https:\/\/bobimarket.pl\/index.php\/wp-json\/wp\/v2\/product_tag?post=98029"}],"curies":[{"name":"wp","href":"https:\/\/api.w.org\/{rel}","templated":true}]}}