{"id":98337,"date":"2023-08-31T09:59:53","date_gmt":"2023-08-31T09:59:53","guid":{"rendered":"https:\/\/bobimarket.pl\/index.php\/produkt\/bombki-choinkowe-na-choinke-5cm-zestaw-12-szt\/"},"modified":"2025-12-22T08:57:54","modified_gmt":"2025-12-22T08:57:54","slug":"bombki-choinkowe-na-choinke-5cm-zestaw-12-szt","status":"publish","type":"product","link":"https:\/\/bobimarket.pl\/index.php\/produkt\/bombki-choinkowe-na-choinke-5cm-zestaw-12-szt\/","title":{"rendered":"BOMBKI CHOINKOWE NA CHOINK\u0118  5cm ZESTAW 12 szt"},"content":{"rendered":"<section class=\"section\">\n<div class=\"item item-12\">\n<section class=\"text-item\">\n<h2>BOMBKI CHOINKOWE NA CHOINK\u0118\u00a0 5cm ZESTAW 12 szt<\/h2>\n<p><b>Informacje og\u00f3lne:\u00a0<\/b><\/p>\n<ul>\n<li>\u015arednica bombki: <b>5 cm<\/b><\/li>\n<li>Ilo\u015b\u0107 bombek:<b> 12 sztuk<\/b><\/li>\n<li>Kolor:<b> srebrne\u00a0 <\/b><\/li>\n<li>Wz\u00f3r:<b> 4 szt.<\/b>\u00a0<b> brokatowe <\/b><b>wyko\u0144czenie<\/b><b>, 4 szt. b\u0142yszcz\u0105ce wyko\u0144czenie, 4 szt. matowe wyko\u0144czenie<\/b><\/li>\n<\/ul>\n<p><b>GRATIS! <\/b>Sznurek do zawieszania.<\/p>\n<p>\u27a1\ufe0f Znajdziesz u nas bombki o rozmaitych wzorach i kszta\u0142tach. Koniecznie sprawd\u017a ca\u0142\u0105 kolekcj\u0119 \u015bwi\u0105teczn\u0105!<\/p>\n<\/section><\/div>\n<\/section>\n<section class=\"section\">\n<div class=\"item item-12\">\n<section class=\"image-item\">\n            <img decoding=\"async\" src=\"https:\/\/upload.cdn.baselinker.com\/products\/14476\/48ce4f82253f7ac02c11c248f6935e8b.jpg\" \/><br \/>\n        <\/section>\n<\/p><\/div>\n<\/section>\n<section class=\"section\">\n<div class=\"item item-12\">\n<section class=\"text-item\">\n<h2>\u2b50\ufe0f\u00a0Wyczaruj magiczny klimat w domu!<\/h2>\n<p>\u015awi\u0119ta to wyj\u0105tkowy czas. W budowaniu \u015bwi\u0105tecznej atmosfery pomagaj\u0105 nam klimatyczne dekoracje. <b>Bombki choinkowe<\/b> to nieod\u0142\u0105czny element \u015bwi\u0105t! Ju\u017c sam rzut oka na t\u0105 kolorow\u0105 bombk\u0119 sprawi, \u017ce chcia\u0142by\u015b j\u0105 mie\u0107 na swojej choince!<\/p>\n<ul>\n<li>Srebrne bombki subtelnie podkre\u015blaj\u0105 pi\u0119kno choinki lub innych \u015bwi\u0105tecznych dekoracji.\u00a0<\/li>\n<li><b>\u015awietnie sprawdz\u0105 si\u0119 w po\u0142\u0105czeniu z migocz\u0105cymi \u015bwiate\u0142kami<\/b>, kolorowymi \u0142a\u0144cuchami lub sztucznym \u015bniegiem.<\/li>\n<li>Komplet zawiera a\u017c 12 sztuk bombek z 3 r\u00f3\u017cnymi wyko\u0144czeniami. Kupujesz jeden zestaw, a na choince znajduj\u0105 si\u0119 3 r\u00f3\u017cne rodzaje bombek.<\/li>\n<\/ul>\n<\/section><\/div>\n<\/section>\n<section class=\"section\">\n<div class=\"item item-12\">\n<section class=\"image-item\">\n            <img decoding=\"async\" src=\"https:\/\/upload.cdn.baselinker.com\/products\/14476\/0b5d2d8f5a9fa4f6fc5c09e56f98292f.jpg\" \/><br \/>\n        <\/section>\n<\/p><\/div>\n<\/section>\n<section class=\"section\">\n<div class=\"item item-12\">\n<section class=\"text-item\">\n<h2>\u2b50\ufe0f Niet\u0142uk\u0105ce si\u0119 i bezpieczne<\/h2>\n<p>Te niet\u0142uk\u0105ce si\u0119 bombki do z\u0142udzenia przypominaj\u0105 te szklane, ale s\u0105 <b>bardziej trwa\u0142e i bezpieczniejsze<\/b>. Zachowasz spok\u00f3j, gdy mali pomocnicy b\u0119d\u0105 je zawiesza\u0107 na drzewku lub gdy Tw\u00f3j zwierzak zbli\u017cy si\u0119 do choinki! Nie b\u0119dziesz musia\u0142 si\u0119 martwi\u0107, \u017ce bombka si\u0119 st\u0142ucze.<\/p>\n<h2>\u2b50\ufe0f Idealna \u015bwi\u0105teczna ozdoba<\/h2>\n<p>Bombki w srebrnym odcieniu to klasyka, kt\u00f3ra nigdy si\u0119 nie znudzi. Bombki z matowym, b\u0142yszcz\u0105cym i brokatowym wyko\u0144czeniem ozdobi\u0105 \u015bwi\u0105teczne drzewko. Pi\u0119knie odbijaj\u0105 \u015bwiat\u0142a lampek choinkowych i s\u0105 starannie wykonane.<\/p>\n<h2>\u2b50\ufe0f Praktyczne i gotowe do zawieszenia<\/h2>\n<p>Zestaw zawiera <b>a\u017c 12 \u015bwi\u0105tecznych bombek o \u015brednicy 5 cm.<\/b> Do kompletu do\u0142\u0105czono r\u00f3wnie\u017c specjalne sznureczki, kt\u00f3re umo\u017cliwi\u0105 zawieszenie ozd\u00f3b na choince! Wielko\u015b\u0107\u00a0 bombek sprawia, \u017ce maj\u0105 uniwersalne zastosowanie &#8211; sprawdz\u0105 si\u0119 na mniejszych drzewkach, ale i b\u0119d\u0105 doskona\u0142ym dope\u0142nienie dekoracji r\u00f3wnie\u017c tych wi\u0119kszych choinek.<\/p>\n<\/section><\/div>\n<\/section>\n<section class=\"section\">\n<div class=\"item item-12\">\n<section class=\"image-item\">\n            <img decoding=\"async\" src=\"https:\/\/upload.cdn.baselinker.com\/products\/14476\/2c83a9dca939b238cf5d1269c5e65782.jpg\" \/><br \/>\n        <\/section>\n<\/p><\/div>\n<\/section>\n<section class=\"section\">\n<div class=\"item item-12\">\n<section class=\"text-item\">\n<h2>\u2b50\ufe0f Nie tylko na \u015bwi\u0105teczne drzewko!<\/h2>\n<p>Klasycznie bombki umieszczane s\u0105 na choince, ale to nie jedyny spos\u00f3b w jaki mo\u017cesz je wykorzysta\u0107. Zestaw jest zapakowany w ozdobne opakowanie w kszta\u0142cie \u015bwi\u0105tecznej choinki\u00a0 &#8211;<b> \u015bwietnie sprawdz\u0105 si\u0119 jako prezent!<\/b><\/p>\n<p>Mniejszy rozmiar sprawia, \u017ce nadaj\u0119 si\u0119 <b>jako element dekoracji \u015bwi\u0105tecznej.<\/b><\/p>\n<ul>\n<li>Wykorzystaj je podczas tworzenia \u015bwi\u0105tecznych stroik\u00f3w.<\/li>\n<li>\u015awietnie nadaj\u0105 si\u0119 r\u00f3wnie\u017c do wie\u0144ca na drzwi czy do wie\u0144ca adwentowego.<\/li>\n<li>Sprawdz\u0105 si\u0119 do dekoracji wigilijnego sto\u0142u ( mog\u0105 na przyk\u0142ad by\u0107 swobodnie rozproszone po\u015br\u00f3d talerzy).<\/li>\n<\/ul>\n<\/section><\/div>\n<\/section>\n<section class=\"section\">\n<div class=\"item item-12\">\n<section class=\"image-item\">\n            <img decoding=\"async\" src=\"https:\/\/upload.cdn.baselinker.com\/products\/14476\/47e345e35f621675bc1fb44236b3c7a7.jpg\" \/><br \/>\n        <\/section>\n<\/p><\/div>\n<\/section>\n<section class=\"section\">\n<div class=\"item item-12\">\n<section class=\"image-item\">\n            <img decoding=\"async\" src=\"https:\/\/upload.cdn.baselinker.com\/products\/14476\/b9d67134c176beeb27c1fa797bf18be1.jpg\" \/><br \/>\n        <\/section>\n<\/p><\/div>\n<\/section>\n<section class=\"section\">\n<div class=\"item item-12\">\n<section class=\"text-item\">\n<h1>Nie czekaj i ju\u017c dzi\u015b zadbaj o \u015bwi\u0105teczn\u0105 atmosfer\u0119!<\/h1>\n<\/section><\/div>\n<\/section>\n","protected":false},"excerpt":{"rendered":"<p>BOMBKI CHOINKOWE NA CHOINK\u0118\u00a0 5cm ZESTAW 12 szt Informacje og\u00f3lne:\u00a0 \u015arednica bombki: 5 cm Ilo\u015b\u0107 bombek: 12 sztuk Kolor: srebrne\u00a0 Wz\u00f3r: 4 szt.\u00a0 brokatowe wyko\u0144czenie, 4 szt. b\u0142yszcz\u0105ce wyko\u0144czenie, 4 szt. matowe wyko\u0144czenie GRATIS! Sznurek do zawieszania. \u27a1\ufe0f Znajdziesz u nas bombki o rozmaitych wzorach i kszta\u0142tach. Koniecznie sprawd\u017a ca\u0142\u0105 kolekcj\u0119 \u015bwi\u0105teczn\u0105! \u2b50\ufe0f\u00a0Wyczaruj magiczny klimat<br \/><a class=\"more-link\" href=\"https:\/\/bobimarket.pl\/index.php\/produkt\/bombki-choinkowe-na-choinke-5cm-zestaw-12-szt\/\"><br \/>\n        Czytaj wi\u0119cej<span class=\"screen-reader-text\"> &#8222;BOMBKI CHOINKOWE NA CHOINK\u0118  5cm ZESTAW 12 szt&#8221;<\/span><\/a><\/p>\n","protected":false},"featured_media":98328,"template":"","meta":[],"product_cat":[8395],"product_tag":[],"yoast_head":"<!-- This site is optimized with the Yoast SEO plugin v21.0 - https:\/\/yoast.com\/wordpress\/plugins\/seo\/ -->\n<title>BOMBKI CHOINKOWE NA CHOINK\u0118 5cm ZESTAW 12 szt - BOBIMARKET.pl - Remontuj i urz\u0105dzaj z nami<\/title>\n<meta name=\"robots\" content=\"index, follow, max-snippet:-1, max-image-preview:large, max-video-preview:-1\" \/>\n<link rel=\"canonical\" href=\"https:\/\/bobimarket.pl\/index.php\/produkt\/bombki-choinkowe-na-choinke-5cm-zestaw-12-szt\/\" \/>\n<meta property=\"og:locale\" content=\"pl_PL\" \/>\n<meta property=\"og:type\" content=\"article\" \/>\n<meta property=\"og:title\" content=\"BOMBKI CHOINKOWE NA CHOINK\u0118 5cm ZESTAW 12 szt - BOBIMARKET.pl - Remontuj i urz\u0105dzaj z nami\" \/>\n<meta property=\"og:description\" content=\"BOMBKI CHOINKOWE NA CHOINK\u0118\u00a0 5cm ZESTAW 12 szt Informacje og\u00f3lne:\u00a0 \u015arednica bombki: 5 cm Ilo\u015b\u0107 bombek: 12 sztuk Kolor: srebrne\u00a0 Wz\u00f3r: 4 szt.\u00a0 brokatowe wyko\u0144czenie, 4 szt. b\u0142yszcz\u0105ce wyko\u0144czenie, 4 szt. matowe wyko\u0144czenie GRATIS! Sznurek do zawieszania. \u27a1\ufe0f Znajdziesz u nas bombki o rozmaitych wzorach i kszta\u0142tach. Koniecznie sprawd\u017a ca\u0142\u0105 kolekcj\u0119 \u015bwi\u0105teczn\u0105! \u2b50\ufe0f\u00a0Wyczaruj magiczny klimat     Czytaj wi\u0119cej &quot;BOMBKI CHOINKOWE NA CHOINK\u0118 5cm ZESTAW 12 szt&quot;\" \/>\n<meta property=\"og:url\" content=\"https:\/\/bobimarket.pl\/index.php\/produkt\/bombki-choinkowe-na-choinke-5cm-zestaw-12-szt\/\" \/>\n<meta property=\"og:site_name\" content=\"BOBIMARKET.pl - Remontuj i urz\u0105dzaj z nami\" \/>\n<meta property=\"article:modified_time\" content=\"2025-12-22T08:57:54+00:00\" \/>\n<meta property=\"og:image\" content=\"https:\/\/bobimarket.pl\/wp-content\/uploads\/2023\/08\/df1316d3ef84c8cb01fa86e3b3eb6643-1.jpg\" \/>\n\t<meta property=\"og:image:width\" content=\"1800\" \/>\n\t<meta property=\"og:image:height\" content=\"1800\" \/>\n\t<meta property=\"og:image:type\" content=\"image\/jpeg\" \/>\n<meta name=\"twitter:card\" content=\"summary_large_image\" \/>\n<meta name=\"twitter:label1\" content=\"Szacowany czas czytania\" \/>\n\t<meta name=\"twitter:data1\" content=\"2 minuty\" \/>\n<script type=\"application\/ld+json\" class=\"yoast-schema-graph\">{\"@context\":\"https:\/\/schema.org\",\"@graph\":[{\"@type\":\"WebPage\",\"@id\":\"https:\/\/bobimarket.pl\/index.php\/produkt\/bombki-choinkowe-na-choinke-5cm-zestaw-12-szt\/\",\"url\":\"https:\/\/bobimarket.pl\/index.php\/produkt\/bombki-choinkowe-na-choinke-5cm-zestaw-12-szt\/\",\"name\":\"BOMBKI CHOINKOWE NA CHOINK\u0118 5cm ZESTAW 12 szt - BOBIMARKET.pl - Remontuj i urz\u0105dzaj z nami\",\"isPartOf\":{\"@id\":\"https:\/\/bobimarket.pl\/#website\"},\"datePublished\":\"2023-08-31T09:59:53+00:00\",\"dateModified\":\"2025-12-22T08:57:54+00:00\",\"breadcrumb\":{\"@id\":\"https:\/\/bobimarket.pl\/index.php\/produkt\/bombki-choinkowe-na-choinke-5cm-zestaw-12-szt\/#breadcrumb\"},\"inLanguage\":\"pl-PL\",\"potentialAction\":[{\"@type\":\"ReadAction\",\"target\":[\"https:\/\/bobimarket.pl\/index.php\/produkt\/bombki-choinkowe-na-choinke-5cm-zestaw-12-szt\/\"]}]},{\"@type\":\"BreadcrumbList\",\"@id\":\"https:\/\/bobimarket.pl\/index.php\/produkt\/bombki-choinkowe-na-choinke-5cm-zestaw-12-szt\/#breadcrumb\",\"itemListElement\":[{\"@type\":\"ListItem\",\"position\":1,\"name\":\"Strona g\u0142\u00f3wna\",\"item\":\"https:\/\/bobimarket.pl\/\"},{\"@type\":\"ListItem\",\"position\":2,\"name\":\"Sklep\",\"item\":\"https:\/\/bobimarket.pl\/index.php\/shop\/\"},{\"@type\":\"ListItem\",\"position\":3,\"name\":\"BOMBKI CHOINKOWE NA CHOINK\u0118 5cm ZESTAW 12 szt\"}]},{\"@type\":\"WebSite\",\"@id\":\"https:\/\/bobimarket.pl\/#website\",\"url\":\"https:\/\/bobimarket.pl\/\",\"name\":\"BOBIMARKET.pl - Remontuj i urz\u0105dzaj z nami\",\"description\":\"Remontuj i urz\u0105dzaj z nami\",\"publisher\":{\"@id\":\"https:\/\/bobimarket.pl\/#organization\"},\"potentialAction\":[{\"@type\":\"SearchAction\",\"target\":{\"@type\":\"EntryPoint\",\"urlTemplate\":\"https:\/\/bobimarket.pl\/?s={search_term_string}\"},\"query-input\":\"required name=search_term_string\"}],\"inLanguage\":\"pl-PL\"},{\"@type\":\"Organization\",\"@id\":\"https:\/\/bobimarket.pl\/#organization\",\"name\":\"BOBIMARKET.pl\",\"url\":\"https:\/\/bobimarket.pl\/\",\"logo\":{\"@type\":\"ImageObject\",\"inLanguage\":\"pl-PL\",\"@id\":\"https:\/\/bobimarket.pl\/#\/schema\/logo\/image\/\",\"url\":\"https:\/\/bobimarket.pl\/wp-content\/uploads\/2021\/11\/slogan.png\",\"contentUrl\":\"https:\/\/bobimarket.pl\/wp-content\/uploads\/2021\/11\/slogan.png\",\"width\":2000,\"height\":384,\"caption\":\"BOBIMARKET.pl\"},\"image\":{\"@id\":\"https:\/\/bobimarket.pl\/#\/schema\/logo\/image\/\"}}]}<\/script>\n<!-- \/ Yoast SEO plugin. -->","yoast_head_json":{"title":"BOMBKI CHOINKOWE NA CHOINK\u0118 5cm ZESTAW 12 szt - BOBIMARKET.pl - Remontuj i urz\u0105dzaj z nami","robots":{"index":"index","follow":"follow","max-snippet":"max-snippet:-1","max-image-preview":"max-image-preview:large","max-video-preview":"max-video-preview:-1"},"canonical":"https:\/\/bobimarket.pl\/index.php\/produkt\/bombki-choinkowe-na-choinke-5cm-zestaw-12-szt\/","og_locale":"pl_PL","og_type":"article","og_title":"BOMBKI CHOINKOWE NA CHOINK\u0118 5cm ZESTAW 12 szt - BOBIMARKET.pl - Remontuj i urz\u0105dzaj z nami","og_description":"BOMBKI CHOINKOWE NA CHOINK\u0118\u00a0 5cm ZESTAW 12 szt Informacje og\u00f3lne:\u00a0 \u015arednica bombki: 5 cm Ilo\u015b\u0107 bombek: 12 sztuk Kolor: srebrne\u00a0 Wz\u00f3r: 4 szt.\u00a0 brokatowe wyko\u0144czenie, 4 szt. b\u0142yszcz\u0105ce wyko\u0144czenie, 4 szt. matowe wyko\u0144czenie GRATIS! Sznurek do zawieszania. \u27a1\ufe0f Znajdziesz u nas bombki o rozmaitych wzorach i kszta\u0142tach. Koniecznie sprawd\u017a ca\u0142\u0105 kolekcj\u0119 \u015bwi\u0105teczn\u0105! \u2b50\ufe0f\u00a0Wyczaruj magiczny klimat     Czytaj wi\u0119cej \"BOMBKI CHOINKOWE NA CHOINK\u0118 5cm ZESTAW 12 szt\"","og_url":"https:\/\/bobimarket.pl\/index.php\/produkt\/bombki-choinkowe-na-choinke-5cm-zestaw-12-szt\/","og_site_name":"BOBIMARKET.pl - Remontuj i urz\u0105dzaj z nami","article_modified_time":"2025-12-22T08:57:54+00:00","og_image":[{"width":1800,"height":1800,"url":"https:\/\/bobimarket.pl\/wp-content\/uploads\/2023\/08\/df1316d3ef84c8cb01fa86e3b3eb6643-1.jpg","type":"image\/jpeg"}],"twitter_card":"summary_large_image","twitter_misc":{"Szacowany czas czytania":"2 minuty"},"schema":{"@context":"https:\/\/schema.org","@graph":[{"@type":"WebPage","@id":"https:\/\/bobimarket.pl\/index.php\/produkt\/bombki-choinkowe-na-choinke-5cm-zestaw-12-szt\/","url":"https:\/\/bobimarket.pl\/index.php\/produkt\/bombki-choinkowe-na-choinke-5cm-zestaw-12-szt\/","name":"BOMBKI CHOINKOWE NA CHOINK\u0118 5cm ZESTAW 12 szt - BOBIMARKET.pl - Remontuj i urz\u0105dzaj z nami","isPartOf":{"@id":"https:\/\/bobimarket.pl\/#website"},"datePublished":"2023-08-31T09:59:53+00:00","dateModified":"2025-12-22T08:57:54+00:00","breadcrumb":{"@id":"https:\/\/bobimarket.pl\/index.php\/produkt\/bombki-choinkowe-na-choinke-5cm-zestaw-12-szt\/#breadcrumb"},"inLanguage":"pl-PL","potentialAction":[{"@type":"ReadAction","target":["https:\/\/bobimarket.pl\/index.php\/produkt\/bombki-choinkowe-na-choinke-5cm-zestaw-12-szt\/"]}]},{"@type":"BreadcrumbList","@id":"https:\/\/bobimarket.pl\/index.php\/produkt\/bombki-choinkowe-na-choinke-5cm-zestaw-12-szt\/#breadcrumb","itemListElement":[{"@type":"ListItem","position":1,"name":"Strona g\u0142\u00f3wna","item":"https:\/\/bobimarket.pl\/"},{"@type":"ListItem","position":2,"name":"Sklep","item":"https:\/\/bobimarket.pl\/index.php\/shop\/"},{"@type":"ListItem","position":3,"name":"BOMBKI CHOINKOWE NA CHOINK\u0118 5cm ZESTAW 12 szt"}]},{"@type":"WebSite","@id":"https:\/\/bobimarket.pl\/#website","url":"https:\/\/bobimarket.pl\/","name":"BOBIMARKET.pl - Remontuj i urz\u0105dzaj z nami","description":"Remontuj i urz\u0105dzaj z nami","publisher":{"@id":"https:\/\/bobimarket.pl\/#organization"},"potentialAction":[{"@type":"SearchAction","target":{"@type":"EntryPoint","urlTemplate":"https:\/\/bobimarket.pl\/?s={search_term_string}"},"query-input":"required name=search_term_string"}],"inLanguage":"pl-PL"},{"@type":"Organization","@id":"https:\/\/bobimarket.pl\/#organization","name":"BOBIMARKET.pl","url":"https:\/\/bobimarket.pl\/","logo":{"@type":"ImageObject","inLanguage":"pl-PL","@id":"https:\/\/bobimarket.pl\/#\/schema\/logo\/image\/","url":"https:\/\/bobimarket.pl\/wp-content\/uploads\/2021\/11\/slogan.png","contentUrl":"https:\/\/bobimarket.pl\/wp-content\/uploads\/2021\/11\/slogan.png","width":2000,"height":384,"caption":"BOBIMARKET.pl"},"image":{"@id":"https:\/\/bobimarket.pl\/#\/schema\/logo\/image\/"}}]}},"_links":{"self":[{"href":"https:\/\/bobimarket.pl\/index.php\/wp-json\/wp\/v2\/product\/98337"}],"collection":[{"href":"https:\/\/bobimarket.pl\/index.php\/wp-json\/wp\/v2\/product"}],"about":[{"href":"https:\/\/bobimarket.pl\/index.php\/wp-json\/wp\/v2\/types\/product"}],"wp:featuredmedia":[{"embeddable":true,"href":"https:\/\/bobimarket.pl\/index.php\/wp-json\/wp\/v2\/media\/98328"}],"wp:attachment":[{"href":"https:\/\/bobimarket.pl\/index.php\/wp-json\/wp\/v2\/media?parent=98337"}],"wp:term":[{"taxonomy":"product_cat","embeddable":true,"href":"https:\/\/bobimarket.pl\/index.php\/wp-json\/wp\/v2\/product_cat?post=98337"},{"taxonomy":"product_tag","embeddable":true,"href":"https:\/\/bobimarket.pl\/index.php\/wp-json\/wp\/v2\/product_tag?post=98337"}],"curies":[{"name":"wp","href":"https:\/\/api.w.org\/{rel}","templated":true}]}}